{"id":1109,"date":"2020-10-07T15:07:15","date_gmt":"2020-10-07T13:07:15","guid":{"rendered":"http:\/\/icar.cnrs.fr\/comdoc\/?page_id=1109"},"modified":"2021-03-11T13:18:52","modified_gmt":"2021-03-11T12:18:52","slug":"doctorants-icar","status":"publish","type":"page","link":"https:\/\/icar.cnrs.fr\/comdoc\/doctorants-icar\/","title":{"rendered":"Doctorant\u00b7e\u00b7s ICAR"},"content":{"rendered":"<p>Le laboratoire ICAR compte beaucoup de doctorant\u00b7e\u00b7s, affili\u00e9\u00b7e\u00b7s \u00e0 diff\u00e9rentes universit\u00e9s, \u00e9coles doctorales, et \u00e9quipes du laboratoire.<\/p>\n<p><a href=\"https:\/\/icar.cnrs.fr\/comdoc\/doctorants-icar\/annuaire-des-doctorant%c2%b7e%c2%b7s\/\"><strong>Annuaire des doctorant\u00b7e\u00b7s<\/strong><\/a><\/p>\n<p>La Commission des doctorant\u00b7e\u00b7s ICAR (Com&rsquo;Doc) est une structure compos\u00e9e de doctorant\u00b7e\u00b7s et jeunes docteur\u00b7e\u00b7s du laboratoire, ayant pour r\u00f4le de transmettre des informations et organiser des \u00e9v\u00e9nements scientifiques et conviviaux afin de faciliter la communication entre les doctorant\u00b7e\u00b7s.<\/p>\n<p><a href=\"https:\/\/icar.cnrs.fr\/comdoc\/doctorants-icar\/comdoc\/\"><strong>Liste des membres de la Com&rsquo;Doc<\/strong><\/a><\/p>\n<p><span class=\"rouge\"> IMPORTANT <\/span> : Un\u00b7e doctorant\u00b7e \u00e9lu\u00b7e repr\u00e9sente l&rsquo;ensemble des doctorant\u00b7e\u00b7s au conseil de laboratoire, se r\u00e9unissant avec la direction plusieurs fois par an. Ce\u00b7tte repr\u00e9sentant\u00b7e est \u00e9lu\u00b7e par les doctorant\u00b7e\u00b7s pour un mandat d\u00e9limit\u00e9 par la soutenance de th\u00e8se de ce\u00b7tte repr\u00e9sentant\u00b7e. N&rsquo;h\u00e9sitez pas \u00e0 prendre contact avec l&rsquo;\u00e9lu\u00b7e, il ou elle est l\u00e0 pour vous repr\u00e9senter avant tout !<\/p>\n<p><b>Actuellement, la repr\u00e9sentante des doctorant\u00b7e\u00b7s \u00e9lue est <a href=\"http:\/\/www.icar.cnrs.fr\/membre\/lheiden\">Lydia Heiden<\/a><\/b>.<\/p>\n","protected":false},"excerpt":{"rendered":"<p>Le laboratoire ICAR compte beaucoup de doctorant\u00b7e\u00b7s, affili\u00e9\u00b7e\u00b7s \u00e0 diff\u00e9rentes universit\u00e9s, \u00e9coles doctorales, et \u00e9quipes du laboratoire. Annuaire des doctorant\u00b7e\u00b7s La Commission des doctorant\u00b7e\u00b7s ICAR (Com&rsquo;Doc) est une structure compos\u00e9e de doctorant\u00b7e\u00b7s et jeunes docteur\u00b7e\u00b7s du laboratoire, ayant pour r\u00f4le &hellip; <a href=\"https:\/\/icar.cnrs.fr\/comdoc\/doctorants-icar\/\">Continuer la lecture <span class=\"meta-nav\">&rarr;<\/span><\/a><\/p>\n","protected":false},"author":35,"featured_media":1519,"parent":0,"menu_order":0,"comment_status":"closed","ping_status":"closed","template":"onecolumn-page.php","meta":{"inline_featured_image":false,"footnotes":""},"class_list":["post-1109","page","type-page","status-publish","has-post-thumbnail","hentry"],"_links":{"self":[{"href":"https:\/\/icar.cnrs.fr\/comdoc\/wp-json\/wp\/v2\/pages\/1109","targetHints":{"allow":["GET"]}}],"collection":[{"href":"https:\/\/icar.cnrs.fr\/comdoc\/wp-json\/wp\/v2\/pages"}],"about":[{"href":"https:\/\/icar.cnrs.fr\/comdoc\/wp-json\/wp\/v2\/types\/page"}],"author":[{"embeddable":true,"href":"https:\/\/icar.cnrs.fr\/comdoc\/wp-json\/wp\/v2\/users\/35"}],"replies":[{"embeddable":true,"href":"https:\/\/icar.cnrs.fr\/comdoc\/wp-json\/wp\/v2\/comments?post=1109"}],"version-history":[{"count":8,"href":"https:\/\/icar.cnrs.fr\/comdoc\/wp-json\/wp\/v2\/pages\/1109\/revisions"}],"predecessor-version":[{"id":1797,"href":"https:\/\/icar.cnrs.fr\/comdoc\/wp-json\/wp\/v2\/pages\/1109\/revisions\/1797"}],"wp:featuredmedia":[{"embeddable":true,"href":"https:\/\/icar.cnrs.fr\/comdoc\/wp-json\/wp\/v2\/media\/1519"}],"wp:attachment":[{"href":"https:\/\/icar.cnrs.fr\/comdoc\/wp-json\/wp\/v2\/media?parent=1109"}],"curies":[{"name":"wp","href":"https:\/\/api.w.org\/{rel}","templated":true}]}}