{"id":1669,"date":"2020-10-29T16:26:18","date_gmt":"2020-10-29T15:26:18","guid":{"rendered":"http:\/\/icar.cnrs.fr\/comdoc\/?page_id=1669"},"modified":"2020-10-30T15:15:45","modified_gmt":"2020-10-30T14:15:45","slug":"redaction","status":"publish","type":"page","link":"https:\/\/icar.cnrs.fr\/comdoc\/pendant-la-these\/redaction\/","title":{"rendered":"R\u00e9daction &#8211; bonnes pratiques"},"content":{"rendered":"<p>Une th\u00e8se est un document tr\u00e8s long, avec une structure parfois complexe. Pour faciliter votre travail de r\u00e9daction, il est vivement recommand\u00e9 de pr\u00e9voir une <b>feuille de style<\/b> pour ce document, et de l&rsquo;utiliser d\u00e8s le d\u00e9but du processus de r\u00e9daction.<\/p>\n<p>Une feuille de style permet de g\u00e9n\u00e9rer automatiquement une table des mati\u00e8res et de l\u2019actualiser facilement par la suite. Elle permet \u00e9galement de structurer plus facilement votre document gr\u00e2ce \u00e0 des niveaux de titre. Vous pourrez l&rsquo;adapter selon vos go\u00fbts en mati\u00e8re de polices pour une mise en page plus esth\u00e9tique.<\/p>\n<p>Si vous \u00eates inscrit\u00b7e \u00e0 l&rsquo;Universit\u00e9 Lyon 2, vous devrez utiliser <b><a href=\"https:\/\/bu.univ-lyon2.fr\/theses-et-memoires-en-ligne\/theses\/theses-installer-et-utiliser-la-feuille-de-style-lyon-2\">cette feuille de style<\/a><\/b>. Elle est \u00e9galement recommand\u00e9e pour les doctorant\u00b7e\u00b7s de l&rsquo;ENS.<\/p>\n<p>Vous pouvez <a href=\"https:\/\/icar.cnrs.fr\/comdoc\/files\/2018\/11\/Styles_ICAR_avril2016.zip\">t\u00e9l\u00e9charger ici<\/a> des documents pour la formation de prise en main de la feuille de style organis\u00e9e pour les doctorants ICAR.<\/p>\n<p><span class=\"rouge\"> IMPORTANT <\/span> : il est tr\u00e8s long de reprendre apr\u00e8s coup un fichier qui aurait \u00e9t\u00e9 cr\u00e9\u00e9 sans aucune feuille de style\u2026 Mieux vaut donc prendre le temps de se l\u2019approprier d\u00e8s le d\u00e9but de la r\u00e9daction.<\/p>\n","protected":false},"excerpt":{"rendered":"<p>Une th\u00e8se est un document tr\u00e8s long, avec une structure parfois complexe. Pour faciliter votre travail de r\u00e9daction, il est vivement recommand\u00e9 de pr\u00e9voir une feuille de style pour ce document, et de l&rsquo;utiliser d\u00e8s le d\u00e9but du processus de &hellip; <a href=\"https:\/\/icar.cnrs.fr\/comdoc\/pendant-la-these\/redaction\/\">Continuer la lecture <span class=\"meta-nav\">&rarr;<\/span><\/a><\/p>\n","protected":false},"author":33,"featured_media":1522,"parent":1401,"menu_order":0,"comment_status":"closed","ping_status":"closed","template":"onecolumn-page.php","meta":{"inline_featured_image":false,"footnotes":""},"class_list":["post-1669","page","type-page","status-publish","has-post-thumbnail","hentry"],"_links":{"self":[{"href":"https:\/\/icar.cnrs.fr\/comdoc\/wp-json\/wp\/v2\/pages\/1669","targetHints":{"allow":["GET"]}}],"collection":[{"href":"https:\/\/icar.cnrs.fr\/comdoc\/wp-json\/wp\/v2\/pages"}],"about":[{"href":"https:\/\/icar.cnrs.fr\/comdoc\/wp-json\/wp\/v2\/types\/page"}],"author":[{"embeddable":true,"href":"https:\/\/icar.cnrs.fr\/comdoc\/wp-json\/wp\/v2\/users\/33"}],"replies":[{"embeddable":true,"href":"https:\/\/icar.cnrs.fr\/comdoc\/wp-json\/wp\/v2\/comments?post=1669"}],"version-history":[{"count":6,"href":"https:\/\/icar.cnrs.fr\/comdoc\/wp-json\/wp\/v2\/pages\/1669\/revisions"}],"predecessor-version":[{"id":1758,"href":"https:\/\/icar.cnrs.fr\/comdoc\/wp-json\/wp\/v2\/pages\/1669\/revisions\/1758"}],"up":[{"embeddable":true,"href":"https:\/\/icar.cnrs.fr\/comdoc\/wp-json\/wp\/v2\/pages\/1401"}],"wp:featuredmedia":[{"embeddable":true,"href":"https:\/\/icar.cnrs.fr\/comdoc\/wp-json\/wp\/v2\/media\/1522"}],"wp:attachment":[{"href":"https:\/\/icar.cnrs.fr\/comdoc\/wp-json\/wp\/v2\/media?parent=1669"}],"curies":[{"name":"wp","href":"https:\/\/api.w.org\/{rel}","templated":true}]}}