{"id":17,"date":"2013-08-02T12:00:35","date_gmt":"2013-08-02T11:00:35","guid":{"rendered":"http:\/\/liri.ish-lyon.cnrs.fr\/comdoc\/?page_id=17"},"modified":"2020-10-28T17:20:42","modified_gmt":"2020-10-28T16:20:42","slug":"inscriptions","status":"publish","type":"page","link":"https:\/\/icar.cnrs.fr\/comdoc\/pendant-la-these\/inscriptions\/","title":{"rendered":"Inscriptions"},"content":{"rendered":"<p>Dans cette rubrique, vous trouverez des informations sur les proc\u00e9dures d&rsquo;inscriptions et de r\u00e9inscriptions en th\u00e8se, en fonction de votre \u00e9tablissement sup\u00e9rieur de rattachement (Universit\u00e9 Lyon 2 ou ENS de Lyon).<\/p>\n<ul>\n<li><a href=\"https:\/\/icar.cnrs.fr\/comdoc\/pendant-la-these\/inscriptions\/lyon-2\/\"><b>Vous \u00eates doctorant\u00b7e \u00e0 l&rsquo;Universit\u00e9 Lumi\u00e8re Lyon 2<\/b><\/a><\/li>\n<li><a href=\"https:\/\/icar.cnrs.fr\/comdoc\/inscriptions\/ens\/\"><b>Vous \u00eates doctorant\u00b7e \u00e0 l&rsquo;ENS de Lyon<\/a><\/b><\/li>\n<\/ul>\n","protected":false},"excerpt":{"rendered":"<p>Dans cette rubrique, vous trouverez des informations sur les proc\u00e9dures d&rsquo;inscriptions et de r\u00e9inscriptions en th\u00e8se, en fonction de votre \u00e9tablissement sup\u00e9rieur de rattachement (Universit\u00e9 Lyon 2 ou ENS de Lyon). Vous \u00eates doctorant\u00b7e \u00e0 l&rsquo;Universit\u00e9 Lumi\u00e8re Lyon 2 Vous &hellip; <a href=\"https:\/\/icar.cnrs.fr\/comdoc\/pendant-la-these\/inscriptions\/\">Continuer la lecture <span class=\"meta-nav\">&rarr;<\/span><\/a><\/p>\n","protected":false},"author":21,"featured_media":1522,"parent":1401,"menu_order":4,"comment_status":"closed","ping_status":"closed","template":"onecolumn-page.php","meta":{"inline_featured_image":false,"footnotes":""},"class_list":["post-17","page","type-page","status-publish","has-post-thumbnail","hentry"],"_links":{"self":[{"href":"https:\/\/icar.cnrs.fr\/comdoc\/wp-json\/wp\/v2\/pages\/17","targetHints":{"allow":["GET"]}}],"collection":[{"href":"https:\/\/icar.cnrs.fr\/comdoc\/wp-json\/wp\/v2\/pages"}],"about":[{"href":"https:\/\/icar.cnrs.fr\/comdoc\/wp-json\/wp\/v2\/types\/page"}],"author":[{"embeddable":true,"href":"https:\/\/icar.cnrs.fr\/comdoc\/wp-json\/wp\/v2\/users\/21"}],"replies":[{"embeddable":true,"href":"https:\/\/icar.cnrs.fr\/comdoc\/wp-json\/wp\/v2\/comments?post=17"}],"version-history":[{"count":7,"href":"https:\/\/icar.cnrs.fr\/comdoc\/wp-json\/wp\/v2\/pages\/17\/revisions"}],"predecessor-version":[{"id":1617,"href":"https:\/\/icar.cnrs.fr\/comdoc\/wp-json\/wp\/v2\/pages\/17\/revisions\/1617"}],"up":[{"embeddable":true,"href":"https:\/\/icar.cnrs.fr\/comdoc\/wp-json\/wp\/v2\/pages\/1401"}],"wp:featuredmedia":[{"embeddable":true,"href":"https:\/\/icar.cnrs.fr\/comdoc\/wp-json\/wp\/v2\/media\/1522"}],"wp:attachment":[{"href":"https:\/\/icar.cnrs.fr\/comdoc\/wp-json\/wp\/v2\/media?parent=17"}],"curies":[{"name":"wp","href":"https:\/\/api.w.org\/{rel}","templated":true}]}}