{"id":7,"date":"2013-08-01T13:29:34","date_gmt":"2013-08-01T12:29:34","guid":{"rendered":"http:\/\/liri.ish-lyon.cnrs.fr\/comdoc\/?page_id=2"},"modified":"2020-10-28T10:49:48","modified_gmt":"2020-10-28T09:49:48","slug":"labo-icar","status":"publish","type":"page","link":"https:\/\/icar.cnrs.fr\/comdoc\/labo-icar\/","title":{"rendered":"Laboratoire ICAR"},"content":{"rendered":"<p>Vous voil\u00e0 au laboratoire ICAR : <FONT class=\"rouge\"> bienvenue !<\/FONT> <\/p>\n<p>Quel que soit votre \u00e9tablissement d&rsquo;inscription (ENS de Lyon ou Universit\u00e9 Lumi\u00e8re Lyon 2), vous \u00eates \u00e9galement rattach\u00e9\u00b7e au laboratoire ICAR si votre directeur ou votre directrice de th\u00e8se est membre de ce laboratoire.<\/p>\n<p>Dans cette rubrique, vous trouverez des informations importantes concernant notre laboratoire, qui vous permettront de mieux vous orienter.<\/p>\n<p><b><a href=\"https:\/\/icar.cnrs.fr\/comdoc\/labo-icar\/vie-du-laboratoire\/\">La vie du labo<\/a><\/b><\/p>\n<p><b><a href=\"https:\/\/icar.cnrs.fr\/comdoc\/labo-icar\/ecoles-doctorales\/\">Les \u00e9coles doctorales<\/a><\/b><\/p>\n<p><b><a href=\"https:\/\/icar.cnrs.fr\/comdoc\/labo-icar\/tutelles\/\">Les tutelles<\/a><\/b><\/p>\n","protected":false},"excerpt":{"rendered":"<p>Vous voil\u00e0 au laboratoire ICAR : bienvenue ! Quel que soit votre \u00e9tablissement d&rsquo;inscription (ENS de Lyon ou Universit\u00e9 Lumi\u00e8re Lyon 2), vous \u00eates \u00e9galement rattach\u00e9\u00b7e au laboratoire ICAR si votre directeur ou votre directrice de th\u00e8se est membre de &hellip; <a href=\"https:\/\/icar.cnrs.fr\/comdoc\/labo-icar\/\">Continuer la lecture <span class=\"meta-nav\">&rarr;<\/span><\/a><\/p>\n","protected":false},"author":21,"featured_media":1521,"parent":0,"menu_order":0,"comment_status":"closed","ping_status":"closed","template":"onecolumn-page.php","meta":{"inline_featured_image":false,"footnotes":""},"class_list":["post-7","page","type-page","status-publish","has-post-thumbnail","hentry"],"_links":{"self":[{"href":"https:\/\/icar.cnrs.fr\/comdoc\/wp-json\/wp\/v2\/pages\/7","targetHints":{"allow":["GET"]}}],"collection":[{"href":"https:\/\/icar.cnrs.fr\/comdoc\/wp-json\/wp\/v2\/pages"}],"about":[{"href":"https:\/\/icar.cnrs.fr\/comdoc\/wp-json\/wp\/v2\/types\/page"}],"author":[{"embeddable":true,"href":"https:\/\/icar.cnrs.fr\/comdoc\/wp-json\/wp\/v2\/users\/21"}],"replies":[{"embeddable":true,"href":"https:\/\/icar.cnrs.fr\/comdoc\/wp-json\/wp\/v2\/comments?post=7"}],"version-history":[{"count":7,"href":"https:\/\/icar.cnrs.fr\/comdoc\/wp-json\/wp\/v2\/pages\/7\/revisions"}],"predecessor-version":[{"id":1578,"href":"https:\/\/icar.cnrs.fr\/comdoc\/wp-json\/wp\/v2\/pages\/7\/revisions\/1578"}],"wp:featuredmedia":[{"embeddable":true,"href":"https:\/\/icar.cnrs.fr\/comdoc\/wp-json\/wp\/v2\/media\/1521"}],"wp:attachment":[{"href":"https:\/\/icar.cnrs.fr\/comdoc\/wp-json\/wp\/v2\/media?parent=7"}],"curies":[{"name":"wp","href":"https:\/\/api.w.org\/{rel}","templated":true}]}}