{"id":886,"date":"2017-12-05T09:25:04","date_gmt":"2017-12-05T08:25:04","guid":{"rendered":"http:\/\/www.icar.cnrs.fr\/comdoc\/?page_id=886"},"modified":"2020-10-29T11:39:06","modified_gmt":"2020-10-29T10:39:06","slug":"comite-de-suivi-de-these","status":"publish","type":"page","link":"https:\/\/icar.cnrs.fr\/comdoc\/pendant-la-these\/comite-de-suivi-de-these\/","title":{"rendered":"Comit\u00e9 de Suivi de Th\u00e8se"},"content":{"rendered":"<p>Depuis l&rsquo;<a href=\"https:\/\/www.legifrance.gouv.fr\/affichTexte.do?cidTexte=JORFTEXT000032587086\">arr\u00eat\u00e9 du 25 mai 2016<\/a> fixant le cadre national de la formation et les modalit\u00e9s du doctorat, des nouvelles mesures ont \u00e9t\u00e9 prises. L&rsquo;une d&rsquo;entre elles nous concerne : il s&rsquo;agit des comit\u00e9s de suivi de th\u00e8se des doctorants, \u00e0 partir de la 2\u00e8me ann\u00e9e de doctorat, <b>qui conditionneront la r\u00e9inscription sur l&rsquo;ann\u00e9e suivante<\/b>. Les laboratoires sont sollicit\u00e9s par nos \u00e9coles doctorales 3LA et EPIC pour l&rsquo;organisation de ces comit\u00e9s.<\/p>\n<p>Pour r\u00e9sumer, il s&rsquo;agit d&rsquo;un <b>entretien oral<\/b> permettant de s&rsquo;assurer du bon avancement de votre th\u00e8se. Le comit\u00e9 comprend 2 ou 3 personnes; aussi bien enseignant\u00b7e\u00b7s-chercheur\u00b7e\u00b7s (MCF-PR), chercheur\u00b7e\u00b7s et ing\u00e9nieur\u00b7e\u00b7s de recherche ; HDR ou non. Les directeurs et directrices de th\u00e8se ne font pas partie du comit\u00e9 qui entretient le doctorant ou la doctorante. <b>Votre directeur ou votre directrice ne sera pas donc pr\u00e9sent pour votre entretien<\/b>.<\/p>\n<p>Vous recevrez peu avant votre entretien un document que vous devrez <b>remplir partiellement<\/b>, avant de le <b>renvoyer \u00e0 la personne r\u00e9f\u00e9rente avant l&rsquo;entretien<\/b>. Il s&rsquo;agit du rapport d&rsquo;entretien, qui sera compl\u00e9t\u00e9 par le comit\u00e9 pendant l&rsquo;entretien avec vous. Ce rapport sera ensuite rendu \u00e0 l&rsquo;\u00e9cole doctorale.<\/p>\n<p><FONT class=\"rouge\"> IMPORTANT <\/FONT> : La version finale de ce rapport vous sera remise, et vous devrez vous-m\u00eame la <b>d\u00e9poser sur SIGED<\/b> lors de votre r\u00e9inscription.<\/p>\n<p><b>NB<\/b> : Si vous ne pouvez pas \u00eatre pr\u00e9sent physiquement, un entretien par visioconf\u00e9rence est possible.<\/p>\n","protected":false},"excerpt":{"rendered":"<p>Depuis l&rsquo;arr\u00eat\u00e9 du 25 mai 2016 fixant le cadre national de la formation et les modalit\u00e9s du doctorat, des nouvelles mesures ont \u00e9t\u00e9 prises. L&rsquo;une d&rsquo;entre elles nous concerne : il s&rsquo;agit des comit\u00e9s de suivi de th\u00e8se des doctorants, &hellip; <a href=\"https:\/\/icar.cnrs.fr\/comdoc\/pendant-la-these\/comite-de-suivi-de-these\/\">Continuer la lecture <span class=\"meta-nav\">&rarr;<\/span><\/a><\/p>\n","protected":false},"author":22,"featured_media":1522,"parent":1401,"menu_order":0,"comment_status":"closed","ping_status":"closed","template":"onecolumn-page.php","meta":{"inline_featured_image":false,"footnotes":""},"class_list":["post-886","page","type-page","status-publish","has-post-thumbnail","hentry"],"_links":{"self":[{"href":"https:\/\/icar.cnrs.fr\/comdoc\/wp-json\/wp\/v2\/pages\/886","targetHints":{"allow":["GET"]}}],"collection":[{"href":"https:\/\/icar.cnrs.fr\/comdoc\/wp-json\/wp\/v2\/pages"}],"about":[{"href":"https:\/\/icar.cnrs.fr\/comdoc\/wp-json\/wp\/v2\/types\/page"}],"author":[{"embeddable":true,"href":"https:\/\/icar.cnrs.fr\/comdoc\/wp-json\/wp\/v2\/users\/22"}],"replies":[{"embeddable":true,"href":"https:\/\/icar.cnrs.fr\/comdoc\/wp-json\/wp\/v2\/comments?post=886"}],"version-history":[{"count":8,"href":"https:\/\/icar.cnrs.fr\/comdoc\/wp-json\/wp\/v2\/pages\/886\/revisions"}],"predecessor-version":[{"id":1651,"href":"https:\/\/icar.cnrs.fr\/comdoc\/wp-json\/wp\/v2\/pages\/886\/revisions\/1651"}],"up":[{"embeddable":true,"href":"https:\/\/icar.cnrs.fr\/comdoc\/wp-json\/wp\/v2\/pages\/1401"}],"wp:featuredmedia":[{"embeddable":true,"href":"https:\/\/icar.cnrs.fr\/comdoc\/wp-json\/wp\/v2\/media\/1522"}],"wp:attachment":[{"href":"https:\/\/icar.cnrs.fr\/comdoc\/wp-json\/wp\/v2\/media?parent=886"}],"curies":[{"name":"wp","href":"https:\/\/api.w.org\/{rel}","templated":true}]}}