{"id":261,"date":"2017-03-16T19:26:46","date_gmt":"2017-03-16T18:26:46","guid":{"rendered":"http:\/\/www.icar.cnrs.fr\/sites\/corinte\/?page_id=261"},"modified":"2017-03-16T19:26:46","modified_gmt":"2017-03-16T18:26:46","slug":"principes-generaux-de-transcription","status":"publish","type":"page","link":"https:\/\/icar.cnrs.fr\/corinte\/principes-generaux-de-transcription\/","title":{"rendered":"Principes g\u00e9n\u00e9raux de transcription"},"content":{"rendered":"<p style=\"text-align: justify\" align=\"left\">Un certain nombre de principes sont admis dans la communaut\u00e9 des transcripteurs : le <strong>crit\u00e8re d\u2019\u00e9conomie<\/strong> invite \u00e0 choisir des symboles simples et facilement maniables, le <strong>crit\u00e8re de coh\u00e9rence<\/strong> \u00e0 privil\u00e9gier des notations qui n\u2019entrent ni en contradiction ni en chevauchement entre elles, le <strong>crit\u00e8re de lisibilit\u00e9<\/strong> \u00e0 adapter les notations aux destinataires vis\u00e9s.<br \/>\nD&rsquo;autres principes peuvent \u00eatre ajout\u00e9s :<\/p>\n<p style=\"text-align: justify\" align=\"left\"><span style=\"color: #33cccc\">L<\/span><strong style=\"color: #33cccc\">e principe de s\u00e9lectivit\u00e9<\/strong> porte \u00e0 l\u2019explicitation des dimensions qui font ou non l\u2019objet d\u2019une transcription. Les dimensions retenues pourront ensuite \u00eatre dot\u00e9es de diff\u00e9rents niveaux de granularit\u00e9. En linguistique interactionnelle, le principe de s\u00e9lectivit\u00e9 se traduit en particulier par le fait que certaines dimensions sont optionnelles alors que d&rsquo;autres sont obligatoirement transcrites : par exemple la dimension temporelle, en particulier pour les relations de simultan\u00e9it\u00e9 et de successivit\u00e9, c&rsquo;est-\u00e0-dire l&rsquo;indication des changements de locuteurs, les types d&rsquo;encha\u00eenement de tours de parole -chevauchement, latching- les pauses ;<\/p>\n<p style=\"text-align: justify\" align=\"left\"><span style=\"color: #33cccc\"><strong>Le principe de granularit\u00e9<\/strong><\/span> identifie diff\u00e9rents niveaux d\u2019approfondissement d\u2019une transcription, d\u00e9termin\u00e9s en fonction d&rsquo;un public particulier, d&rsquo;une \u00e9tape du travail ou d&rsquo;un objet sp\u00e9cifique;<\/p>\n<p style=\"text-align: justify\" align=\"left\"><span style=\"color: #33cccc\">L<strong>e principe de transformabilit\u00e9<\/strong><\/span> consid\u00e8re qu\u2019une transcription n\u2019est jamais achev\u00e9e mais tend constamment \u00e0 \u00eatre reprise et retravaill\u00e9e (par ses auteurs ou par d\u2019autres), pour \u00eatre approfondie ou bien pour \u00eatre simplifi\u00e9e ou ajust\u00e9e \u00e0 un public ou \u00e0 des usages particuliers ;<\/p>\n<p style=\"text-align: justify\" align=\"left\"><span style=\"color: #33cccc\">L<strong>e principe d\u2019\u00e9volutivit\u00e9<\/strong><\/span> prend en consid\u00e9ration le fait que les conventions elles-m\u00eames peuvent se modifier pour s\u2019adapter \u00e0 une nouvelle perspective analytique ;<\/p>\n<p style=\"text-align: justify\" align=\"left\"><span style=\"color: #33cccc\">L<\/span><strong style=\"color: #33cccc\">e principe de transf\u00e9rabilit\u00e9<\/strong> concerne l\u2019exigence de produire des transcriptions qui puissent migrer d\u2019une plate-forme informatique \u00e0 une autre, d\u2019un logiciel \u00e0 un autre, d\u2019un format de surface \u00e0 un autre sans perdre les enrichissements successifs qu\u2019on pourra en proposer sur diff\u00e9rents supports<\/p>\n","protected":false},"excerpt":{"rendered":"<p>Un certain nombre de principes sont admis dans la communaut\u00e9 des transcripteurs : le crit\u00e8re d\u2019\u00e9conomie invite \u00e0 choisir des symboles simples et facilement maniables, le crit\u00e8re de coh\u00e9rence \u00e0&#8230;<\/p>\n","protected":false},"author":28,"featured_media":0,"parent":0,"menu_order":0,"comment_status":"closed","ping_status":"closed","template":"","meta":{"inline_featured_image":false,"footnotes":""},"class_list":["post-261","page","type-page","status-publish","hentry"],"_links":{"self":[{"href":"https:\/\/icar.cnrs.fr\/corinte\/wp-json\/wp\/v2\/pages\/261","targetHints":{"allow":["GET"]}}],"collection":[{"href":"https:\/\/icar.cnrs.fr\/corinte\/wp-json\/wp\/v2\/pages"}],"about":[{"href":"https:\/\/icar.cnrs.fr\/corinte\/wp-json\/wp\/v2\/types\/page"}],"author":[{"embeddable":true,"href":"https:\/\/icar.cnrs.fr\/corinte\/wp-json\/wp\/v2\/users\/28"}],"replies":[{"embeddable":true,"href":"https:\/\/icar.cnrs.fr\/corinte\/wp-json\/wp\/v2\/comments?post=261"}],"version-history":[{"count":0,"href":"https:\/\/icar.cnrs.fr\/corinte\/wp-json\/wp\/v2\/pages\/261\/revisions"}],"wp:attachment":[{"href":"https:\/\/icar.cnrs.fr\/corinte\/wp-json\/wp\/v2\/media?parent=261"}],"curies":[{"name":"wp","href":"https:\/\/api.w.org\/{rel}","templated":true}]}}