{"id":721,"date":"2021-04-20T14:54:28","date_gmt":"2021-04-20T12:54:28","guid":{"rendered":"http:\/\/icar.cnrs.fr\/corinte\/?page_id=721"},"modified":"2021-09-21T13:52:18","modified_gmt":"2021-09-21T11:52:18","slug":"questions-ethiques-debats-et-dilemmes","status":"publish","type":"page","link":"https:\/\/icar.cnrs.fr\/corinte\/questions-ethiques-debats-et-dilemmes\/","title":{"rendered":"Questions \u00e9thiques (d\u00e9bats et dilemmes)"},"content":{"rendered":"<p>&nbsp;<\/p>\n<p><span style=\"font-weight: 400\">Le travail de terrain et la collecte sont des moments importants pour la recherche et les relations qui vont \u00eatre cr\u00e9\u00e9es avec les informateurs, et ils soul\u00e8vent deux types de consid\u00e9rations : les unes relatives aux <span style=\"color: #0000ff\"><a style=\"color: #0000ff\" href=\"https:\/\/icar.cnrs.fr\/corinte\/demarches-juridiques\/\">contraintes juridiques<\/a><\/span> ; les autres concernant les exigences \u00e9thiques.\u00a0<\/span><\/p>\n<p><span style=\"font-weight: 400\">Au cours des derni\u00e8res d\u00e9cennies, ces questions \u00e9thiques, jusque-l\u00e0 peu trait\u00e9es pour les corpus linguistiques, ont fait l\u2019objet de r\u00e9flexions plus nombreuses<\/span><span style=\"font-weight: 400\"> (Baude 2006,<\/span> <span style=\"font-weight: 400\">Ginouve\u0300s et Gras 2018, Descamps 2018<\/span><span style=\"font-weight: 400\">) <\/span><span style=\"font-weight: 400\">\u00a0et\u00a0 (par exemple le groupe <a href=\"https:\/\/ethiquedroit.hypotheses.org\/\">Ethique et droit en shs<\/a>,<\/span><span style=\"font-weight: 400\">\u00a0voir Ginouv\u00e8s et Gras 2018, ou le groupe <\/span><span style=\"font-weight: 400\"><a href=\"https:\/\/corli.huma-num.fr\/les-groupes-projets\/gp4\/#\">Questions \u00e9thiques et cadre juridique (QuECJ)<\/a> dans le consortium Corli, <\/span><span style=\"font-weight: 400\">voir Badin et al. \u00e0 para\u00eetre).\u00a0<\/span><\/p>\n<p><span style=\"font-weight: 400\">On peut synth\u00e9tiser les questions qui se posent en les rapportant \u00e0 deux temps diff\u00e9rents de la recherche.\u00a0<\/span><\/p>\n<blockquote><p><span style=\"font-weight: 400\">D\u2019une part, les questions \u00e9thiques se posent sur le terrain proprement dit, et on peut en \u00e9num\u00e9rer de nombreuses\u00a0:<\/span><\/p>\n<p><span style=\"font-weight: 400\">\u2013<\/span><span style=\"font-weight: 400\"> comment expliquer et faire accepter aux participants \u00e0 l\u2019enqu\u00eate sa pr\u00e9sence sur le terrain, les finalit\u00e9s de la recherche et de la constitution de corpus\u00a0\u00a0: comment faire r\u00e9ellement passer l\u2019information quand on ne partage pas la m\u00eame langue ou que la personne est sourde ou analphab\u00e8te, comment convaincre les personnes vuln\u00e9rables ayant bien d\u2019autres pr\u00e9occupations prioritaires, de l\u2019int\u00e9r\u00eat de participer \u00e0 une \u00e9tude, quel dosage dans l\u2019information et sa pr\u00e9cision, quelle n\u00e9cessit\u00e9 d\u2019une compl\u00e8te transparence relativement aux questions de recherche lorsqu\u2019elles touchent par exemple \u00e0 la description d\u2019aspects tr\u00e8s sp\u00e9cifiques, comme un marqueur discursif, une construction syntaxique, ou un type donn\u00e9 de geste, etc., ou quand on pense que cela pourrait entra\u00eener une modification des comportements naturels des participants ;<\/span><\/p>\n<p><span style=\"font-weight: 400\">\u2013 <\/span><span style=\"font-weight: 400\">comment comprendre ce que la pr\u00e9sence du chercheur provoque sur le terrain et les enjeux (parfois inattendus) qui peuvent s\u2019y attacher\u00a0; et parall\u00e8lement<\/span> <span style=\"font-weight: 400\">comment \u00e9viter que l\u2019enqu\u00eate nuise aux participants (en termes de r\u00e9putation, d\u2019image, voire d\u2019informations qui seraient enregistr\u00e9es et pourraient \u00eatre utilis\u00e9es par d\u2019autres contre les personnes concern\u00e9es) ;<\/span> <span style=\"font-weight: 400\">comment g\u00e9rer les relations entre les personnes enregistr\u00e9es et leur hi\u00e9rarchie (qui peut utiliser l\u2019enqu\u00eate pour obtenir des informations sur les personnes)\u00a0;<\/span> <span style=\"font-weight: 400\">comment concevoir le partage du corpus avec les personnes sur le terrain (ce qui est souvent consid\u00e9r\u00e9 comme faisant partie d\u2019une recherche \u00e9thique), quand elles ont des int\u00e9r\u00eats pour les donn\u00e9es et qu\u2019elles sont susceptibles d\u2019en faire des usages contradictoires.<\/span><\/p><\/blockquote>\n<p><span style=\"font-weight: 400\">Il convient de garder en t\u00eate que ces questions n\u2019ont pas de r\u00e9ponse univoque et universelle. Chaque cas n\u00e9cessite r\u00e9flexion et prise en compte de la situation, de ses sp\u00e9cificit\u00e9s et de ses enjeux, parce que chacune est diff\u00e9rente et que les choix \u00e0 faire mettent souvent les chercheurs face \u00e0 des dilemmes (voir des discussions dans <\/span><span style=\"font-weight: 400\">Cefai et Costey 2009\u00a0; <\/span><span style=\"font-weight: 400\">Divoux 2018, Traverso 2020, Jouin et Ticca, \u00e0 para\u00eetre).<\/span><\/p>\n<p><span style=\"font-weight: 400\">D\u2019autre part, les questions \u00e9thiques concernent aussi l\u2019exploitation des donn\u00e9es, ce que l\u2019on montre et que l\u2019on partage. Il peut arriver que, sur un terrain, on choisisse d\u2019arr\u00eater la cam\u00e9ra \u00e0 tel ou tel moment pour des raisons \u00e9thiques. Il peut aussi arriver que l\u2019on ne conserve pas, ne partage pas ou n\u2019exploite pas telle ou telle partie d\u2019un corpus enregistr\u00e9 ou m\u00eame d\u2019une interaction, pour des raisons \u00e9thiques. On comprend bien \u00e0 partir de l\u00e0 que les chercheurs se trouvent \u00e0 nouveau devant des injonctions contradictoires et des dilemmes, s\u2019ils veulent respecter \u00e0 la fois leurs propres principes \u00e9thiques et les exigences juridiques, ainsi que les attentes d\u2019une science ouverte, qui pr\u00e9conise la mise \u00e0 disposition et le partage de toute donn\u00e9e collect\u00e9e.\u00a0\u00a0\u00a0<\/span><\/p>\n<p>&nbsp;<\/p>\n<p><span style=\"font-weight: 400\">Bibliographie<\/span><\/p>\n<ul>\n<li style=\"font-weight: 400\"><span style=\"font-weight: 400\">Badin F., Cance C. <\/span><span style=\"font-weight: 400\">, <\/span><span style=\"font-weight: 400\">Dugua C.,\u00a0 Kanaan-Caillol L., M. AA.-L. <\/span><span style=\"font-weight: 400\">, <\/span><span style=\"font-weight: 400\">Ploog K. (\u00e0 para\u00eetre)\u200b, Questions e\u0301thiques et cadre juridique autour des donne\u0301es orales : perspectives pour QuECJ, le nouveau groupe the\u0301matique CorLI, <\/span><i><span style=\"font-weight: 400\">Sonorit\u00e9s<\/span><\/i><span style=\"font-weight: 400\">.<\/span> <span style=\"font-weight: 400\">\u00a0<\/span><\/li>\n<li style=\"font-weight: 400\"><span style=\"font-weight: 400\">Baude O., Blanche-Benveniste C., Calas M.-F. , Cappeau P., Cordereix P., et al. (2006), Corpus oraux, guide des bonnes pratiques 2006. CNRS Editions\/Presses Universitaires Orl\u00e9ans.<\/span><\/li>\n<li style=\"font-weight: 400\"><span style=\"font-weight: 400\">Cefai, D., Costey, P. (2009) \u201cCodifier l\u2019engagement ethnographique ? Remarques sur le consentement e\u0301claire\u0301, les codes d\u2019e\u0301thique et les comite\u0301s d\u2019e\u0301thique\u201d, <\/span><i><span style=\"font-weight: 400\">La Vie des ide\u0301es<\/span><\/i><span style=\"font-weight: 400\">, <\/span><span style=\"color: #800080\"><strong><a style=\"color: #800080\" href=\"http:\/\/www.laviedesidees.fr\/Codifier-l-engagement.html\">http:\/\/www.laviedesidees.fr\/Codifier-l-engagement.html<\/a><\/strong><\/span><\/li>\n<li style=\"font-weight: 400\"><span style=\"font-weight: 400\">Descamps, F. (2018) \u201cLes archives orales. Introduction \u00e0 Ve\u0301ronique Ginouve\u0300s; Isabelle Gras. La diffusion nume\u0301rique des donne\u0301es en SHS &#8211; Guide de bonnes pratiques e\u0301thiques et juridiques\u201d, Presses universitaires de Provence.<\/span>\u00a0<strong><span style=\"color: #800080\"><a style=\"color: #800080\" href=\"https:\/\/hal-amu.archives-ouvertes.fr\/hal-01903040\/document\">https:\/\/hal-amu.archives-ouvertes.fr\/hal-01903040\/document<\/a><\/span><\/strong><\/li>\n<li style=\"font-weight: 400\"><span style=\"font-weight: 400\">Divoux A. La linguiste et les menuisiers, \u00e9thique et prise en compte du facteur humain dans une enqu\u00eate sociolinguistique en entreprise. In D\u00e9l\u00e9ant, L., Filet, J. et Jeanson, L. (dir.). <\/span><i><span style=\"font-weight: 400\">Questionner la recherche. Contributions des jeunes chercheurs aux syst\u00e8mes complexes<\/span><\/i><span style=\"font-weight: 400\">, \u00c9ditions Universitaires de Lorraine, p.277-291, 2018.<\/span><a href=\"https:\/\/halshs.archives-ouvertes.fr\/halshs-01844853\"> <span style=\"font-weight: 400\">\u27e8<strong><span style=\"color: #800080\">halshs-01844853<\/span><\/strong>\u27e9<\/span><\/a><\/li>\n<li style=\"font-weight: 400\"><span style=\"font-weight: 400\">Fassin, D. (2008). L&rsquo;\u00e9thique, au-del\u00e0 de la r\u00e8gle. R\u00e9flexions autour d&rsquo;une enqu\u00eate ethnographique sur les pratiques de soins en Afrique du Sud. Soci\u00e9t\u00e9s contemporaines 71, 117-135.\u00a0<\/span><span style=\"color: #0000ff\"><a style=\"color: #0000ff\" href=\"https:\/\/www.cairn.info\/revue-societes-contemporaines-2008-3-page-117.htm\"><span style=\"font-weight: 400\">https:\/\/www.cairn.info\/revue-societes-contemporaines-2008-3-page-117.htm<\/span><\/a><\/span><\/li>\n<li style=\"font-weight: 400\"><span style=\"font-weight: 400\">Ginouve\u0300s V., Gras I. (2018). La diffusion nume\u0301rique des donne\u0301es en SHS &#8211; Guide de bonnes pratiques e\u0301thiques et juridiques, Presses universitaires de Provence, 2018, Digitales, 9791032001790. <strong><span style=\"color: #800080\"><a style=\"color: #800080\" href=\"https:\/\/hal-amu.archives-ouvertes.fr\/hal-01903040\/document\">https:\/\/hal-amu.archives-ouvertes.fr\/hal-01903040\/document<\/a><\/span><\/strong><\/span><\/li>\n<li style=\"font-weight: 400\"><span style=\"font-weight: 400\">Jouin E., Ticca A.C. (\u00e0 para\u00eetre), Le dilemme de la recherche : composer avec les questions d\u00e9ontologiques et \u00e9thiques dans l\u2019enqu\u00eate de terrains multilingues en sant\u00e9, <\/span><i><span style=\"font-weight: 400\">Sonorit\u00e9s<\/span><\/i><\/li>\n<li style=\"font-weight: 400\"><span style=\"font-weight: 400\">Traverso, V., (2020). Sans-voix, sans parole, sans ressources : que peut dire la perspective interactionniste ?, revue MediAzioni 26 (num\u00e9ro sp\u00e9cial), Celotti N., Falbo C. (eds), La parole des sans-voix. Questionnements linguistiques et enjeux soci\u00e9taux <span style=\"color: #0000ff\"><a style=\"color: #0000ff\" href=\"http:\/\/www.mediazioni.sitlec.unibo.it\/index.php\/no-26-special-issue-2019\/119-articoliarticles-no-26-2019-\/399-sans-voixsans-parole-sans-ressources\u2013que-peut-dire-la-perspective-interactionniste-.html\">http:\/\/www.mediazioni.sitlec.unibo.it\/index.php\/no-26-special-issue-2019\/119-articoliarticles-no-26-2019-\/399-sans-voixsans-parole-sans-ressources\u2013que-peut-dire-la-perspective-interactionniste-.html<\/a><\/span><\/span><\/li>\n<\/ul>\n","protected":false},"excerpt":{"rendered":"<p>&nbsp; Le travail de terrain et la collecte sont des moments importants pour la recherche et les relations qui vont \u00eatre cr\u00e9\u00e9es avec les informateurs, et ils soul\u00e8vent deux types&#8230;<\/p>\n","protected":false},"author":22,"featured_media":0,"parent":0,"menu_order":0,"comment_status":"closed","ping_status":"closed","template":"","meta":{"inline_featured_image":false,"footnotes":""},"class_list":["post-721","page","type-page","status-publish","hentry"],"_links":{"self":[{"href":"https:\/\/icar.cnrs.fr\/corinte\/wp-json\/wp\/v2\/pages\/721","targetHints":{"allow":["GET"]}}],"collection":[{"href":"https:\/\/icar.cnrs.fr\/corinte\/wp-json\/wp\/v2\/pages"}],"about":[{"href":"https:\/\/icar.cnrs.fr\/corinte\/wp-json\/wp\/v2\/types\/page"}],"author":[{"embeddable":true,"href":"https:\/\/icar.cnrs.fr\/corinte\/wp-json\/wp\/v2\/users\/22"}],"replies":[{"embeddable":true,"href":"https:\/\/icar.cnrs.fr\/corinte\/wp-json\/wp\/v2\/comments?post=721"}],"version-history":[{"count":7,"href":"https:\/\/icar.cnrs.fr\/corinte\/wp-json\/wp\/v2\/pages\/721\/revisions"}],"predecessor-version":[{"id":932,"href":"https:\/\/icar.cnrs.fr\/corinte\/wp-json\/wp\/v2\/pages\/721\/revisions\/932"}],"wp:attachment":[{"href":"https:\/\/icar.cnrs.fr\/corinte\/wp-json\/wp\/v2\/media?parent=721"}],"curies":[{"name":"wp","href":"https:\/\/api.w.org\/{rel}","templated":true}]}}

Questions éthiques (débats et dilemmes)

<p>&nbsp;</p>
<p><span style="font-weight: 400">Le travail de terrain et la collecte sont des moments importants pour la recherche et les relations qui vont être créées avec les informateurs, et ils soulèvent deux types de considérations : les unes relatives aux <span style="color: #0000ff"><a style="color: #0000ff" href="https://icar.cnrs.fr/corinte/demarches-juridiques/">contraintes juridiques</a></span> ; les autres concernant les exigences éthiques. </span></p>
<p><span style="font-weight: 400">Au cours des dernières décennies, ces questions éthiques, jusque-là peu traitées pour les corpus linguistiques, ont fait l’objet de réflexions plus nombreuses</span><span style="font-weight: 400"> (Baude 2006,</span> <span style="font-weight: 400">Ginouvès et Gras 2018, Descamps 2018</span><span style="font-weight: 400">) </span><span style="font-weight: 400"> et  (par exemple le groupe <a href="https://ethiquedroit.hypotheses.org/">Ethique et droit en shs</a>,</span><span style="font-weight: 400"> voir Ginouvès et Gras 2018, ou le groupe </span><span style="font-weight: 400"><a href="https://corli.huma-num.fr/les-groupes-projets/gp4/#">Questions éthiques et cadre juridique (QuECJ)</a> dans le consortium Corli, </span><span style="font-weight: 400">voir Badin et al. à paraître). </span></p>
<p><span style="font-weight: 400">On peut synthétiser les questions qui se posent en les rapportant à deux temps différents de la recherche. </span></p>
<blockquote><p><span style="font-weight: 400">D’une part, les questions éthiques se posent sur le terrain proprement dit, et on peut en énumérer de nombreuses :</span></p>
<p><span style="font-weight: 400">–</span><span style="font-weight: 400"> comment expliquer et faire accepter aux participants à l’enquête sa présence sur le terrain, les finalités de la recherche et de la constitution de corpus  : comment faire réellement passer l’information quand on ne partage pas la même langue ou que la personne est sourde ou analphabète, comment convaincre les personnes vulnérables ayant bien d’autres préoccupations prioritaires, de l’intérêt de participer à une étude, quel dosage dans l’information et sa précision, quelle nécessité d’une complète transparence relativement aux questions de recherche lorsqu’elles touchent par exemple à la description d’aspects très spécifiques, comme un marqueur discursif, une construction syntaxique, ou un type donné de geste, etc., ou quand on pense que cela pourrait entraîner une modification des comportements naturels des participants ;</span></p>
<p><span style="font-weight: 400">– </span><span style="font-weight: 400">comment comprendre ce que la présence du chercheur provoque sur le terrain et les enjeux (parfois inattendus) qui peuvent s’y attacher ; et parallèlement</span> <span style="font-weight: 400">comment éviter que l’enquête nuise aux participants (en termes de réputation, d’image, voire d’informations qui seraient enregistrées et pourraient être utilisées par d’autres contre les personnes concernées) ;</span> <span style="font-weight: 400">comment gérer les relations entre les personnes enregistrées et leur hiérarchie (qui peut utiliser l’enquête pour obtenir des informations sur les personnes) ;</span> <span style="font-weight: 400">comment concevoir le partage du corpus avec les personnes sur le terrain (ce qui est souvent considéré comme faisant partie d’une recherche éthique), quand elles ont des intérêts pour les données et qu’elles sont susceptibles d’en faire des usages contradictoires.</span></p></blockquote>
<p><span style="font-weight: 400">Il convient de garder en tête que ces questions n’ont pas de réponse univoque et universelle. Chaque cas nécessite réflexion et prise en compte de la situation, de ses spécificités et de ses enjeux, parce que chacune est différente et que les choix à faire mettent souvent les chercheurs face à des dilemmes (voir des discussions dans </span><span style="font-weight: 400">Cefai et Costey 2009 ; </span><span style="font-weight: 400">Divoux 2018, Traverso 2020, Jouin et Ticca, à paraître).</span></p>
<p><span style="font-weight: 400">D’autre part, les questions éthiques concernent aussi l’exploitation des données, ce que l’on montre et que l’on partage. Il peut arriver que, sur un terrain, on choisisse d’arrêter la caméra à tel ou tel moment pour des raisons éthiques. Il peut aussi arriver que l’on ne conserve pas, ne partage pas ou n’exploite pas telle ou telle partie d’un corpus enregistré ou même d’une interaction, pour des raisons éthiques. On comprend bien à partir de là que les chercheurs se trouvent à nouveau devant des injonctions contradictoires et des dilemmes, s’ils veulent respecter à la fois leurs propres principes éthiques et les exigences juridiques, ainsi que les attentes d’une science ouverte, qui préconise la mise à disposition et le partage de toute donnée collectée.   </span></p>
<p>&nbsp;</p>
<p><span style="font-weight: 400">Bibliographie</span></p>
<ul>
<li style="font-weight: 400"><span style="font-weight: 400">Badin F., Cance C. </span><span style="font-weight: 400">, </span><span style="font-weight: 400">Dugua C.,  Kanaan-Caillol L., M. AA.-L. </span><span style="font-weight: 400">, </span><span style="font-weight: 400">Ploog K. (à paraître)​, Questions éthiques et cadre juridique autour des données orales : perspectives pour QuECJ, le nouveau groupe thématique CorLI, </span><i><span style="font-weight: 400">Sonorités</span></i><span style="font-weight: 400">.</span> <span style="font-weight: 400"> </span></li>
<li style="font-weight: 400"><span style="font-weight: 400">Baude O., Blanche-Benveniste C., Calas M.-F. , Cappeau P., Cordereix P., et al. (2006), Corpus oraux, guide des bonnes pratiques 2006. CNRS Editions/Presses Universitaires Orléans.</span></li>
<li style="font-weight: 400"><span style="font-weight: 400">Cefai, D., Costey, P. (2009) “Codifier l’engagement ethnographique ? Remarques sur le consentement éclairé, les codes d’éthique et les comités d’éthique”, </span><i><span style="font-weight: 400">La Vie des idées</span></i><span style="font-weight: 400">, </span><span style="color: #800080"><strong><a style="color: #800080" href="http://www.laviedesidees.fr/Codifier-l-engagement.html">http://www.laviedesidees.fr/Codifier-l-engagement.html</a></strong></span></li>
<li style="font-weight: 400"><span style="font-weight: 400">Descamps, F. (2018) “Les archives orales. Introduction à Véronique Ginouvès; Isabelle Gras. La diffusion numérique des données en SHS &#8211; Guide de bonnes pratiques éthiques et juridiques”, Presses universitaires de Provence.</span> <strong><span style="color: #800080"><a style="color: #800080" href="https://hal-amu.archives-ouvertes.fr/hal-01903040/document">https://hal-amu.archives-ouvertes.fr/hal-01903040/document</a></span></strong></li>
<li style="font-weight: 400"><span style="font-weight: 400">Divoux A. La linguiste et les menuisiers, éthique et prise en compte du facteur humain dans une enquête sociolinguistique en entreprise. In Déléant, L., Filet, J. et Jeanson, L. (dir.). </span><i><span style="font-weight: 400">Questionner la recherche. Contributions des jeunes chercheurs aux systèmes complexes</span></i><span style="font-weight: 400">, Éditions Universitaires de Lorraine, p.277-291, 2018.</span><a href="https://halshs.archives-ouvertes.fr/halshs-01844853"> <span style="font-weight: 400">⟨<strong><span style="color: #800080">halshs-01844853</span></strong>⟩</span></a></li>
<li style="font-weight: 400"><span style="font-weight: 400">Fassin, D. (2008). L&rsquo;éthique, au-delà de la règle. Réflexions autour d&rsquo;une enquête ethnographique sur les pratiques de soins en Afrique du Sud. Sociétés contemporaines 71, 117-135. </span><span style="color: #0000ff"><a style="color: #0000ff" href="https://www.cairn.info/revue-societes-contemporaines-2008-3-page-117.htm"><span style="font-weight: 400">https://www.cairn.info/revue-societes-contemporaines-2008-3-page-117.htm</span></a></span></li>
<li style="font-weight: 400"><span style="font-weight: 400">Ginouvès V., Gras I. (2018). La diffusion numérique des données en SHS &#8211; Guide de bonnes pratiques éthiques et juridiques, Presses universitaires de Provence, 2018, Digitales, 9791032001790. <strong><span style="color: #800080"><a style="color: #800080" href="https://hal-amu.archives-ouvertes.fr/hal-01903040/document">https://hal-amu.archives-ouvertes.fr/hal-01903040/document</a></span></strong></span></li>
<li style="font-weight: 400"><span style="font-weight: 400">Jouin E., Ticca A.C. (à paraître), Le dilemme de la recherche : composer avec les questions déontologiques et éthiques dans l’enquête de terrains multilingues en santé, </span><i><span style="font-weight: 400">Sonorités</span></i></li>
<li style="font-weight: 400"><span style="font-weight: 400">Traverso, V., (2020). Sans-voix, sans parole, sans ressources : que peut dire la perspective interactionniste ?, revue MediAzioni 26 (numéro spécial), Celotti N., Falbo C. (eds), La parole des sans-voix. Questionnements linguistiques et enjeux sociétaux <span style="color: #0000ff"><a style="color: #0000ff" href="http://www.mediazioni.sitlec.unibo.it/index.php/no-26-special-issue-2019/119-articoliarticles-no-26-2019-/399-sans-voixsans-parole-sans-ressources–que-peut-dire-la-perspective-interactionniste-.html">http://www.mediazioni.sitlec.unibo.it/index.php/no-26-special-issue-2019/119-articoliarticles-no-26-2019-/399-sans-voixsans-parole-sans-ressources–que-peut-dire-la-perspective-interactionniste-.html</a></span></span></li>
</ul>

<p>&nbsp; Le travail de terrain et la collecte sont des moments importants pour la recherche et les relations qui vont être créées avec les informateurs, et ils soulèvent deux types&#8230;</p>
