{"id":783,"date":"2021-09-03T14:16:51","date_gmt":"2021-09-03T12:16:51","guid":{"rendered":"http:\/\/icar.cnrs.fr\/corinte\/?page_id=783"},"modified":"2021-09-21T13:22:26","modified_gmt":"2021-09-21T11:22:26","slug":"dossier-juridique-pour-la-negociation-du-terrain","status":"publish","type":"page","link":"https:\/\/icar.cnrs.fr\/corinte\/demarches-juridiques\/dossier-juridique-pour-la-negociation-du-terrain\/","title":{"rendered":"Dossier juridique pour la n\u00e9gociation du terrain"},"content":{"rendered":"<p>Obtenir l\u2019acc\u00e8s \u00e0 un terrain n\u2019est pas chose facile. Pour enregistrer, par exemple, des professionnels dans l\u2019exercice de leur fonction ou des usagers d\u2019un \u00e9tablissement, il est n\u00e9cessaire d\u2019obtenir, en plus de l\u2019autorisation des personnes film\u00e9es, l\u2019<span style=\"color: #0000ff\"><a style=\"color: #0000ff\" href=\"https:\/\/icar.cnrs.fr\/corinte\/autorisation-de-droit-a-limage\/\"><strong>autorisation de l\u2019employeur ou de la direction de l\u2019\u00e9tablissement<\/strong><\/a><\/span> pour avoir acc\u00e8s aux locaux, pouvoir y rentrer avec du mat\u00e9riel d\u2019enregistrement et filmer du personnel ou des usagers.<\/p>\n<p>Afin d\u2019obtenir cet accord, il faut constituer un <span style=\"color: #000000\"><strong>dossier juridique et \u00e9thique<\/strong><\/span> qui permettra de prouver le s\u00e9rieux de la d\u00e9marche, en explicitant les traitements qui seront faits des donn\u00e9es collect\u00e9es, notamment celles \u00e0 caract\u00e8re personnel, et les mesures de protection des donn\u00e9es que le chercheur et son institution s\u2019engagent \u00e0 mettre en \u0153uvre lors de l\u2019acc\u00e8s au terrain et lors du traitement de ces donn\u00e9es.<\/p>\n<blockquote><p>Ce dossier juridique et \u00e9thique doit comprendre :<\/p>\n<ul>\n<li>une pr\u00e9sentation du projet mentionnant les instances impliqu\u00e9es,<\/li>\n<li>la m\u00e9thodologie de r\u00e9colte des donn\u00e9es (ex: donn\u00e9es film\u00e9es, entretiens en audio, questionnaire num\u00e9rique),<\/li>\n<li>les d\u00e9marches \u00e9thiques et juridiques mises en \u0153uvre (ex: d\u00e9claration de traitement RGPD),<\/li>\n<li>les modalit\u00e9s d\u2019archivage, de conservation et de diffusion s\u00e9curis\u00e9e des donn\u00e9es (ex: archivage sur des disques durs chiffr\u00e9s et rang\u00e9s dans des armoires fortes, pseudonymisation ou anonymisation des donn\u00e9es),<\/li>\n<li>le mod\u00e8le de formulaires d\u2019autorisations pour la <span style=\"color: #800080\"><a style=\"color: #800080\" href=\"https:\/\/icar.cnrs.fr\/corinte\/files\/2021\/09\/210802_RGPD_Autorisation_etablissement_vierge_ICAR.doc\">direction de l\u2019\u00e9tablissement<\/a> <\/span>(\u00e0 faire signer), pour les <span style=\"color: #800080\"><a style=\"color: #800080\" href=\"https:\/\/icar.cnrs.fr\/corinte\/files\/2021\/09\/210802_RGPD_Autorisation_majeurs_vierge_ICAR.doc\">personnes majeures<\/a><\/span> film\u00e9es et pour les <span style=\"color: #800080\"><a style=\"color: #800080\" href=\"https:\/\/icar.cnrs.fr\/corinte\/files\/2021\/09\/210802_RGPD_Autorisation_mineurs_vierge_ICAR.doc\">mineurs<\/a><\/span>.<\/li>\n<\/ul>\n<\/blockquote>\n<p>Ce dossier juridique pourra \u00eatre pr\u00e9sent\u00e9 et remis lors d\u2019un entretien organis\u00e9 avec la direction de l\u2019\u00e9tablissement et les personnes qui seront film\u00e9es. Il est pr\u00e9f\u00e9rable de faire pr\u00e9alablement valider ce dossier par le service juridique d\u2019un des \u00e9tablissements de tutelle ou par le D\u00e9l\u00e9gu\u00e9 \u00e0 la Protection des Donn\u00e9es lors du d\u00e9p\u00f4t de la <span style=\"color: #0000ff\"><a style=\"color: #0000ff\" href=\"https:\/\/icar.cnrs.fr\/corinte\/demarches-juridiques\/declaration-de-traitement-de-donnees-a-caractere-personnel\/\">d\u00e9claration de traitement<\/a><\/span>.<\/p>\n","protected":false},"excerpt":{"rendered":"<p>Obtenir l\u2019acc\u00e8s \u00e0 un terrain n\u2019est pas chose facile. Pour enregistrer, par exemple, des professionnels dans l\u2019exercice de leur fonction ou des usagers d\u2019un \u00e9tablissement, il est n\u00e9cessaire d\u2019obtenir, en&#8230;<\/p>\n","protected":false},"author":28,"featured_media":0,"parent":719,"menu_order":4,"comment_status":"closed","ping_status":"closed","template":"","meta":{"inline_featured_image":false,"footnotes":""},"class_list":["post-783","page","type-page","status-publish","hentry"],"_links":{"self":[{"href":"https:\/\/icar.cnrs.fr\/corinte\/wp-json\/wp\/v2\/pages\/783","targetHints":{"allow":["GET"]}}],"collection":[{"href":"https:\/\/icar.cnrs.fr\/corinte\/wp-json\/wp\/v2\/pages"}],"about":[{"href":"https:\/\/icar.cnrs.fr\/corinte\/wp-json\/wp\/v2\/types\/page"}],"author":[{"embeddable":true,"href":"https:\/\/icar.cnrs.fr\/corinte\/wp-json\/wp\/v2\/users\/28"}],"replies":[{"embeddable":true,"href":"https:\/\/icar.cnrs.fr\/corinte\/wp-json\/wp\/v2\/comments?post=783"}],"version-history":[{"count":5,"href":"https:\/\/icar.cnrs.fr\/corinte\/wp-json\/wp\/v2\/pages\/783\/revisions"}],"predecessor-version":[{"id":883,"href":"https:\/\/icar.cnrs.fr\/corinte\/wp-json\/wp\/v2\/pages\/783\/revisions\/883"}],"up":[{"embeddable":true,"href":"https:\/\/icar.cnrs.fr\/corinte\/wp-json\/wp\/v2\/pages\/719"}],"wp:attachment":[{"href":"https:\/\/icar.cnrs.fr\/corinte\/wp-json\/wp\/v2\/media?parent=783"}],"curies":[{"name":"wp","href":"https:\/\/api.w.org\/{rel}","templated":true}]}}