{"id":845,"date":"2021-09-13T14:46:30","date_gmt":"2021-09-13T12:46:30","guid":{"rendered":"http:\/\/icar.cnrs.fr\/corinte\/?page_id=845"},"modified":"2021-09-22T18:01:32","modified_gmt":"2021-09-22T16:01:32","slug":"contacts","status":"publish","type":"page","link":"https:\/\/icar.cnrs.fr\/corinte\/contacts\/","title":{"rendered":"Contacts"},"content":{"rendered":"<h3><span style=\"color: #33cccc\">Responsables :<\/span><\/h3>\n<p>V\u00e9ronique Traverso, Isabel Colon de Carvajal et Heike Baldauf-Quilliatre<\/p>\n<h3><\/h3>\n<h3><span style=\"color: #33cccc\">Contributeurs \u00e0 la mise \u00e0 jour du site CORINTE en 2021 :<\/span><\/h3>\n<p><span style=\"color: #0000ff\"><a style=\"color: #0000ff\" href=\"http:\/\/www.icar.cnrs.fr\/membre\/hbaldauf-quilliatre\/\">Heike Baldauf-Quilliatre<\/a>, <a style=\"color: #0000ff\" href=\"http:\/\/perso.ens-lyon.fr\/isabelle.colondecarvajal\/pro\/\">Isabel Colon de Carvajal<\/a>, <a style=\"color: #0000ff\" href=\"http:\/\/perso.ens-lyon.fr\/carole.etienne\/\">Carole Etienne<\/a>, <a style=\"color: #0000ff\" href=\"http:\/\/www.icar.cnrs.fr\/membre\/ejouin\/\">Emilie Jouin<\/a>, <a style=\"color: #0000ff\" href=\"http:\/\/www.icar.cnrs.fr\/membre\/jlascar\/\">Justine Lascar<\/a>, <a style=\"color: #0000ff\" href=\"http:\/\/www.icar.cnrs.fr\/membre\/lmaritaud\/\">Louis Maritaud<\/a>, <a style=\"color: #0000ff\" href=\"http:\/\/www.icar.cnrs.fr\/membre\/vpiccoli\/\">Vanessa Piccoli<\/a>, <a style=\"color: #0000ff\" href=\"http:\/\/www.icar.cnrs.fr\/membre\/acticca\/\">Anna Claudia Ticca<\/a>, <\/span><a href=\"http:\/\/www.icar.cnrs.fr\/membre\/vtraverso\/\"><span style=\"color: #0000ff\">V\u00e9ronique Traverso<\/span><\/a>.<\/p>\n<h3><\/h3>\n<h3><span style=\"color: #33cccc\">Groupe fondateur du site CORINTE :<\/span><\/h3>\n<p><span style=\"color: #000000\">ICOR <\/span>(Interactions CORpus) : <span style=\"color: #0000ff\"><a style=\"color: #0000ff\" href=\"https:\/\/www.lorenzamondada.net\/publications\">Lorenza Mondada<\/a><\/span>, V\u00e9ronique Traverso et <span style=\"color: #0000ff\"><a style=\"color: #0000ff\" href=\"http:\/\/www.icar.cnrs.fr\/pageperso\/cplantin\/\">Christian Plantin<\/a> <\/span>(responsables), <span style=\"color: #0000ff\"><a style=\"color: #0000ff\" href=\"http:\/\/www.ddl.cnrs.fr\/equipes\/index.asp?Action=Edit&amp;Langue=F&amp;Equipe=1&amp;Page=Michel%20BERT\">Michel Bert<\/a><\/span>, <span style=\"color: #0000ff\"><a style=\"color: #0000ff\" href=\"http:\/\/www.icar.cnrs.fr\/membre\/sbruxelles\/\">Sylvie Bruxelles<\/a><\/span>, Carole Etienne, Emilie Jouin, <span style=\"color: #0000ff\"><a style=\"color: #0000ff\" href=\"http:\/\/www.icar.cnrs.fr\/membre\/stestonbonnard\/\">Sandra Teston-Bonnard<\/a><\/span>, <span style=\"color: #0000ff\"><a style=\"color: #0000ff\" href=\"http:\/\/www.icar.cnrs.fr\/membre\/dvalero\/\">Daniel Valero<\/a><\/span>.<\/p>\n","protected":false},"excerpt":{"rendered":"<p>Responsables : V\u00e9ronique Traverso, Isabel Colon de Carvajal et Heike Baldauf-Quilliatre Contributeurs \u00e0 la mise \u00e0 jour du site CORINTE en 2021 : Heike Baldauf-Quilliatre, Isabel Colon de Carvajal, Carole&#8230;<\/p>\n","protected":false},"author":28,"featured_media":0,"parent":0,"menu_order":0,"comment_status":"closed","ping_status":"closed","template":"","meta":{"inline_featured_image":false,"footnotes":""},"class_list":["post-845","page","type-page","status-publish","hentry"],"_links":{"self":[{"href":"https:\/\/icar.cnrs.fr\/corinte\/wp-json\/wp\/v2\/pages\/845","targetHints":{"allow":["GET"]}}],"collection":[{"href":"https:\/\/icar.cnrs.fr\/corinte\/wp-json\/wp\/v2\/pages"}],"about":[{"href":"https:\/\/icar.cnrs.fr\/corinte\/wp-json\/wp\/v2\/types\/page"}],"author":[{"embeddable":true,"href":"https:\/\/icar.cnrs.fr\/corinte\/wp-json\/wp\/v2\/users\/28"}],"replies":[{"embeddable":true,"href":"https:\/\/icar.cnrs.fr\/corinte\/wp-json\/wp\/v2\/comments?post=845"}],"version-history":[{"count":5,"href":"https:\/\/icar.cnrs.fr\/corinte\/wp-json\/wp\/v2\/pages\/845\/revisions"}],"predecessor-version":[{"id":986,"href":"https:\/\/icar.cnrs.fr\/corinte\/wp-json\/wp\/v2\/pages\/845\/revisions\/986"}],"wp:attachment":[{"href":"https:\/\/icar.cnrs.fr\/corinte\/wp-json\/wp\/v2\/media?parent=845"}],"curies":[{"name":"wp","href":"https:\/\/api.w.org\/{rel}","templated":true}]}}