{"id":167,"date":"2016-12-07T15:12:12","date_gmt":"2016-12-07T14:12:12","guid":{"rendered":"https:\/\/icar.cnrs.fr\/membre\/arabatel\/?page_id=167"},"modified":"2018-02-05T14:13:09","modified_gmt":"2018-02-05T13:13:09","slug":"activites-administratives","status":"publish","type":"page","link":"https:\/\/icar.cnrs.fr\/membre\/arabatel\/activites-administratives\/","title":{"rendered":"Activit\u00e9s administratives"},"content":{"rendered":"<h2><em>ACTIVITES ET RESPONSABILITES ADMINISTRATIVES NATIONALES<\/em><\/h2>\n<p><em>* Elu membre suppl\u00e9ant Conseil National des Universit\u00e9s, section Sciences du Langage, 2011-2015<\/em><\/p>\n<p><em>* Membre du jury d\u2019attribution de la Prime d\u2019Excellence scientifique (3 derni\u00e8res sessions, avant l\u2019attribution de cette charge au CNU)<\/em><\/p>\n<p><strong><em>* Commissions de sp\u00e9cialistes\u00a0:<\/em><\/strong><\/p>\n<p>&#8211; Membre A de la commission de sp\u00e9cialiste (7 et 9<sup>e<\/sup> s. du CNU) de l\u2019IUFM d\u2019Aquitaine (2<sup>e<\/sup> mandat, mars 2007).<\/p>\n<p>&#8211; Membre A de la commission de sp\u00e9cialistes (7<sup>e<\/sup> s. CNU) de l\u2019Universit\u00e9 de Paris 10 (1<sup>er<\/sup> mandat, mars 2007).<\/p>\n<p>&#8211; Membre A de la commission de sp\u00e9cialistes de l\u2019Universit\u00e9 de Franche-Comt\u00e9 (depuis juin 2007)<\/p>\n<p>&#8211; Membre A titulaire du jury de recrutement de l\u2019ENFA, Toulouse, 1<sup>er<\/sup> et 2 octobre 2008.<\/p>\n<p>&#8211; Membre A du comit\u00e9 de s\u00e9lection de l\u2019universit\u00e9 Claude Bernard, Lyon 1-IUFM.<\/p>\n<p>&#8211; Membre A des viviers d\u2019experts des Universit\u00e9s\u00a0: Paul Verlaine, Metz\u00a0; Paris Ouest\u00a0; Rennes 2\u00a0; Franche-Comt\u00e9\u00a0; Montpellier 3\u00a0; Nancy 2.<\/p>\n<p>&#8211; Membre du comit\u00e9 de s\u00e9lection de l\u2019UCBL-Lyon 1 (novembre, D\u00e9cembre 2008, poste MCF 0669)<\/p>\n<p>&#8211; Membre du comit\u00e9 de s\u00e9lection de Metz (4 mai, 8 juin 2009, poste MCF 0085).<\/p>\n<p>&#8211; Membre du comit\u00e9 de s\u00e9lection poste PU Universit\u00e9 de Montpellier 3, mai 2012<\/p>\n<p>&#8211; 1 Expertise externe d\u2019un dossier \u00e9tranger pour le poste PR 0753, Universit\u00e9 Lumi\u00e8re-Lyon 2, avril 2012<\/p>\n<p>&#8211; Ex Membre A des commissions de sp\u00e9cialistes\u00a0(7<sup>e<\/sup> s. CNU) des Universit\u00e9s de Franche-Comt\u00e9, de Limoges.<\/p>\n<p>&#8211; Membre A des comit\u00e9s de s\u00e9lection de l\u2019universit\u00e9 de Toulon (poste MCF 0063), de Paris 4 (poste PR 0027), de Lyon 1 (poste MCF 1009) en 2013.<\/p>\n<p>-Membre A poste PU syntaxe, Grenoble 3, avril et mai 2014.<\/p>\n<p>-Membre A poste MCF 0110 7\/8, Universit\u00e9 de Grenoble 3, 28 avril et 18 mai 2015.<\/p>\n<p>-Membre A poste MCF 4122, 7\/9, linguistique fran\u00e7aise, Universit\u00e9 de Toulon, 5 et 20 mai 2015.<\/p>\n<p>-Membre A poste PU 37, S\u00e9mantique et analyse du discours, Universit\u00e9 de Montpellier 3, 4 et 31 mai 2016.<\/p>\n<p>-Membre A poste PU 4367, Didactique du fran\u00e7ais, 12 octobre 2017, Universit\u00e9 de Rouen.<\/p>\n<p>&#8211; Membre du comit\u00e9 de recrutement de 2 postes de PRAG\/PRCE, ESPE de Lyon, Lyon et Saint-Etienne, 8 et 23 novembre 2017.<\/p>\n<p>&#8211; Comit\u00e9 de s\u00e9lection Poste MCF 7<sup>e<\/sup>\/70<sup>e<\/sup>, 57155, Marseille, 11\/04 et 11\/05 2018.<\/p>\n<p><strong><em>ACTIVITES ET RESPONSABILITES ADMINISTRATIVES DANS L\u2019ETABLISSEMENT<\/em><\/strong><\/p>\n<p><em>* Conseils d\u2019administration<\/em><\/p>\n<p>&#8211; Membre \u00e9lu du Conseil d\u2019administration-Conseil d\u2019Ecole de l\u2019IUFM-Universit\u00e9 de Lyon 1, coll\u00e8ge A, 2008-2012, r\u00e9\u00e9lu 2012-2014.<\/p>\n<p><em>* Conseils scientifiques<\/em><\/p>\n<p>&#8211; Membre du Conseil Scientifique et P\u00e9dagogique de l\u2019IUFM de Lyon, coll\u00e8ge A, 2004-2008.<\/p>\n<p>* Coordonnateur du comit\u00e9 consultatif (sections 7 \u00e0 15) de l\u2019Universit\u00e9 Claude Bernard \u00e0 dater du 12 janvier 2009<\/p>\n<p><em>* Commissions de sp\u00e9cialistes\u00a0:<\/em><\/p>\n<p>&#8211; Membre A du comit\u00e9 de s\u00e9lection de l\u2019universit\u00e9 Claude Bernard, Lyon 1-IUFM.<\/p>\n<p>&#8211; Membre du comit\u00e9 de s\u00e9lection de l\u2019UCBL-Lyon 1 (novembre, D\u00e9cembre 2008, poste MCF 0669)<\/p>\n<p><em>&#8211; <\/em>Pr\u00e9sident du comit\u00e9 de s\u00e9lection poste MCF 0171 (mai 2012)<\/p>\n<p>&#8211; Ex Membre B puis A de la commission de sp\u00e9cialistes\u00a0n\u00b0 1 (7<sup>e<\/sup> et 9<sup>e<\/sup> s. du CNU) de l\u2019IUFM de Lyon depuis 1998 jusqu\u2019\u00e0 sa dissolution, en juin 2007.<\/p>\n<p>* Pr\u00e9sident de la commission de choix de l\u2019IUFM de l\u2019Acad\u00e9mie de Lyon (recrutement des enseignants des premier et second degr\u00e9s) \u00e0 compter de d\u00e9cembre 2009, jusqu\u2019en 2013.<\/p>\n<p><em>* Autres responsabilit\u00e9s administratives<\/em><\/p>\n<p>&#8211; Responsable de l\u2019Unit\u00e9 de Coordination Disciplinaire de Langue et Litt\u00e9rature fran\u00e7aises, \u00e0 l\u2019IUFM de Lyon (2002-2004).<\/p>\n<p>&#8211; Expert aupr\u00e8s de la commission d\u2019\u00e9valuation des stages de formation continue (2000-2003)<\/p>\n<p>&#8211; Membre des commissions de recrutement des Temps Partag\u00e9s premier et second degr\u00e9s de l\u2019IUFM depuis 1998 jusqu\u2019\u00e0 2013.<\/p>\n<p>&#8211; Organisation des concours blancs des Professeurs des Ecoles \u00e0 l\u2019IUFM de Lyon, pour le centre local de Lyon, puis pour l\u2019ensemble de l\u2019IUFM depuis 2001, pendant 4 ans.<\/p>\n<p>&#8211; Membre des jurys acad\u00e9miques pour le CAPE, jurys de titularisation des Professeurs d\u2019Ecole stagiaires.<\/p>\n<p>&#8211; Membre de jurys pour l\u2019examen de Professeur d\u2019Ecole Ma\u00eetre de stage (CAFIPEMF).<\/p>\n<p>&#8211; Membre de la commission inter-\u00e9tablissements (2007-2008) en vue de l\u2019organisation du master \u00ab\u00a0Education et Langage\u00a0\u00bb, Universit\u00e9 de Lyon 1-Iufm et Universit\u00e9 de Lyon 2.<\/p>\n<p>&#8211; Membre des commissions de l\u2019IUFM pour la mast\u00e9risation (Automne 2008), charg\u00e9 du suivi avec Lyon 2, Lyon 3 et l\u2019universit\u00e9 de Saint-Etienne (masters PE).<\/p>\n<p><strong><em>* Autres responsabilit\u00e9s<\/em><\/strong><\/p>\n<p>Pr\u00e9sident de l\u2019Association de Sciences du Langage, 4<sup>e<\/sup> mandat, r\u00e9\u00e9lu le 26 janvier 2018 jusque janvier 2020 (premier mandat en janvier 2012).<\/p>\n<p>&nbsp;<\/p>\n","protected":false},"excerpt":{"rendered":"<p>ACTIVITES ET RESPONSABILITES ADMINISTRATIVES NATIONALES * Elu membre suppl\u00e9ant Conseil National des Universit\u00e9s, section Sciences du Langage, 2011-2015 * Membre du jury d\u2019attribution de la Prime d\u2019Excellence scientifique (3 derni\u00e8res sessions, avant l\u2019attribution de cette charge au CNU) * Commissions &hellip; <a href=\"https:\/\/icar.cnrs.fr\/membre\/arabatel\/activites-administratives\/\">Continuer la lecture <span class=\"meta-nav\">&rarr;<\/span><\/a><\/p>\n","protected":false},"author":1,"featured_media":0,"parent":0,"menu_order":0,"comment_status":"closed","ping_status":"closed","template":"","meta":{"footnotes":""},"class_list":["post-167","page","type-page","status-publish","hentry"],"_links":{"self":[{"href":"https:\/\/icar.cnrs.fr\/membre\/arabatel\/wp-json\/wp\/v2\/pages\/167","targetHints":{"allow":["GET"]}}],"collection":[{"href":"https:\/\/icar.cnrs.fr\/membre\/arabatel\/wp-json\/wp\/v2\/pages"}],"about":[{"href":"https:\/\/icar.cnrs.fr\/membre\/arabatel\/wp-json\/wp\/v2\/types\/page"}],"author":[{"embeddable":true,"href":"https:\/\/icar.cnrs.fr\/membre\/arabatel\/wp-json\/wp\/v2\/users\/1"}],"replies":[{"embeddable":true,"href":"https:\/\/icar.cnrs.fr\/membre\/arabatel\/wp-json\/wp\/v2\/comments?post=167"}],"version-history":[{"count":3,"href":"https:\/\/icar.cnrs.fr\/membre\/arabatel\/wp-json\/wp\/v2\/pages\/167\/revisions"}],"predecessor-version":[{"id":213,"href":"https:\/\/icar.cnrs.fr\/membre\/arabatel\/wp-json\/wp\/v2\/pages\/167\/revisions\/213"}],"wp:attachment":[{"href":"https:\/\/icar.cnrs.fr\/membre\/arabatel\/wp-json\/wp\/v2\/media?parent=167"}],"curies":[{"name":"wp","href":"https:\/\/api.w.org\/{rel}","templated":true}]}}