{"id":4,"date":"2016-11-02T17:37:52","date_gmt":"2016-11-02T16:37:52","guid":{"rendered":"https:\/\/icar.cnrs.fr\/membre\/bpaoli\/?page_id=4"},"modified":"2025-07-09T17:25:46","modified_gmt":"2025-07-09T15:25:46","slug":"accueil","status":"publish","type":"page","link":"https:\/\/icar.cnrs.fr\/membre\/bpaoli\/","title":{"rendered":"Accueil"},"content":{"rendered":"<div class=\"cadregris\">\n<h3>Bruno\u00a0Paoli<\/h3>\n<p><span class=\"Apple-style-span\">Professeur des universit\u00e9s (D\u00e9partement d&rsquo;\u00e9tudes arabes)<br \/>\n<\/span><\/p>\n<p>Membre associ\u00e9 au laboratoire ICAR<\/p>\n<p>Email\u00a0: <span class=\"Apple-style-span\"><a href=\"mailto:bmapaoli@gmail.com\">bmapaoli@gmail.com<\/a><\/span><\/p>\n<\/div>\n","protected":false},"excerpt":{"rendered":"<p>Bruno\u00a0Paoli Professeur des universit\u00e9s (D\u00e9partement d&rsquo;\u00e9tudes arabes) Membre associ\u00e9 au laboratoire ICAR Email\u00a0: bmapaoli@gmail.com<\/p>\n","protected":false},"author":1,"featured_media":0,"parent":0,"menu_order":0,"comment_status":"closed","ping_status":"closed","template":"","meta":{"footnotes":""},"class_list":["post-4","page","type-page","status-publish","hentry"],"_links":{"self":[{"href":"https:\/\/icar.cnrs.fr\/membre\/bpaoli\/wp-json\/wp\/v2\/pages\/4","targetHints":{"allow":["GET"]}}],"collection":[{"href":"https:\/\/icar.cnrs.fr\/membre\/bpaoli\/wp-json\/wp\/v2\/pages"}],"about":[{"href":"https:\/\/icar.cnrs.fr\/membre\/bpaoli\/wp-json\/wp\/v2\/types\/page"}],"author":[{"embeddable":true,"href":"https:\/\/icar.cnrs.fr\/membre\/bpaoli\/wp-json\/wp\/v2\/users\/1"}],"replies":[{"embeddable":true,"href":"https:\/\/icar.cnrs.fr\/membre\/bpaoli\/wp-json\/wp\/v2\/comments?post=4"}],"version-history":[{"count":45,"href":"https:\/\/icar.cnrs.fr\/membre\/bpaoli\/wp-json\/wp\/v2\/pages\/4\/revisions"}],"predecessor-version":[{"id":174,"href":"https:\/\/icar.cnrs.fr\/membre\/bpaoli\/wp-json\/wp\/v2\/pages\/4\/revisions\/174"}],"wp:attachment":[{"href":"https:\/\/icar.cnrs.fr\/membre\/bpaoli\/wp-json\/wp\/v2\/media?parent=4"}],"curies":[{"name":"wp","href":"https:\/\/api.w.org\/{rel}","templated":true}]}}