{"id":4,"date":"2016-11-02T17:37:52","date_gmt":"2016-11-02T16:37:52","guid":{"rendered":"https:\/\/icar.cnrs.fr\/membre\/ccohen\/?page_id=4"},"modified":"2024-01-26T18:10:13","modified_gmt":"2024-01-26T17:10:13","slug":"accueil","status":"publish","type":"page","link":"https:\/\/icar.cnrs.fr\/membre\/ccohen\/","title":{"rendered":"Accueil"},"content":{"rendered":"<div class=\"cadregris\">\n<p><strong>Cathy Cohen<img loading=\"lazy\" decoding=\"async\" class=\"wp-image-271 alignright\" src=\"https:\/\/icar.cnrs.fr\/membre\/ccohen\/wp-content\/uploads\/sites\/46\/2024\/01\/IMG_9031-300x292.jpg\" alt=\"\" width=\"137\" height=\"134\" srcset=\"https:\/\/icar.cnrs.fr\/membre\/ccohen\/wp-content\/uploads\/sites\/46\/2024\/01\/IMG_9031-300x292.jpg 300w, https:\/\/icar.cnrs.fr\/membre\/ccohen\/wp-content\/uploads\/sites\/46\/2024\/01\/IMG_9031-308x300.jpg 308w, https:\/\/icar.cnrs.fr\/membre\/ccohen\/wp-content\/uploads\/sites\/46\/2024\/01\/IMG_9031.jpg 766w\" sizes=\"auto, (max-width: 137px) 100vw, 137px\" \/><\/strong><\/p>\n<p>Ma\u00eetre de conf\u00e9rences en anglais et didactique des langues \u00e0 l&rsquo;Universit\u00e9 Claude Bernard, Lyon 1 (Institut National Sup\u00e9rieur du Professorat et de l\u2019\u00c9ducation)<\/p>\n<p>PhD en Linguistique (2011).\u00a0<em> Input factors, language experiences and metalinguistic awareness in bilingual children<\/em>, sous la direction de Charlotte Hoffmann, Universit\u00e9 de Salford, Royaume-Uni.<\/p>\n<p><strong> Qualifi\u00e9e en 7\u00e8me et 11\u00e8me sections du CNU <\/strong><\/p>\n<p>Email\u00a0: <span lang=\"de\" xml:lang=\"de\"><a href=\"mailto:cathy.cohen@ens-lyon.fr\">cathy.cohen@ens-lyon.fr<\/a><\/span><\/p>\n<p style=\"text-align: left\">Laboratoire <a href=\"http:\/\/icar.univ-lyon2.fr\/\">ICAR\u00a0<\/a>UMR 5191\u00a0(Interactions, Corpus, Apprentissage, Repr\u00e9sentations)<br \/>\n\u00c9quipe: Apprentissages, discours, interactions, savoirs (ADIS)<\/p>\n<p style=\"text-align: left\"><strong>Adresse<br \/>\n<\/strong>Laboratoire <a href=\"http:\/\/icar.univ-lyon2.fr\/\">ICAR<\/a><br \/>\nEcole Normale Sup\u00e9rieure de Lyon<br \/>\n15 parvis Ren\u00e9 Descartes &#8211; BP 7000<br \/>\n69342 LYON Cedex 07<br \/>\nFrance<\/p>\n<\/div>\n","protected":false},"excerpt":{"rendered":"<p>Cathy Cohen Ma\u00eetre de conf\u00e9rences en anglais et didactique des langues \u00e0 l&rsquo;Universit\u00e9 Claude Bernard, Lyon 1 (Institut National Sup\u00e9rieur du Professorat et de l\u2019\u00c9ducation) PhD en Linguistique (2011).\u00a0 Input factors, language experiences and metalinguistic awareness in bilingual children, sous &hellip; <a href=\"https:\/\/icar.cnrs.fr\/membre\/ccohen\/\">Continuer la lecture <span class=\"meta-nav\">&rarr;<\/span><\/a><\/p>\n","protected":false},"author":1,"featured_media":0,"parent":0,"menu_order":1,"comment_status":"closed","ping_status":"closed","template":"","meta":{"footnotes":""},"class_list":["post-4","page","type-page","status-publish","hentry"],"_links":{"self":[{"href":"https:\/\/icar.cnrs.fr\/membre\/ccohen\/wp-json\/wp\/v2\/pages\/4","targetHints":{"allow":["GET"]}}],"collection":[{"href":"https:\/\/icar.cnrs.fr\/membre\/ccohen\/wp-json\/wp\/v2\/pages"}],"about":[{"href":"https:\/\/icar.cnrs.fr\/membre\/ccohen\/wp-json\/wp\/v2\/types\/page"}],"author":[{"embeddable":true,"href":"https:\/\/icar.cnrs.fr\/membre\/ccohen\/wp-json\/wp\/v2\/users\/1"}],"replies":[{"embeddable":true,"href":"https:\/\/icar.cnrs.fr\/membre\/ccohen\/wp-json\/wp\/v2\/comments?post=4"}],"version-history":[{"count":59,"href":"https:\/\/icar.cnrs.fr\/membre\/ccohen\/wp-json\/wp\/v2\/pages\/4\/revisions"}],"predecessor-version":[{"id":275,"href":"https:\/\/icar.cnrs.fr\/membre\/ccohen\/wp-json\/wp\/v2\/pages\/4\/revisions\/275"}],"wp:attachment":[{"href":"https:\/\/icar.cnrs.fr\/membre\/ccohen\/wp-json\/wp\/v2\/media?parent=4"}],"curies":[{"name":"wp","href":"https:\/\/api.w.org\/{rel}","templated":true}]}}