{"id":8,"date":"2016-11-02T17:38:51","date_gmt":"2016-11-02T16:38:51","guid":{"rendered":"https:\/\/icar.cnrs.fr\/membre\/cmondeme\/?page_id=8"},"modified":"2017-02-25T12:59:50","modified_gmt":"2017-02-25T11:59:50","slug":"publications","status":"publish","type":"page","link":"https:\/\/icar.cnrs.fr\/membre\/cmondeme\/publications\/","title":{"rendered":"Publications"},"content":{"rendered":"<h2>Publications<\/h2>\n<div>\n<h3><strong>Ouvrage (\u00e0 para\u00eetre, 2017)<br \/>\n<\/strong><\/h3>\n<p style=\"text-align: left\"><em>La socialit\u00e9 intersp\u00e9cifique,<\/em> Limoges : Lambert-Lucas.<\/p>\n<h2>Liste des publications sur HAL<\/h2>\n\r\n\r\n<!--\r\n        $url = \"http:\/\/halshs.archives-ouvertes.fr\/Public\/afficheRequetePubli.php?\".\r\n     $url = \"https:\/\/haltools.archives-ouvertes.fr\/Public\/afficheRequetePubli.php?\".\r\n\t\t\t\"auteur_exp=\".$_parameters[\"idHAL\"].\r\nannee_publideb=1900&amp;\r\nannee_publifin=2100&amp;\r\nauteur_exp=nathalie,blanc&amp;\r\nCB_ref_biblio=oui&amp;\r\nlabos_exp=icar&amp;\r\nlangue=Francais&amp;\r\ntri_exp=annee_publi&amp;\r\ntri_exp2=typdoc&amp;\r\ntri_exp3=date_publi&amp;\r\nordre_aff=AT&amp;\r\nFen=Aff\r\n-->\r\n\n<h3><strong>Communications \u00e0 des colloques nationaux ou internationaux<\/strong><\/h3>\n<p class=\"gmail-texte\">2016 \u2013 \u00ab La communication intersp\u00e9cifique homme\/animal comme lieu de dialogue entre linguistique et biologie ? \u00bb,\u00a0<em>Colloque final du programme ANR Licornes<\/em>, Rabat (Maroc), 3 Juin 2016.<\/p>\n<p>2015 \u2013 \u00ab Respecifying &lsquo;joint attention&rsquo; \u00bb. International Conference \u00ab\u00a0Living the Material World\u00a0\u00bb<em>(International Institute for Ethnomethodology and Conversation Analysis, IIEMCA)<\/em>, Kolding (Danemark), 4th June 2015<\/p>\n<p>2015 \u2013 \u00ab Participation in interspecific interaction: what kind of participants are animals? \u00bb,<em>International Conference &lsquo;Revisiting Participation&rsquo;<\/em>, University of Basel (Suisse), 24th June 2015.<\/p>\n<p>2014 \u2013 \u00ab The role of gazing in social interaction: what about the dog\u2019s gaze? \u00bb.\u00a0<em>International Conference for Conversation Analysis (ICCA-14)<\/em>, Los Angeles, 26th June 2014.<\/p>\n<p>2014 \u2013 \u00ab Artworks as touchable objects: guiding perception in a museum tour for blind people \u00bb,<em>ICCA-14<\/em>, Los Angeles, 28th June 2014 (avec Ya\u00ebl Kreplak)<\/p>\n<p>2011 \u2013 \u00ab\u00a0Dog-human sociality as mutual orientation\u00a0\u00bb 10th Conference of the International Institute for Ethnomethodology and Conversation Analysis (IIEMCA), Fribourg, 11-14 juillet 2011<\/p>\n<p>2010 \u2013 \u00ab\u00a0Animal as subject matter for social sciences: when linguistics addresses the issue of dog\u2019s \u201cspeakership\u201d \u00bb, International Conference\u00a0<em>Non-human in Anthropology<\/em>, Prague, 5 December 2010<\/p>\n<p>2009 \u2013 \u00ab\u00a0Langage au travail et langage comme travail. Le cas des maraudeurs du Samusocial\u00a0\u00bb, communication au colloque international\u00a0<em>Actes\u00e9ducatifs et de soin\u00a0: entre \u00e9thique et gouvernance<\/em>, Nice Sophia Antipolis, 4-5 Juin 2009<\/p>\n<p>2006 \u2013 \u00ab\u00a0\u2018Cr\u00e9er du lien\u2019. Pour une analyse ethnographique et linguistique du travail des \u00e9quipes mobiles du Samusocial de Paris\u00a0\u00bb (avec Gardella E. et Lemener E.), communication au\u00a0<em>2 \u00e8me congr\u00e8s de l\u2019Association Fran\u00e7aise de Sociologie<\/em>, RT 23 \u00ab\u00a0Sociologie du travail, activit\u00e9s et techniques\u00a0\u00bb. Universit\u00e9 Bordeaux II, 5 Septembre 2006<\/p>\n<\/div>\n<p>&nbsp;<\/p>\n","protected":false},"excerpt":{"rendered":"<p>Publications Ouvrage (\u00e0 para\u00eetre, 2017) La socialit\u00e9 intersp\u00e9cifique, Limoges : Lambert-Lucas. Liste des publications sur HAL Communications \u00e0 des colloques nationaux ou internationaux 2016 \u2013 \u00ab La communication intersp\u00e9cifique homme\/animal comme lieu de dialogue entre linguistique et biologie ? \u00bb,\u00a0Colloque &hellip; <a href=\"https:\/\/icar.cnrs.fr\/membre\/cmondeme\/publications\/\">Continuer la lecture <span class=\"meta-nav\">&rarr;<\/span><\/a><\/p>\n","protected":false},"author":1,"featured_media":0,"parent":0,"menu_order":2,"comment_status":"closed","ping_status":"closed","template":"","meta":{"footnotes":""},"class_list":["post-8","page","type-page","status-publish","hentry"],"_links":{"self":[{"href":"https:\/\/icar.cnrs.fr\/membre\/cmondeme\/wp-json\/wp\/v2\/pages\/8","targetHints":{"allow":["GET"]}}],"collection":[{"href":"https:\/\/icar.cnrs.fr\/membre\/cmondeme\/wp-json\/wp\/v2\/pages"}],"about":[{"href":"https:\/\/icar.cnrs.fr\/membre\/cmondeme\/wp-json\/wp\/v2\/types\/page"}],"author":[{"embeddable":true,"href":"https:\/\/icar.cnrs.fr\/membre\/cmondeme\/wp-json\/wp\/v2\/users\/1"}],"replies":[{"embeddable":true,"href":"https:\/\/icar.cnrs.fr\/membre\/cmondeme\/wp-json\/wp\/v2\/comments?post=8"}],"version-history":[{"count":39,"href":"https:\/\/icar.cnrs.fr\/membre\/cmondeme\/wp-json\/wp\/v2\/pages\/8\/revisions"}],"predecessor-version":[{"id":172,"href":"https:\/\/icar.cnrs.fr\/membre\/cmondeme\/wp-json\/wp\/v2\/pages\/8\/revisions\/172"}],"wp:attachment":[{"href":"https:\/\/icar.cnrs.fr\/membre\/cmondeme\/wp-json\/wp\/v2\/media?parent=8"}],"curies":[{"name":"wp","href":"https:\/\/api.w.org\/{rel}","templated":true}]}}