{"id":4,"date":"2016-11-02T17:37:52","date_gmt":"2016-11-02T16:37:52","guid":{"rendered":"https:\/\/icar.cnrs.fr\/membre\/cparpette\/?page_id=4"},"modified":"2021-02-26T11:19:28","modified_gmt":"2021-02-26T10:19:28","slug":"accueil","status":"publish","type":"page","link":"https:\/\/icar.cnrs.fr\/membre\/cparpette\/","title":{"rendered":"Accueil"},"content":{"rendered":"<div class=\"cadregris\">\n<h2><strong>Chantal\u00a0Parpette<img loading=\"lazy\" decoding=\"async\" class=\"alignright size-full wp-image-157\" src=\"https:\/\/icar.cnrs.fr\/membre\/cparpette\/wp-content\/uploads\/sites\/66\/2016\/11\/photo.jpg\" alt=\"photo\" width=\"214\" height=\"150\" \/><\/strong><\/h2>\n<h2><\/h2>\n<p>Ma\u00eetre de conf\u00e9rences retrait\u00e9e en didactique du fran\u00e7ais langue \u00e9trang\u00e8re \u00e0 l\u2019universit\u00e9 Lumi\u00e8re-Lyon 2<br \/>\nQualifi\u00e9e en 7e section du CNU (sciences du langage)<\/p>\n<p>Email\u00a0: <span class=\"Apple-style-span\"><a href=\"mailto:Chantal.Parpette@univ-lyon2.fr\">Chantal.Parpette@univ-lyon2.fr<\/a><\/span><br \/>\nTel. : 33 (0)<span class=\"Apple-style-span\">4 78 77 24 82<\/span><\/p>\n<p>Membre du laboratoire\u00a0<a href=\"http:\/\/icar.univ-lyon2.fr\/\">ICAR<\/a>\u00a0<a href=\"http:\/\/icar.univ-lyon2.fr\/\">UMR 5191<\/a>\u00a0(Interactions, Corpus, Apprentissage, Repr\u00e9sentations)<br \/>\n<i><\/i>Apprentissages, discours, interactions, savoirs (ADIS)<\/p>\n<p style=\"text-align: left;\"><strong>Adresse<br \/>\n<\/strong>Laboratoire ICAR<br \/>\nEcole Normale Sup\u00e9rieure de Lyon<br \/>\n15 parvis Ren\u00e9 Descartes &#8211; BP 7000<br \/>\n69342 LYON Cedex 07<br \/>\nFrance<\/p>\n<\/div>\n","protected":false},"excerpt":{"rendered":"<p>Chantal\u00a0Parpette Ma\u00eetre de conf\u00e9rences retrait\u00e9e en didactique du fran\u00e7ais langue \u00e9trang\u00e8re \u00e0 l\u2019universit\u00e9 Lumi\u00e8re-Lyon 2 Qualifi\u00e9e en 7e section du CNU (sciences du langage) Email\u00a0: Chantal.Parpette@univ-lyon2.fr Tel. : 33 (0)4 78 77 24 82 Membre du laboratoire\u00a0ICAR\u00a0UMR 5191\u00a0(Interactions, Corpus, Apprentissage, &hellip; <a href=\"https:\/\/icar.cnrs.fr\/membre\/cparpette\/\">Continuer la lecture <span class=\"meta-nav\">&rarr;<\/span><\/a><\/p>\n","protected":false},"author":1,"featured_media":0,"parent":0,"menu_order":0,"comment_status":"closed","ping_status":"closed","template":"","meta":{"footnotes":""},"class_list":["post-4","page","type-page","status-publish","hentry"],"_links":{"self":[{"href":"https:\/\/icar.cnrs.fr\/membre\/cparpette\/wp-json\/wp\/v2\/pages\/4","targetHints":{"allow":["GET"]}}],"collection":[{"href":"https:\/\/icar.cnrs.fr\/membre\/cparpette\/wp-json\/wp\/v2\/pages"}],"about":[{"href":"https:\/\/icar.cnrs.fr\/membre\/cparpette\/wp-json\/wp\/v2\/types\/page"}],"author":[{"embeddable":true,"href":"https:\/\/icar.cnrs.fr\/membre\/cparpette\/wp-json\/wp\/v2\/users\/1"}],"replies":[{"embeddable":true,"href":"https:\/\/icar.cnrs.fr\/membre\/cparpette\/wp-json\/wp\/v2\/comments?post=4"}],"version-history":[{"count":44,"href":"https:\/\/icar.cnrs.fr\/membre\/cparpette\/wp-json\/wp\/v2\/pages\/4\/revisions"}],"predecessor-version":[{"id":172,"href":"https:\/\/icar.cnrs.fr\/membre\/cparpette\/wp-json\/wp\/v2\/pages\/4\/revisions\/172"}],"wp:attachment":[{"href":"https:\/\/icar.cnrs.fr\/membre\/cparpette\/wp-json\/wp\/v2\/media?parent=4"}],"curies":[{"name":"wp","href":"https:\/\/api.w.org\/{rel}","templated":true}]}}