{"id":1311,"date":"2022-04-24T18:31:33","date_gmt":"2022-04-24T16:31:33","guid":{"rendered":"https:\/\/icar.cnrs.fr\/membre\/cplantin\/?page_id=1311"},"modified":"2024-02-28T09:14:56","modified_gmt":"2024-02-28T08:14:56","slug":"emotion","status":"publish","type":"page","link":"https:\/\/icar.cnrs.fr\/membre\/cplantin\/emotion\/","title":{"rendered":"\u00c9motion"},"content":{"rendered":"<h1 style=\"text-align: center\"><img loading=\"lazy\" decoding=\"async\" class=\"alignnone wp-image-866\" src=\"https:\/\/icar.cnrs.fr\/membre\/cplantin\/wp-content\/uploads\/sites\/107\/2021\/04\/Capture-d\u2019e\u0301cran-2021-04-12-a\u0300-06.57.26.png\" alt=\"\" width=\"135\" height=\"137\" \/><\/h1>\n<h1><\/h1>\n<p style=\"text-align: center\"><strong>\u00c9TUDES SUR LES \u00c9MOTIONS PARL\u00c9ES<br \/>\n<\/strong><\/p>\n<p style=\"text-align: left\"><strong><a href=\"https:\/\/icar.cnrs.fr\/membre\/cplantin\/publications-emotions\/\"><span style=\"text-decoration: underline\">Publications sur l&rsquo;\u00e9motion parl\u00e9e<\/span><\/a><br \/>\n<\/strong><br \/>\n<em><a href=\"https:\/\/icar.cnrs.fr\/membre\/cplantin\/modules-etude-emotion\/\"><strong><span style=\"text-decoration: underline\">Modules pour l&rsquo;\u00e9tude de l&rsquo;\u00e9motion parl\u00e9e<\/span> <\/strong><\/a><\/em><\/p>\n<hr \/>\n<p style=\"text-align: right\"><strong>STUDIES ON SPOKEN EMOTIONS<em><br \/>\n<\/em><\/strong><\/p>\n<h2 style=\"text-align: right\"><strong><a href=\"https:\/\/icar.cnrs.fr\/membre\/cplantin\/publications-emotions\/\">Publications on spoken emotions <\/a><\/strong><\/h2>\n<h2 style=\"text-align: right\"><em><a href=\"https:\/\/icar.cnrs.fr\/membre\/cplantin\/modules-study-spoken-emotion\/\"><strong>Modules for the Study of Spoken Emotion <\/strong><\/a><\/em><\/h2>\n<hr \/>\n<p style=\"text-align: right\"><strong><em>ESTUDIOS SOBRE LA EMOCI\u00d3N HABLADA<\/em><\/strong><\/p>\n<p style=\"padding-left: 60px;text-align: right\"><strong>Publicaciones sobre la emoci\u00f3n hablada<\/strong><\/p>\n<p style=\"padding-left: 60px;text-align: right\"><a href=\"https:\/\/icar.cnrs.fr\/membre\/cplantin\/modulos-estudio-emocion-hablada\/\"><strong><em>M\u00f3dulos para el estudio de la emoci\u00f3n hablada<\/em><\/strong><\/a><\/p>\n<p style=\"text-align: center\"><span style=\"text-decoration: underline\"><img loading=\"lazy\" decoding=\"async\" class=\"wp-image-763 aligncenter\" src=\"https:\/\/icar.cnrs.fr\/membre\/cplantin\/wp-content\/uploads\/sites\/107\/2021\/02\/Capture-d\u2019e\u0301cran-2021-02-09-a\u0300-16.06.44-300x278.png\" alt=\"\" width=\"110\" height=\"103\" srcset=\"https:\/\/icar.cnrs.fr\/membre\/cplantin\/wp-content\/uploads\/sites\/107\/2021\/02\/Capture-d\u2019e\u0301cran-2021-02-09-a\u0300-16.06.44-300x278.png 300w, https:\/\/icar.cnrs.fr\/membre\/cplantin\/wp-content\/uploads\/sites\/107\/2021\/02\/Capture-d\u2019e\u0301cran-2021-02-09-a\u0300-16.06.44-768x711.png 768w, https:\/\/icar.cnrs.fr\/membre\/cplantin\/wp-content\/uploads\/sites\/107\/2021\/02\/Capture-d\u2019e\u0301cran-2021-02-09-a\u0300-16.06.44-324x300.png 324w, https:\/\/icar.cnrs.fr\/membre\/cplantin\/wp-content\/uploads\/sites\/107\/2021\/02\/Capture-d\u2019e\u0301cran-2021-02-09-a\u0300-16.06.44.png 782w\" sizes=\"auto, (max-width: 110px) 100vw, 110px\" \/><\/span><\/p>\n<p>&nbsp;<\/p>\n<hr \/>\n<p>&nbsp;<\/p>\n<h1 style=\"text-align: center\"><\/h1>\n","protected":false},"excerpt":{"rendered":"<p>\u00c9TUDES SUR LES \u00c9MOTIONS PARL\u00c9ES Publications sur l&rsquo;\u00e9motion parl\u00e9e Modules pour l&rsquo;\u00e9tude de l&rsquo;\u00e9motion parl\u00e9e STUDIES ON SPOKEN EMOTIONS Publications on spoken emotions Modules for the Study of Spoken Emotion ESTUDIOS SOBRE LA EMOCI\u00d3N HABLADA Publicaciones sobre la emoci\u00f3n hablada &hellip; <a href=\"https:\/\/icar.cnrs.fr\/membre\/cplantin\/emotion\/\">Continuer la lecture <span class=\"meta-nav\">&rarr;<\/span><\/a><\/p>\n","protected":false},"author":97,"featured_media":0,"parent":0,"menu_order":0,"comment_status":"closed","ping_status":"closed","template":"","meta":{"footnotes":""},"class_list":["post-1311","page","type-page","status-publish","hentry"],"_links":{"self":[{"href":"https:\/\/icar.cnrs.fr\/membre\/cplantin\/wp-json\/wp\/v2\/pages\/1311","targetHints":{"allow":["GET"]}}],"collection":[{"href":"https:\/\/icar.cnrs.fr\/membre\/cplantin\/wp-json\/wp\/v2\/pages"}],"about":[{"href":"https:\/\/icar.cnrs.fr\/membre\/cplantin\/wp-json\/wp\/v2\/types\/page"}],"author":[{"embeddable":true,"href":"https:\/\/icar.cnrs.fr\/membre\/cplantin\/wp-json\/wp\/v2\/users\/97"}],"replies":[{"embeddable":true,"href":"https:\/\/icar.cnrs.fr\/membre\/cplantin\/wp-json\/wp\/v2\/comments?post=1311"}],"version-history":[{"count":154,"href":"https:\/\/icar.cnrs.fr\/membre\/cplantin\/wp-json\/wp\/v2\/pages\/1311\/revisions"}],"predecessor-version":[{"id":2618,"href":"https:\/\/icar.cnrs.fr\/membre\/cplantin\/wp-json\/wp\/v2\/pages\/1311\/revisions\/2618"}],"wp:attachment":[{"href":"https:\/\/icar.cnrs.fr\/membre\/cplantin\/wp-json\/wp\/v2\/media?parent=1311"}],"curies":[{"name":"wp","href":"https:\/\/api.w.org\/{rel}","templated":true}]}}