{"id":204,"date":"2019-02-18T17:40:49","date_gmt":"2019-02-18T16:40:49","guid":{"rendered":"https:\/\/icar.cnrs.fr\/membre\/dbottineau\/?page_id=204"},"modified":"2019-02-21T13:34:18","modified_gmt":"2019-02-21T12:34:18","slug":"collaborations-2","status":"publish","type":"page","link":"https:\/\/icar.cnrs.fr\/membre\/dbottineau\/collaborations-2\/","title":{"rendered":"Collaborations"},"content":{"rendered":"<p>Membre du Conseil Scientifique de l\u2019<a href=\"http:\/\/www.kananas.com\/uplegess\/\">UPLEGESS<\/a> (<em>Union des Professeurs de Langues Etrang\u00e8res du Sup\u00e9rieur Scientifique<\/em>)<\/p>\n<p>Membre du Comit\u00e9 de Pilotage du laboratoire <a href=\"https:\/\/laboratoireimtdidalang.wp.imt.fr\/\">IMT-DidaLang<\/a> (Didactique des langues pour l\u2019\u00e9l\u00e8ve ing\u00e9nieur, Institut Mines-T\u00e9l\u00e9com, Mines d\u2019Albi)<\/p>\n<p>Co-fondateur du groupe de recherches SAISIE (<em>Signifiant, analogie, interlocution, s\u00e9miogen\u00e8se, incarnation, enaction<\/em>) avec Philippe Monneret (Paris-Sorbonne, linguistique g\u00e9n\u00e9rale) et LangEnact (Langage et \u00e9naction)<\/p>\n<p>Cr\u00e9ation en cours du 12 <em>Research Cluster <\/em>du <a href=\"https:\/\/distributedlanguage.org\/\"><em>Distributed Language Group <\/em><\/a>et du groupe <em>LangEnact<\/em><\/p>\n<p>Membre du comit\u00e9 scientifique du laboratoire junior <a href=\"https:\/\/intranet.univ-rennes2.fr\/erimit\/eriliis\">ERILIIS<\/a><\/p>\n","protected":false},"excerpt":{"rendered":"<p>Membre du Conseil Scientifique de l\u2019UPLEGESS (Union des Professeurs de Langues Etrang\u00e8res du Sup\u00e9rieur Scientifique) Membre du Comit\u00e9 de Pilotage du laboratoire IMT-DidaLang (Didactique des langues pour l\u2019\u00e9l\u00e8ve ing\u00e9nieur, Institut Mines-T\u00e9l\u00e9com, Mines d\u2019Albi) Co-fondateur du groupe de recherches SAISIE (Signifiant, &hellip; <a href=\"https:\/\/icar.cnrs.fr\/membre\/dbottineau\/collaborations-2\/\">Continuer la lecture <span class=\"meta-nav\">&rarr;<\/span><\/a><\/p>\n","protected":false},"author":1,"featured_media":0,"parent":0,"menu_order":0,"comment_status":"closed","ping_status":"closed","template":"","meta":{"footnotes":""},"class_list":["post-204","page","type-page","status-publish","hentry"],"_links":{"self":[{"href":"https:\/\/icar.cnrs.fr\/membre\/dbottineau\/wp-json\/wp\/v2\/pages\/204","targetHints":{"allow":["GET"]}}],"collection":[{"href":"https:\/\/icar.cnrs.fr\/membre\/dbottineau\/wp-json\/wp\/v2\/pages"}],"about":[{"href":"https:\/\/icar.cnrs.fr\/membre\/dbottineau\/wp-json\/wp\/v2\/types\/page"}],"author":[{"embeddable":true,"href":"https:\/\/icar.cnrs.fr\/membre\/dbottineau\/wp-json\/wp\/v2\/users\/1"}],"replies":[{"embeddable":true,"href":"https:\/\/icar.cnrs.fr\/membre\/dbottineau\/wp-json\/wp\/v2\/comments?post=204"}],"version-history":[{"count":13,"href":"https:\/\/icar.cnrs.fr\/membre\/dbottineau\/wp-json\/wp\/v2\/pages\/204\/revisions"}],"predecessor-version":[{"id":405,"href":"https:\/\/icar.cnrs.fr\/membre\/dbottineau\/wp-json\/wp\/v2\/pages\/204\/revisions\/405"}],"wp:attachment":[{"href":"https:\/\/icar.cnrs.fr\/membre\/dbottineau\/wp-json\/wp\/v2\/media?parent=204"}],"curies":[{"name":"wp","href":"https:\/\/api.w.org\/{rel}","templated":true}]}}