{"id":219,"date":"2018-11-02T16:10:10","date_gmt":"2018-11-02T15:10:10","guid":{"rendered":"https:\/\/icar.cnrs.fr\/membre\/dcaillat\/?page_id=219"},"modified":"2024-01-03T17:15:01","modified_gmt":"2024-01-03T16:15:01","slug":"animation-de-la-recherche","status":"publish","type":"page","link":"https:\/\/icar.cnrs.fr\/membre\/dcaillat\/animation-de-la-recherche\/","title":{"rendered":"Animation de la recherche"},"content":{"rendered":"<p>[cette page n&rsquo;est plus mise \u00e0 jour]<\/p>\n<p>&nbsp;<\/p>\n<p>En cours \u2014 <strong>Coorganisatrice du co<\/strong><strong>lloque international <em>Les voix en dialogue. H\u00e9t\u00e9rog\u00e9n\u00e9it\u00e9 \u00e9nonciative et discours en interaction<\/em><\/strong> (Universit\u00e9 Lumi\u00e8re Lyon 2 \/ Universit\u00e9 Paul Val\u00e9ry Montpellier 3 \/ Universit\u00e9 Jean Moulin Lyon 3), Lyon les 3, 4 &amp; 5 juillet 2019 (<a href=\"https:\/\/voixendialogue.sciencesconf.org\/\">https:\/\/voixendialogue.sciencesconf.org\/<\/a>)<\/p>\n<p>En cours \u2014 <strong>Codirection de revue : <em>Mots. Les langages du politique<\/em> n\u00b0 122,\u00a0 <em>Reprendre la parole de l\u2019autre en politique<\/em>,<\/strong> en collaboration avec H. Constantin de Chanay, D. Desmarcheliers et Marion Ballet.<\/p>\n<p>(2013-2017)\u00a0<strong> Membre de la Commission des doctorants du laboratoire ICAR \u00ab\u00a0Com&rsquo;Doc\u00a0\u00bb <\/strong>(<a href=\"http:\/\/www.icar.cnrs.fr\/comdoc\/\">http:\/\/www.icar.cnrs.fr\/comdoc\/<\/a>)<\/p>\n<p style=\"padding-left: 30px\">Commission \u0153uvrant au partage d\u2019informations aupr\u00e8s des doctorants du laboratoire et \u00e0 la promotion, au d\u00e9veloppement et au rayonnement de leurs activit\u00e9s scientifiques.<br \/>\nOrganisation annuelle de colloques et\/ou de journ\u00e9es d\u2019\u00e9tudes pour doctorants et jeunes chercheurs.<\/p>\n<p>(2015-2016) <strong>Membre du comit\u00e9 d\u2019organisation de la 2<sup>e<\/sup> \u00e9dition du colloque international \u00ab\u00a0IMPEC\u00a0\u00bb <\/strong>(Interactions M\u00e9di\u00e9es Par \u00c9cran),Lyon, les 6-8 juillet 2016.<\/p>\n<p>(2013-2014 )<strong> Charg\u00e9e de coordination de la 1<sup>re<\/sup> \u00e9dition du colloque international \u00ab\u00a0IMPEC\u00a0\u00bb <\/strong>(Interactions M\u00e9di\u00e9es Par \u00c9cran), Lyon, les 2-4 juillet 2014 (200h de vacation).<\/p>\n<p>(2012-2013) <strong>Membre du comit\u00e9 d\u2019organisation des journ\u00e9es d\u2019\u00e9tude \u00ab\u00a0La pr\u00e9dication\u00a0: notion inutile ou indispensable\u00a0?\u00a0\u00bb<\/strong>, Universit\u00e9 Lumi\u00e8re Lyon 2\/ ICAR, Lyon, les 17-18 janvier 2013.<\/p>\n","protected":false},"excerpt":{"rendered":"<p>[cette page n&rsquo;est plus mise \u00e0 jour] &nbsp; En cours \u2014 Coorganisatrice du colloque international Les voix en dialogue. H\u00e9t\u00e9rog\u00e9n\u00e9it\u00e9 \u00e9nonciative et discours en interaction (Universit\u00e9 Lumi\u00e8re Lyon 2 \/ Universit\u00e9 Paul Val\u00e9ry Montpellier 3 \/ Universit\u00e9 Jean Moulin Lyon &hellip; <a href=\"https:\/\/icar.cnrs.fr\/membre\/dcaillat\/animation-de-la-recherche\/\">Continuer la lecture <span class=\"meta-nav\">&rarr;<\/span><\/a><\/p>\n","protected":false},"author":16,"featured_media":0,"parent":0,"menu_order":0,"comment_status":"closed","ping_status":"closed","template":"","meta":{"footnotes":""},"class_list":["post-219","page","type-page","status-publish","hentry"],"_links":{"self":[{"href":"https:\/\/icar.cnrs.fr\/membre\/dcaillat\/wp-json\/wp\/v2\/pages\/219","targetHints":{"allow":["GET"]}}],"collection":[{"href":"https:\/\/icar.cnrs.fr\/membre\/dcaillat\/wp-json\/wp\/v2\/pages"}],"about":[{"href":"https:\/\/icar.cnrs.fr\/membre\/dcaillat\/wp-json\/wp\/v2\/types\/page"}],"author":[{"embeddable":true,"href":"https:\/\/icar.cnrs.fr\/membre\/dcaillat\/wp-json\/wp\/v2\/users\/16"}],"replies":[{"embeddable":true,"href":"https:\/\/icar.cnrs.fr\/membre\/dcaillat\/wp-json\/wp\/v2\/comments?post=219"}],"version-history":[{"count":3,"href":"https:\/\/icar.cnrs.fr\/membre\/dcaillat\/wp-json\/wp\/v2\/pages\/219\/revisions"}],"predecessor-version":[{"id":237,"href":"https:\/\/icar.cnrs.fr\/membre\/dcaillat\/wp-json\/wp\/v2\/pages\/219\/revisions\/237"}],"wp:attachment":[{"href":"https:\/\/icar.cnrs.fr\/membre\/dcaillat\/wp-json\/wp\/v2\/media?parent=219"}],"curies":[{"name":"wp","href":"https:\/\/api.w.org\/{rel}","templated":true}]}}