{"id":147,"date":"2017-01-13T17:35:11","date_gmt":"2017-01-13T16:35:11","guid":{"rendered":"https:\/\/icar.cnrs.fr\/membre\/echernyshova\/?page_id=147"},"modified":"2019-02-11T17:49:09","modified_gmt":"2019-02-11T16:49:09","slug":"autres-activites","status":"publish","type":"page","link":"https:\/\/icar.cnrs.fr\/membre\/echernyshova\/autres-activites\/","title":{"rendered":"Autres activit\u00e9s"},"content":{"rendered":"<h1>Activit\u00e9s et responsabilit\u00e9s au sein du laboratoire ICAR<\/h1>\n<ul>\n<li>Repr\u00e9sentante des doctorants au Conseil de Laboratoire de 2016 \u00e0 2018<\/li>\n<li>Co-animation des ateliers\u00a0<em>DocINT<\/em>\u00a0<em>(Doctorants en Interaction)\u00a0<\/em>de 2015 \u00e0 2018<\/li>\n<li>Membre de la <a href=\"http:\/\/www.icar.cnrs.fr\/comdoc\/\">Com&rsquo;Doc<\/a> (commission des doctorants) depuis 2015<\/li>\n<li>Assistante d&rsquo;ing\u00e9nieur \u00e0 la <a href=\"http:\/\/www.icar.cnrs.fr\/ccc\/\">Cellule Corpus Complexes<\/a> (2013-2014)<\/li>\n<\/ul>\n<h2>Participation \u00e0 des projets de recherche<\/h2>\n<ul>\n<li>Projet <a href=\"http:\/\/www.icar.cnrs.fr\/sites\/projet-remilas\/\">REMILAS<\/a> (R\u00e9fugi\u00e9s, migrants et leurs langues face aux services de sant\u00e9) : intervention dans les activit\u00e9s de valorisation, transcription et traduction<\/li>\n<li>Projet CLAPI \u2013 FLE (CLAPI et l\u2019enseignement du Fran\u00e7ais Langue Etrang\u00e8re) : annotation de corpus de fran\u00e7ais parl\u00e9 en interaction<\/li>\n<li>Projet <a href=\"http:\/\/www.agence-nationale-recherche.fr\/projet-anr\/?tx_lwmsuivibilan_pi2%5BCODE%5D=ANR-15-FRAL-0004\">SegCor<\/a>\u00a0(Segmentation de corpus oraux) :\u00a0groupe de recherche sur la segmentation de corpus oraux en unit\u00e9s interactionnelles<\/li>\n<li>Projet JEN.Lab (Apprentissage avec les jeux \u00e9pist\u00e9miques num\u00e9riques) : prise de donn\u00e9es audiovisuelles lors d&rsquo;une r\u00e9union de conception<\/li>\n<\/ul>\n<h2>Participation \u00e0 l&rsquo;organisation d&rsquo;\u00e9v\u00e9nements scientifiques<\/h2>\n<p>Colloque <a href=\"https:\/\/icodoc-2019.sciencesconf.org\/\">ICODOC 2019<\/a>,\u00a0<em>\u00c9motion, empathie, affectivit\u00e9. Les sujets et leur subjectivit\u00e9 \u00e0 travers les pratiques langagi\u00e8res et \u00e9ducatives<\/em>. 7-9 Octobre 2019, Lyon.<\/p>\n<p><a href=\"https:\/\/icodoc2017.sciencesconf.org\">Colloque ICODOC 2017<\/a>,\u00a0<i>Objets, supports, instruments : regards crois\u00e9s sur la diversit\u00e9 des ressources\u00a0<\/i><i>mobilis\u00e9es en interaction<\/i>. 15-16 Juin 2017, Lyon.<\/p>\n<p><a href=\"https:\/\/impec.sciencesconf.org\">Colloque IMPEC<\/a>,\u00a0<em>Interactions Multimodales par Ecran<\/em><em>.\u00a0<\/em>6-8 Juillet 2016, Lyon.<\/p>\n<p><a href=\"https:\/\/mainly.sciencesconf.org\">Ecole th\u00e9matique CNRS\u00a0MAINLY<\/a>,\u00a0<em>Multimodal Interactions Lyon : The construction and organisation of social actions<\/em>, 21-26 Septembre 2015, Lyon.<\/p>\n<h1>Enseignements<\/h1>\n<h3>2018-2019 (ATER, Universit\u00e9 Clermont Auvergne)<\/h3>\n<p>CM et TD de Lexicologie, Licence 2 Sciences du Langage, Universit\u00e9 Clermont Auvergne.<\/p>\n<p>TD\u00a0\u00ab Langue et Soci\u00e9t\u00e9\u00a0\u00bb, Licence 1 Sciences du Langage, Universit\u00e9 Clermont Auvergne.<\/p>\n<p>TD\u00a0\u00ab Phon\u00e9tique et phonologie du fran\u00e7ais \u00bb, Licence 3 parcours FLE, Universit\u00e9 Clermont Auvergne.<\/p>\n<h3>2017-2018<\/h3>\n<p>TD de Sociolinguistique, Master 1 Sciences du Langage, Universit\u00e9 Lumi\u00e8re Lyon 2.<\/p>\n<p>TD \u00ab\u00a0Linguistique Fran\u00e7aise : Phon\u00e9tique et Phonologie\u00a0\u00bb, Licence 1 Portail Lettres, Langues et Sciences du Langage, Universit\u00e9 Lumi\u00e8re Lyon 2.<\/p>\n<p>TD \u00ab\u00a0Ma\u00eetrise du fran\u00e7ais pour l&rsquo;enseignement \u00bb, Licence 2 ISPEF, Universit\u00e9 Lumi\u00e8re Lyon 2.<\/p>\n<h3>2016-2017<\/h3>\n<p>TD \u00ab\u00a0Linguistique Fran\u00e7aise : Phon\u00e9tique et Phonologie\u00a0\u00bb, Licence 1 Portail Lettres, Langues et Sciences du Langage, Universit\u00e9 Lumi\u00e8re Lyon 2.<\/p>\n<p>TD \u00ab\u00a0Ma\u00eetrise du fran\u00e7ais pour l&rsquo;enseignement \u00bb, Licence 2 ISPEF, Universit\u00e9 Lumi\u00e8re Lyon 2.<\/p>\n<h3>2015-2016<\/h3>\n<p>TD \u00ab\u00a0Linguistique Fran\u00e7aise : Phon\u00e9tique et Phonologie\u00a0\u00bb, Licence 1 Sciences du Langage, Universit\u00e9 Lumi\u00e8re Lyon 2.<\/p>\n","protected":false},"excerpt":{"rendered":"<p>Activit\u00e9s et responsabilit\u00e9s au sein du laboratoire ICAR Repr\u00e9sentante des doctorants au Conseil de Laboratoire de 2016 \u00e0 2018 Co-animation des ateliers\u00a0DocINT\u00a0(Doctorants en Interaction)\u00a0de 2015 \u00e0 2018 Membre de la Com&rsquo;Doc (commission des doctorants) depuis 2015 Assistante d&rsquo;ing\u00e9nieur \u00e0 la &hellip; <a href=\"https:\/\/icar.cnrs.fr\/membre\/echernyshova\/autres-activites\/\">Continuer la lecture <span class=\"meta-nav\">&rarr;<\/span><\/a><\/p>\n","protected":false},"author":22,"featured_media":0,"parent":0,"menu_order":0,"comment_status":"closed","ping_status":"closed","template":"","meta":{"footnotes":""},"class_list":["post-147","page","type-page","status-publish","hentry"],"_links":{"self":[{"href":"https:\/\/icar.cnrs.fr\/membre\/echernyshova\/wp-json\/wp\/v2\/pages\/147","targetHints":{"allow":["GET"]}}],"collection":[{"href":"https:\/\/icar.cnrs.fr\/membre\/echernyshova\/wp-json\/wp\/v2\/pages"}],"about":[{"href":"https:\/\/icar.cnrs.fr\/membre\/echernyshova\/wp-json\/wp\/v2\/types\/page"}],"author":[{"embeddable":true,"href":"https:\/\/icar.cnrs.fr\/membre\/echernyshova\/wp-json\/wp\/v2\/users\/22"}],"replies":[{"embeddable":true,"href":"https:\/\/icar.cnrs.fr\/membre\/echernyshova\/wp-json\/wp\/v2\/comments?post=147"}],"version-history":[{"count":13,"href":"https:\/\/icar.cnrs.fr\/membre\/echernyshova\/wp-json\/wp\/v2\/pages\/147\/revisions"}],"predecessor-version":[{"id":213,"href":"https:\/\/icar.cnrs.fr\/membre\/echernyshova\/wp-json\/wp\/v2\/pages\/147\/revisions\/213"}],"wp:attachment":[{"href":"https:\/\/icar.cnrs.fr\/membre\/echernyshova\/wp-json\/wp\/v2\/media?parent=147"}],"curies":[{"name":"wp","href":"https:\/\/api.w.org\/{rel}","templated":true}]}}