{"id":4,"date":"2016-11-02T17:37:52","date_gmt":"2016-11-02T16:37:52","guid":{"rendered":"https:\/\/icar.cnrs.fr\/membre\/echernyshova\/?page_id=4"},"modified":"2025-07-09T17:38:19","modified_gmt":"2025-07-09T15:38:19","slug":"accueil","status":"publish","type":"page","link":"https:\/\/icar.cnrs.fr\/membre\/echernyshova\/","title":{"rendered":"Accueil"},"content":{"rendered":"<div class=\"cadregris\">\n<h1>Elizaveta CHERNYSHOVA<img loading=\"lazy\" decoding=\"async\" class=\"wp-image-166 alignright\" src=\"https:\/\/icar.cnrs.fr\/membre\/echernyshova\/wp-content\/uploads\/sites\/24\/2016\/11\/photo_site_99-300x257.jpg\" alt=\"\" width=\"202\" height=\"175\" \/><\/h1>\n<p>Docteure en Sciences du Langage<\/p>\n<p>M\u00e8l : <a href=\"mailto:elizaveta.chernyshova@gmail.com\">elizaveta.chernyshova@gmail.com<\/a><\/p>\n<p>Chercheuse associ\u00e9e au laboratoire ICAR<\/p>\n<p><strong>Adresse<\/strong><br \/>\nLaboratoire ICAR, bureau D4.182<br \/>\nEcole Normale Sup\u00e9rieure, Site Descartes<br \/>\n15, parvis Ren\u00e9 Descartes, BP 7000<br \/>\n69 342 Lyon Cedex 07<\/p>\n<\/div>\n","protected":false},"excerpt":{"rendered":"<p>Elizaveta CHERNYSHOVA Docteure en Sciences du Langage M\u00e8l : elizaveta.chernyshova@gmail.com Chercheuse associ\u00e9e au laboratoire ICAR Adresse Laboratoire ICAR, bureau D4.182 Ecole Normale Sup\u00e9rieure, Site Descartes 15, parvis Ren\u00e9 Descartes, BP 7000 69 342 Lyon Cedex 07<\/p>\n","protected":false},"author":1,"featured_media":0,"parent":0,"menu_order":0,"comment_status":"closed","ping_status":"closed","template":"","meta":{"footnotes":""},"class_list":["post-4","page","type-page","status-publish","hentry"],"_links":{"self":[{"href":"https:\/\/icar.cnrs.fr\/membre\/echernyshova\/wp-json\/wp\/v2\/pages\/4","targetHints":{"allow":["GET"]}}],"collection":[{"href":"https:\/\/icar.cnrs.fr\/membre\/echernyshova\/wp-json\/wp\/v2\/pages"}],"about":[{"href":"https:\/\/icar.cnrs.fr\/membre\/echernyshova\/wp-json\/wp\/v2\/types\/page"}],"author":[{"embeddable":true,"href":"https:\/\/icar.cnrs.fr\/membre\/echernyshova\/wp-json\/wp\/v2\/users\/1"}],"replies":[{"embeddable":true,"href":"https:\/\/icar.cnrs.fr\/membre\/echernyshova\/wp-json\/wp\/v2\/comments?post=4"}],"version-history":[{"count":84,"href":"https:\/\/icar.cnrs.fr\/membre\/echernyshova\/wp-json\/wp\/v2\/pages\/4\/revisions"}],"predecessor-version":[{"id":227,"href":"https:\/\/icar.cnrs.fr\/membre\/echernyshova\/wp-json\/wp\/v2\/pages\/4\/revisions\/227"}],"wp:attachment":[{"href":"https:\/\/icar.cnrs.fr\/membre\/echernyshova\/wp-json\/wp\/v2\/media?parent=4"}],"curies":[{"name":"wp","href":"https:\/\/api.w.org\/{rel}","templated":true}]}}