{"id":4,"date":"2016-11-02T17:37:52","date_gmt":"2016-11-02T16:37:52","guid":{"rendered":"https:\/\/icar.cnrs.fr\/membre\/egandon\/?page_id=4"},"modified":"2026-04-07T12:59:28","modified_gmt":"2026-04-07T10:59:28","slug":"accueil","status":"publish","type":"page","link":"https:\/\/icar.cnrs.fr\/membre\/egandon\/","title":{"rendered":"Accueil"},"content":{"rendered":"<div class=\"cadregris\">\n<h2><strong><img loading=\"lazy\" decoding=\"async\" class=\"alignleft wp-image-258 size-thumbnail\" src=\"https:\/\/icar.cnrs.fr\/membre\/egandon\/wp-content\/uploads\/sites\/174\/2026\/04\/elise_gandon-150x150.jpg\" alt=\"\" width=\"150\" height=\"150\" \/><\/strong><\/h2>\n<h2><\/h2>\n<h2><strong>Elise GANDON<\/strong><\/h2>\n<p>Ma\u00eetresse de conf\u00e9rences,<br \/>\nUniversit\u00e9 Lumi\u00e8re Lyon 2<\/p>\n<p>Membre du\u00a0Laboratoire\u00a0<a href=\"http:\/\/icar.univ-lyon2.fr\/\">ICAR<\/a>\u00a0<a href=\"http:\/\/icar.univ-lyon2.fr\/\">UMR 5191<\/a>\u00a0(Interactions, Corpus, Apprentissage, Repr\u00e9sentations), \u00e9quipe\u00a0Apprentissages, Discours, Interactions, Savoirs (ADIS)<\/p>\n<p>Docteure en Sciences du Langage et didactique du Fran\u00e7ais Langue \u00c9trang\u00e8re et Seconde, qualifi\u00e9e en 7\u00e8me section CNU, Sciences du langage<\/p>\n<p>Membre associ\u00e9e du laboratoire ATILF UMR7118, universit\u00e9 de Lorraine, Nancy<\/p>\n<p>Co-responsable du Dipl\u00f4me Universitaire\u00a0Initiation \u00e0 la Didactique du Fran\u00e7ais Langue \u00c9trang\u00e8re<\/p>\n<p>Email\u00a0: <a href=\"mailto:elise.gandon@univ-lyon2.fr\">elise.gandon AT univ-lyon2.fr<\/a><\/p>\n<p><strong>Adresse de l&rsquo;UMR<br \/>\n<\/strong>Laboratoire ICAR<br \/>\nEcole Normale Sup\u00e9rieure de Lyon<br \/>\n15 parvis Ren\u00e9 Descartes &#8211; BP 7000<br \/>\n69342 LYON Cedex 07<br \/>\nFrance<\/p>\n<p><img loading=\"lazy\" decoding=\"async\" class=\"size-full wp-image-183 alignleft\" src=\"https:\/\/icar.cnrs.fr\/membre\/egandon\/wp-content\/uploads\/sites\/174\/2025\/07\/icar-youtube-300x62-1.jpg\" alt=\"\" width=\"300\" height=\"62\" \/><\/p>\n<\/div>\n<p>&nbsp;<\/p>\n<p>&nbsp;<\/p>\n","protected":false},"excerpt":{"rendered":"<p>Elise GANDON Ma\u00eetresse de conf\u00e9rences, Universit\u00e9 Lumi\u00e8re Lyon 2 Membre du\u00a0Laboratoire\u00a0ICAR\u00a0UMR 5191\u00a0(Interactions, Corpus, Apprentissage, Repr\u00e9sentations), \u00e9quipe\u00a0Apprentissages, Discours, Interactions, Savoirs (ADIS) Docteure en Sciences du Langage et didactique du Fran\u00e7ais Langue \u00c9trang\u00e8re et Seconde, qualifi\u00e9e en 7\u00e8me section CNU, Sciences du &hellip; <a href=\"https:\/\/icar.cnrs.fr\/membre\/egandon\/\">Continuer la lecture <span class=\"meta-nav\">&rarr;<\/span><\/a><\/p>\n","protected":false},"author":1,"featured_media":0,"parent":0,"menu_order":0,"comment_status":"closed","ping_status":"closed","template":"","meta":{"footnotes":""},"class_list":["post-4","page","type-page","status-publish","hentry"],"_links":{"self":[{"href":"https:\/\/icar.cnrs.fr\/membre\/egandon\/wp-json\/wp\/v2\/pages\/4","targetHints":{"allow":["GET"]}}],"collection":[{"href":"https:\/\/icar.cnrs.fr\/membre\/egandon\/wp-json\/wp\/v2\/pages"}],"about":[{"href":"https:\/\/icar.cnrs.fr\/membre\/egandon\/wp-json\/wp\/v2\/types\/page"}],"author":[{"embeddable":true,"href":"https:\/\/icar.cnrs.fr\/membre\/egandon\/wp-json\/wp\/v2\/users\/1"}],"replies":[{"embeddable":true,"href":"https:\/\/icar.cnrs.fr\/membre\/egandon\/wp-json\/wp\/v2\/comments?post=4"}],"version-history":[{"count":50,"href":"https:\/\/icar.cnrs.fr\/membre\/egandon\/wp-json\/wp\/v2\/pages\/4\/revisions"}],"predecessor-version":[{"id":260,"href":"https:\/\/icar.cnrs.fr\/membre\/egandon\/wp-json\/wp\/v2\/pages\/4\/revisions\/260"}],"wp:attachment":[{"href":"https:\/\/icar.cnrs.fr\/membre\/egandon\/wp-json\/wp\/v2\/media?parent=4"}],"curies":[{"name":"wp","href":"https:\/\/api.w.org\/{rel}","templated":true}]}}