{"id":2,"date":"2016-11-02T17:35:25","date_gmt":"2016-11-02T16:35:25","guid":{"rendered":"https:\/\/icar.cnrs.fr\/membre\/eprakderrington\/?page_id=2"},"modified":"2023-07-13T11:09:45","modified_gmt":"2023-07-13T09:09:45","slug":"autres-responsabilites","status":"publish","type":"page","link":"https:\/\/icar.cnrs.fr\/membre\/eprakderrington\/autres-responsabilites\/","title":{"rendered":"Autres responsabilit\u00e9s"},"content":{"rendered":"<h3><strong>Direction d&rsquo;un s\u00e9minaire de recherche<\/strong><\/h3>\n<p>Responsable du s\u00e9minaire\u00a0S\u00e9lia\u00a0 (S\u00e9minaire de linguistique allemande), avec l&rsquo;aide de Marie-Laure Durand (Universit\u00e9 Montpellier 3).<br \/>\nPour plus d&rsquo;informations consulter le <a href=\"https:\/\/selia.hypotheses.org\/\">site d\u00e9di\u00e9<\/a> sur hypotheses.org.<\/p>\n<p><strong>Axe transversal d&rsquo;ICAR<\/strong><br \/>\nCo-responsable avec\u00a0 Didier Bottineau et Mathieu Quignard de l&rsquo;<a href=\"http:\/\/icar.cnrs.fr\/recherche\/axes_transversaux\/subjectivite\/\">axe Transversal Subjectivit\u00e9 et Langage<\/a><\/p>\n<h1>Valorisation de la recherche : le<strong>s ConfAp\u00e9ros en sciences du langage<\/strong><\/h1>\n<p>De 2008 \u00e0 2011, et de nouveau depuis septembre 2014, elle co-organise le cycle des Conf\u2019ap\u00e9ro en sciences du langage de l\u2019ENS de Lyon. Les ConfAp\u00e9ros sont film\u00e9es et mises en ligne sur le site de \u00ab\u00a0la Cl\u00e9 des langues\u00a0\u00bb :<br \/>\n<a href=\"http:\/\/cle.ens-lyon.fr\/31350188\/0\/fiche___pagelibre\">http:\/\/cle.ens-lyon.fr\/plurilangues\/confaperos\/<\/a><\/p>\n<h3>Programme du cycle 2015-2016, organis\u00e9 avec Laure Gardelle et Marion Coste<\/h3>\n<p>Mardi 29 septembre 2015 (18h-20, salle F08, site Descartes)<br \/>\n<strong>Nathalie Bedoin<\/strong>\u00a0, Universit\u00e9 Lyon 2, DDL<br \/>\n\u00ab\u00a0Les troubles du langage\u00a0\u00bb<\/p>\n<p>Mardi 13 octobre 2015 (18h-20h, salle F08, site Descartes)<br \/>\n<strong>Jo\u00ebl July<\/strong>\u00a0, Universit\u00e9 Aix-Marseille, CIELAM et\u00a0<strong>St\u00e9phane Chaudier<\/strong>, Universit\u00e9 Saint-Etienne (CIEREC)<br \/>\n\u00ab\u00a0Temps et chanson\u00a0\u00bb<\/p>\n<p>Mardi 17 novembre 2015 (18h-20h, salle F08, site Descartes)<br \/>\n<strong>Sylvianne R\u00e9mi-Giraud<\/strong>\u00a0, Professeur \u00e9m\u00e9rite, Universit\u00e9 Lyon 2, ICAR<br \/>\n\u00ab\u00a0Pourquoi dit-on\u00a0<em>un haut fonctionnaire, un grand industriel, un gros commer\u00e7ant<\/em>\u00a0? Structuration de l&rsquo;espace et repr\u00e9sentations sociales\u00a0\u00bb<\/p>\n<p>Mardi 8 d\u00e9cembre 2015 (18h-20h, amphi Descartes, site Descartes)<br \/>\n<strong>Nathalie Fournier<\/strong>\u00a0, Universit\u00e9 Lyon 2, GRAC<br \/>\n\u00ab\u00a0L&rsquo;ordre des mots en prose et en vers au 17e si\u00e8cle\u00a0\u00bb<\/p>\n<p>Mardi 19 janvier 2016 (18h-20h, salle F08, site Descartes)<br \/>\n<strong>Didier Bottineau<\/strong>\u00a0, Universit\u00e9 Paris Nord, CNRS, UMR 7187 LDI (Lexiques Dictionnaires Informatique)<br \/>\n\u00ab\u00a0Ce que parler nous fait\u00a0: langage humain, cognition incarn\u00e9e et enaction\u00a0\u00bb<\/p>\n<p>Mardi 9 f\u00e9vrier 2016 (18h-20h, salle F08, site Descartes)<br \/>\n<strong>Rachel Panckhurst<\/strong>\u00a0, Universit\u00e9 Montpellier 3, Praxiling<br \/>\n\u00ab\u00a0De Sud4science \u00e0 88milSMS (un grand corpus de SMS authentiques): entre linguistique et informatique\u00a0\u00bb<\/p>\n<p>Lundi 14 Mars 2016 (18h-20h, salle F08, site Descartes)<br \/>\n(Attention, exceptionnellement, la conf\u00e9rence aura lieu un lundi!)<br \/>\n<strong>Gilles Siouffi<\/strong>\u00a0, Universit\u00e9 Paris 4, Equipe STIH<br \/>\n\u00ab\u00a0Syst\u00e8me, norme, usage: proposition de mod\u00e8le\u00a0\u00bb<\/p>\n<h3>Programme du cycle 2014-2015, organis\u00e9 avec Laure Gardelle et Clifford Armion<\/h3>\n<p><span class=\"Apple-style-span\">Jacques Cosnier, \u00ab\u00a0Komankikose? Ethologie de l&rsquo;animal bavard\u00a0\u00bb\u00a0; Christophe Pallier, \u00ab A la recherche des bases c\u00e9r\u00e9brales des structures syntaxiques \u00bb\u00a0; Michel Bert \u00ab\u00a0Franco-proven\u00e7al, occitan\u00a0: langues en danger\u00a0\u00ab\u00a0; Catherine Vidal, \u00ab Hommes et femmes ont-ils le m\u00eame cerveau\u00a0?\u00a0\u00bb\u00a0; B\u00e9atrice Fraenkel, \u00ab\u00a0Qu&rsquo;est-ce qu&rsquo;un acte d&rsquo;\u00e9criture ? Analyse d&rsquo;un cas : les promesses de m\u00e9moire adress\u00e9es aux morts du 11\/9\u00a0\u00bb\u00a0; Jacques Bres, \u00ab\u00a0L\u2019ironie, un cocktail dialogique ?\u00a0\u00bb\u00a0; Gilles Philippe, \u00ab Styles individuels et normes langagi\u00e8res collectives \u00bb<\/span><\/p>\n<p><strong>Ci-dessous la liste des conf\u00e9renciers invit\u00e9s entre 2008 et 2011<\/strong><\/p>\n<p><strong>Cycle 2008-2009 organis\u00e9 avec Kevin Pinault<br \/>\n<\/strong>Christian Plantin\u00a0(argumentation)\u00a0; Jean Pruvost (lexicologie et lexicographie)\u00a0; Fran\u00e7oise Gadet (sociolinguistique)\u00a0; Michel Charolles (cadres et discours)\u00a0; Beno\u00eet de Cornulier (m\u00e9trique)\u00a0; Sylvain Auroux (philosophie du langage)\u00a0; Yvan Rose (acquisition du langage).<\/p>\n<p><strong>Cycle 2009-2010 organis\u00e9 avec Jean-Philipe Magu\u00e9<br \/>\n<\/strong>Georges Bohas &amp; Didier Bottineau (relations signifiant\/signifi\u00e9)\u00a0; Patrick Charaudeau (analyse du discours politique), Sophie Pr\u00e9vost (diachronie et langue ancienne)\u00a0; Catherine Schnedecker (s\u00e9mantique r\u00e9ferentielle et lexicale)\u00a0; Dominique Maingueneau (analyse de discours)\u00a0; V\u00e9ronique Traverso (analyse des interactions)\u00a0; Jocelyne Dahklia (langue et fronti\u00e8res culturelles).<\/p>\n<p><strong>Cycle 2010-2011 avec Jean Philippe Magu\u00e9 et Clifford Armion<br \/>\n<\/strong>Salikoko Mufewene (langues cr\u00e9oles)\u00a0; Beno\u00eet Habert (corpus oraux et archivage num\u00e9rique)\u00a0; Jean-Michel Adam (linguistique textuelle)\u00a0; Lambert F\u00e9lix-Prudent (\u00e9tudes cr\u00e9oles)\u00a0; Catherine Fuchs (linguistique et cognition).<\/p>\n<h3><strong>Valorisation de la recherche<\/strong><\/h3>\n<h3>Organisation de colloques, journ\u00e9es d\u2019\u00e9tudes et de manifestations scientifiques<\/h3>\n<p><strong>Formation et pr\u00e9formation lexicales en allemand \/\u00a0Formen, Verfahren, Funktionen der Bildung lexematischer und polylexematischer Einheiten im\u00a0Deutsche, Lyon \u00a031 mars et 1er avril 2017. <\/strong>Organisation :\u00a0\u00a0G\u00fcnter Schmale, Heike-Baldauf et Emmanuelle Prak-Derrington<\/p>\n<p>Du 31 mars au 1er avril, 2017, l\u2019Universit\u00e9 Jean Moulin Lyon 3 organise en collaboration avec le Centre de recherche d&rsquo;Etudes Linguistique (CEL &#8211; EA 1663), l&rsquo;Universit\u00e9 Lumi\u00e8re Lyon 2 ainsi que l&rsquo;\u00c9cole Normale Sup\u00e9rieure de Lyon, un congr\u00e8s international pour l\u2019option linguistique \u00e0 l\u2019agr\u00e9gation de 2017 et 2018 portant sur la formation et la pr\u00e9formation lexicales en allemand. Le colloque r\u00e9unira des germanistes et chercheurs de France, d&rsquo;Allemagne et d\u2019autres pays.<\/p>\n<p><strong>Journ\u00e9es d\u2019Etude \u00ab\u00a0Comment en est-on arriv\u00e9 l\u00e0\u00a0? Crises et catastrophes dans l\u2019argumentation\u00a0\u00bb, avec Marie-Laure Durand et Michel Lefevre, Montpellier 9 et 10 octobre 2015.<\/strong><\/p>\n<p>Une s\u00e9lection des communications de ces deux JE, enrichie d\u2019articles in\u00e9dits, est parue dans le num\u00e9ro 73 des\u00a0<em>Cahiers d\u2019Etudes Germaniques <\/em>:\u00a0 https:\/\/journals.openedition.org\/ceg\/2221<\/p>\n<p>On s\u2019int\u00e9resse habituellement aux termes de \u00ab crise \u00bb et de \u00ab catastrophe \u00bb pour leurs significations et pour les pol\u00e9miques qu\u2019ils suscitent dans les m\u00e9dias, mais on ne saurait oublier qu\u2019ils sont mobilis\u00e9s dans des argumentations. Par nature, crise et catastrophe (ou crise extr\u00eame, crise aigu\u00eb) sont des d\u00e9signations qui contraignent les acteurs \u00e0 prendre position : y-a-t-il crise ? Quelles sont les causes de la catastrophe ? Qui sont les responsables ? \u00c9tait-ce pr\u00e9visible ? Aurait-on pu ou d\u00fb anticiper ? C\u2019est sur cette dimension argumentative que les deux Journ\u00e9e d\u2019\u00e9tude avaient choisi de mettre l\u2019accent.<\/p>\n<p><strong>Journ\u00e9e d\u2019Etude \u00ab\u00a0Commencer\u00a0\u00bb, 24 mai 2013, Laetitia Faivre, Heike Baldauf et Emmanuelle Prak-Derrington, Lyon.<br \/>\n<\/strong>L\u2019objet de cette journ\u00e9e d\u2019\u00e9tude a \u00e9t\u00e9 de poursuivre l\u2019exploration de la notion de commencement en faisant se croiser r\u00e9flexions et analyses des linguistes romanistes et germanistes sur ce th\u00e8me aux diff\u00e9rents niveaux du texte\/discours. \u2028Cette journ\u00e9e d\u2019\u00e9tude a \u00e9t\u00e9 d\u00e9di\u00e9e \u00e0\u00a0<strong>Jacques Poitou<\/strong>, professeur \u00e9m\u00e9rite de linguistique allemande \u00e0 l\u2019Universit\u00e9 Lyon 2, les\u00a0<em>M\u00e9langes\u00a0<\/em>r\u00e9dig\u00e9s par ses coll\u00e8gues et amis en son honneur lui ont \u00e9t\u00e9 remis \u00e0 cette occasion.<\/p>\n<p><strong>Colloque international et interdisciplinaire \u00ab\u00a0Fabriques de la langue\u00a0\u00bb, avec K.\u00a0Nassikas et C. Rossi, 21 octobre 2011, Lyon.<br \/>\n<\/strong>Ce colloque a permis de rassembler des intervenants de la linguistique, de la psychanalyse et de la cr\u00e9ation litt\u00e9raire ainsi qu\u2019un public tr\u00e8s divers autour d\u2019un int\u00e9r\u00eat commun pour le langage, ses mutations et (re)fabrications constantes. L\u2019ensemble des communications, produites tant par des personnalit\u00e9s de renom que par des jeunes chercheurs, a \u00e9t\u00e9 \u00e0 l\u2019issue du colloque \u00e9largi par d\u2019autres communications et publi\u00e9 sous le titre\u00a0<em>Fabriques de la langue<\/em>, aux Presses Universitaires de France (2012).<\/p>\n<p><strong>Journ\u00e9es d\u2019\u00e9tudes \u00ab\u00a0Histoire de textes\u00a0\u00bb, 12 et 13 juin 2009, avec Jacques Poitou et Heike Baldauf, Lyon.<br \/>\n<\/strong>Ces Journ\u00e9es d\u2019\u00e9tude ont \u00e9t\u00e9 organis\u00e9es \u00e0 l\u2019occasion du d\u00e9part \u00e0 la retraite de M.-H. P\u00e9rennec. Elles ont r\u00e9uni des coll\u00e8gues linguistes de France et d\u2019Allemagne, anciens doctorants et doctorants actuels. C\u2019est Le \u00ab\u00a0texte \u00a0dans tous ses \u00e9tats\u00a0\u00bb, th\u00e8me principal des recherches de Marie-H\u00e9l\u00e8ne P\u00e9rennec pendant toute sa carri\u00e8re, a constitu\u00e9 le fil directeur de l\u2019ensemble des communications. Ces communications ont donn\u00e9 lieu \u00e0 la publication des M\u00e9langes\u00a0<em>Histoires de textes<\/em>, publi\u00e9 par le Laboratoire LCE. (cf. supra)<\/p>\n<p><strong>Journ\u00e9es d\u2019\u00e9tude sur l\u2019apposition, \u00ab\u00a0L\u2019apposition pour quoi faire\u00a0?\u00bb, 13 et 14 octobre 2006, Lyon, avec M.-H. P\u00e9rennec et Sylviane R\u00e9mi-Giraud<br \/>\n<\/strong>Les recherches sur l\u2019apposition et, de mani\u00e8re plus g\u00e9n\u00e9rale, des ph\u00e9nom\u00e8nes de d\u00e9tachement, ont \u00e9t\u00e9 renouvel\u00e9es par les linguistes romanistes ces derni\u00e8res ann\u00e9es, alors que les recherches en Allemagne sont rest\u00e9es plus discr\u00e8tes. Le but de cette journ\u00e9e \u00e9tait de confronter les acquis des linguistes des deux pays pour faire un tour d\u2019horizon des probl\u00e8mes pos\u00e9s par le statut de l\u2019apposition, tant sur le plan syntaxique que pragmatique et textuel.<\/p>\n<p>&nbsp;<\/p>\n<p>&nbsp;<\/p>\n","protected":false},"excerpt":{"rendered":"<p>Direction d&rsquo;un s\u00e9minaire de recherche Responsable du s\u00e9minaire\u00a0S\u00e9lia\u00a0 (S\u00e9minaire de linguistique allemande), avec l&rsquo;aide de Marie-Laure Durand (Universit\u00e9 Montpellier 3). Pour plus d&rsquo;informations consulter le site d\u00e9di\u00e9 sur hypotheses.org. Axe transversal d&rsquo;ICAR Co-responsable avec\u00a0 Didier Bottineau et Mathieu Quignard de &hellip; <a href=\"https:\/\/icar.cnrs.fr\/membre\/eprakderrington\/autres-responsabilites\/\">Continuer la lecture <span class=\"meta-nav\">&rarr;<\/span><\/a><\/p>\n","protected":false},"author":1,"featured_media":0,"parent":0,"menu_order":5,"comment_status":"closed","ping_status":"closed","template":"","meta":{"footnotes":""},"class_list":["post-2","page","type-page","status-publish","hentry"],"_links":{"self":[{"href":"https:\/\/icar.cnrs.fr\/membre\/eprakderrington\/wp-json\/wp\/v2\/pages\/2","targetHints":{"allow":["GET"]}}],"collection":[{"href":"https:\/\/icar.cnrs.fr\/membre\/eprakderrington\/wp-json\/wp\/v2\/pages"}],"about":[{"href":"https:\/\/icar.cnrs.fr\/membre\/eprakderrington\/wp-json\/wp\/v2\/types\/page"}],"author":[{"embeddable":true,"href":"https:\/\/icar.cnrs.fr\/membre\/eprakderrington\/wp-json\/wp\/v2\/users\/1"}],"replies":[{"embeddable":true,"href":"https:\/\/icar.cnrs.fr\/membre\/eprakderrington\/wp-json\/wp\/v2\/comments?post=2"}],"version-history":[{"count":21,"href":"https:\/\/icar.cnrs.fr\/membre\/eprakderrington\/wp-json\/wp\/v2\/pages\/2\/revisions"}],"predecessor-version":[{"id":446,"href":"https:\/\/icar.cnrs.fr\/membre\/eprakderrington\/wp-json\/wp\/v2\/pages\/2\/revisions\/446"}],"wp:attachment":[{"href":"https:\/\/icar.cnrs.fr\/membre\/eprakderrington\/wp-json\/wp\/v2\/media?parent=2"}],"curies":[{"name":"wp","href":"https:\/\/api.w.org\/{rel}","templated":true}]}}