{"id":95,"date":"2016-11-23T11:30:35","date_gmt":"2016-11-23T10:30:35","guid":{"rendered":"https:\/\/icar.cnrs.fr\/membre\/flehebel\/?page_id=95"},"modified":"2026-03-10T09:47:02","modified_gmt":"2026-03-10T08:47:02","slug":"enseignements","status":"publish","type":"page","link":"https:\/\/icar.cnrs.fr\/membre\/flehebel\/enseignements\/","title":{"rendered":"Enseignements"},"content":{"rendered":"<h1 style=\"text-align: center\">ENSEIGNEMENTS<\/h1>\n<hr \/>\n<ul>\n<li>Didactique des sciences<\/li>\n<li>Cours disciplinaires G\u00e9osciences<\/li>\n<li>Encadrement m\u00e9moires<\/li>\n<\/ul>\n<p><strong>Lyon1 Universit\u00e9 : <\/strong>Licence BGSTU, Master MEEF 2nd degr\u00e9 SVTU (INSPE), Master MEEF 1er degr\u00e9 (INSPE), DIU, Pr\u00e9paration concours Agr\u00e9gation SVTU, Master Recherche<\/p>\n<p><strong>Lyon 1 Universit\u00e9<\/strong> &#8211;\u00a0<strong>Ens Lyon<\/strong> : Master Recherche Didactique des Sciences<\/p>\n<p><strong>International: <\/strong>\u00a0ECNU (East China Normal University, Shangha\u00ef, 2018) ; CAED (Centro de Politicas Publicas e Avalia\u00e7iao da Educa\u00e7ao; Juiz De Fora, Brazil; 2019) ; Universit\u00e9 Sydney (2004-2005)<\/p>\n<h1 style=\"text-align: center\">RESPONSABILIT\u00c9S P\u00c9DAGOGIQUES ACTUELLES<\/h1>\n<hr \/>\n<p><strong>2025 \u2013 actuel <\/strong>AEU SVTU \u2013 Lyon1 Universit\u00e9 (co-responsabilit\u00e9 M. Regent Knockler)<\/p>\n<p><strong>2025 \u2013 actuel <\/strong>DIU SVTU \u2013 Lyon1 Universit\u00e9 (co-responsabilit\u00e9 M. Regent-Knockler)<\/p>\n<p><strong>2021\u2013 actuel\u00a0 <\/strong>Master 1 et 2 MEEF 2<sup>nd<\/sup> degr\u00e9 SVTU -Bloc 4 (8UEs) \u00a0\u2013 Lyon1 Universit\u00e9 (co-responsabilit\u00e9 .F. Dessart)<\/p>\n<p><u>Pr\u00e9sidences jurys r\u00e9centes<\/u><\/p>\n<p>2025 \u2013 Jury programme pr\u00e9-doctoral Prosfer (ENS Lyon- ECNU Shangha\u00ef) (distanciel)<\/p>\n<p>2024 \u2013 Pr\u00e9sidence Jury Baccalaur\u00e9at Zone Europe Est (Roma, Italie) pour Lyon1 Universit\u00e9.<\/p>\n<p>&nbsp;<\/p>\n","protected":false},"excerpt":{"rendered":"<p>ENSEIGNEMENTS Didactique des sciences Cours disciplinaires G\u00e9osciences Encadrement m\u00e9moires Lyon1 Universit\u00e9 : Licence BGSTU, Master MEEF 2nd degr\u00e9 SVTU (INSPE), Master MEEF 1er degr\u00e9 (INSPE), DIU, Pr\u00e9paration concours Agr\u00e9gation SVTU, Master Recherche Lyon 1 Universit\u00e9 &#8211;\u00a0Ens Lyon : Master Recherche &hellip; <a href=\"https:\/\/icar.cnrs.fr\/membre\/flehebel\/enseignements\/\">Continuer la lecture <span class=\"meta-nav\">&rarr;<\/span><\/a><\/p>\n","protected":false},"author":4,"featured_media":0,"parent":0,"menu_order":0,"comment_status":"closed","ping_status":"closed","template":"","meta":{"footnotes":""},"class_list":["post-95","page","type-page","status-publish","hentry"],"_links":{"self":[{"href":"https:\/\/icar.cnrs.fr\/membre\/flehebel\/wp-json\/wp\/v2\/pages\/95","targetHints":{"allow":["GET"]}}],"collection":[{"href":"https:\/\/icar.cnrs.fr\/membre\/flehebel\/wp-json\/wp\/v2\/pages"}],"about":[{"href":"https:\/\/icar.cnrs.fr\/membre\/flehebel\/wp-json\/wp\/v2\/types\/page"}],"author":[{"embeddable":true,"href":"https:\/\/icar.cnrs.fr\/membre\/flehebel\/wp-json\/wp\/v2\/users\/4"}],"replies":[{"embeddable":true,"href":"https:\/\/icar.cnrs.fr\/membre\/flehebel\/wp-json\/wp\/v2\/comments?post=95"}],"version-history":[{"count":13,"href":"https:\/\/icar.cnrs.fr\/membre\/flehebel\/wp-json\/wp\/v2\/pages\/95\/revisions"}],"predecessor-version":[{"id":197,"href":"https:\/\/icar.cnrs.fr\/membre\/flehebel\/wp-json\/wp\/v2\/pages\/95\/revisions\/197"}],"wp:attachment":[{"href":"https:\/\/icar.cnrs.fr\/membre\/flehebel\/wp-json\/wp\/v2\/media?parent=95"}],"curies":[{"name":"wp","href":"https:\/\/api.w.org\/{rel}","templated":true}]}}