{"id":8,"date":"2016-11-02T17:38:51","date_gmt":"2016-11-02T16:38:51","guid":{"rendered":"https:\/\/icar.cnrs.fr\/membre\/fmanikcaros\/?page_id=8"},"modified":"2022-01-28T13:34:32","modified_gmt":"2022-01-28T12:34:32","slug":"publications","status":"publish","type":"page","link":"https:\/\/icar.cnrs.fr\/membre\/fmanikcaros\/publications\/","title":{"rendered":"Publications"},"content":{"rendered":"<div class=\"page\" title=\"Page 2\">\n<div class=\"layoutArea\">\n<div class=\"column\">\n<h3>Publications \u2013 InterventionsCommunications &#8211; Articles<\/h3>\n<ul>\n<li>Avril 2017 : La terminologie militaire, 1er congr\u00e8s mondial de traductologie, universit\u00e9 de Paris Ouest la D\u00e9fense.<\/li>\n<li>Mai 2016 : \u00c9tude linguistique du vocabulaire militaire en fran\u00e7ais et en grec moderne, journ\u00e9e d\u2019\u00e9tudes des doctorants au laboratoire LDI Universit\u00e9 Paris 13 Sorbonne Cit\u00e9.<\/li>\n<li>D\u00e9cembre 2014 : Et si on parlait de terminologie militaire, Colloque europ\u00e9en hommage \u00e0 Ariane Desportes. De l\u2019esprit d\u2019ouverture : la cr\u00e9ativit\u00e9 lexicale \u00e0 l\u2019Universit\u00e9 Paris 13 Sorbonne Cit\u00e9.<\/li>\n<li>Mars 2013 : Cr\u00e9er un dictionnaire fran\u00e7ais-grec moderne de termes militaires, rencontre des doctorants au laboratoire LDI Universit\u00e9 Paris 13 Sorbonne Cit\u00e9.<\/li>\n<li>Janvier 2012 : Terminologie et n\u00e9ologie, le cas des termes militaires, rencontre des doctorants au laboratoire LDI Universit\u00e9 Paris 13 Sorbonne Cit\u00e9.<\/li>\n<li>Juillet 2011 : Vers une \u00e9laboration d\u2019un dictionnaire fran\u00e7ais-grec moderne de termes militaires, rencontre des doctorants au laboratoire LDI Universit\u00e9 Paris 13 Sorbonne Cit\u00e9.<\/li>\n<\/ul>\n<\/div>\n<\/div>\n<\/div>\n<div class=\"page\" title=\"Page 3\">\n<div class=\"layoutArea\">\n<div class=\"column\">\n<h3>Activit\u00e9s scientifiques<\/h3>\n<p style=\"padding-left: 30px;\">\uf0b7 \u00a0Membre de l\u2019Association des Sciences du Langage (ASL).<\/p>\n<p style=\"padding-left: 30px;\">\uf0b7 \u00a0Secr\u00e9taire de l\u2019Association ConSciLa (Confrontation en Sciences du Langage)<\/p>\n<p style=\"padding-left: 30px;\">\uf0b7 \u00a0Membre de la Soci\u00e9t\u00e9 Fran\u00e7aise de Terminologie (SFT)<\/p>\n<p style=\"padding-left: 30px;\">\uf0b7 \u00a0Membre Comit\u00e9 suivi th\u00e8se de Djouher Chabla sur le sujet : du jardin m\u00e9di\u00e9val \u00e0 la litt\u00e9rature : usages raisonn\u00e9s des repr\u00e9sentations des plantes dans les textes m\u00e9di\u00e9vaux (XIII\u00e8me \u2013 XIV\u00e8me si\u00e8cle).<\/p>\n<p style=\"padding-left: 30px;\">\uf0b7 \u00a0Membre de l\u2019Association de la promotion de la langue grecque (organization for the Promotion of Greek Language ) en Gr\u00e8ce.<\/p>\n<p style=\"padding-left: 30px;\">\uf0b7 \u00a0Membre du R\u00e9seau de terminologie grecque de la commission europ\u00e9enne<\/p>\n<p style=\"padding-left: 30px;\">\uf0b7 \u00a0Membre associ\u00e9 de l\u2019Equipe Sciences du texte du laboratoire ICAR (Interactions, Corpus, Apprentissages, Repr\u00e9sentations) CNRS, ENS Lyon 2.<\/p>\n<p style=\"padding-left: 30px;\">\uf0b7 \u00a0Membre de l\u2019Association Nationale des Officiers Linguistes de R\u00e9serve (ANOLIR).<\/p>\n<p style=\"padding-left: 30px;\">\uf0b7 \u00a0Membre de la Soci\u00e9t\u00e9 fran\u00e7aise de Zoos\u00e9miotique (SfZ)<\/p>\n<p>Depuis 1983, responsable de la langue grecque (examens \u00e9crits et oraux, dispense de cours) au sein de l\u2019arm\u00e9e de Terre.<\/p>\n<\/div>\n<\/div>\n<\/div>\n","protected":false},"excerpt":{"rendered":"<p>Publications \u2013 InterventionsCommunications &#8211; Articles Avril 2017 : La terminologie militaire, 1er congr\u00e8s mondial de traductologie, universit\u00e9 de Paris Ouest la D\u00e9fense. Mai 2016 : \u00c9tude linguistique du vocabulaire militaire en fran\u00e7ais et en grec moderne, journ\u00e9e d\u2019\u00e9tudes des doctorants &hellip; <a href=\"https:\/\/icar.cnrs.fr\/membre\/fmanikcaros\/publications\/\">Continuer la lecture <span class=\"meta-nav\">&rarr;<\/span><\/a><\/p>\n","protected":false},"author":1,"featured_media":0,"parent":0,"menu_order":2,"comment_status":"closed","ping_status":"closed","template":"","meta":{"footnotes":""},"class_list":["post-8","page","type-page","status-publish","hentry"],"_links":{"self":[{"href":"https:\/\/icar.cnrs.fr\/membre\/fmanikcaros\/wp-json\/wp\/v2\/pages\/8","targetHints":{"allow":["GET"]}}],"collection":[{"href":"https:\/\/icar.cnrs.fr\/membre\/fmanikcaros\/wp-json\/wp\/v2\/pages"}],"about":[{"href":"https:\/\/icar.cnrs.fr\/membre\/fmanikcaros\/wp-json\/wp\/v2\/types\/page"}],"author":[{"embeddable":true,"href":"https:\/\/icar.cnrs.fr\/membre\/fmanikcaros\/wp-json\/wp\/v2\/users\/1"}],"replies":[{"embeddable":true,"href":"https:\/\/icar.cnrs.fr\/membre\/fmanikcaros\/wp-json\/wp\/v2\/comments?post=8"}],"version-history":[{"count":29,"href":"https:\/\/icar.cnrs.fr\/membre\/fmanikcaros\/wp-json\/wp\/v2\/pages\/8\/revisions"}],"predecessor-version":[{"id":165,"href":"https:\/\/icar.cnrs.fr\/membre\/fmanikcaros\/wp-json\/wp\/v2\/pages\/8\/revisions\/165"}],"wp:attachment":[{"href":"https:\/\/icar.cnrs.fr\/membre\/fmanikcaros\/wp-json\/wp\/v2\/media?parent=8"}],"curies":[{"name":"wp","href":"https:\/\/api.w.org\/{rel}","templated":true}]}}