{"id":8,"date":"2016-11-02T17:38:51","date_gmt":"2016-11-02T16:38:51","guid":{"rendered":"https:\/\/icar.cnrs.fr\/membre\/gniccolai\/?page_id=8"},"modified":"2017-01-12T15:14:17","modified_gmt":"2017-01-12T14:14:17","slug":"publications","status":"publish","type":"page","link":"https:\/\/icar.cnrs.fr\/membre\/gniccolai\/?page_id=8","title":{"rendered":"Publications and communications"},"content":{"rendered":"<h1>Articles\u00a0et chapitres d&#8217;ouvrage<a href=\"https:\/\/icar.cnrs.fr\/membre\/gniccolai\/accueil\/productions\/\"><img loading=\"lazy\" decoding=\"async\" class=\"alignright size-full wp-image-227\" src=\"https:\/\/icar.cnrs.fr\/membre\/gniccolai\/wp-content\/uploads\/sites\/63\/2017\/01\/France-Flag-icon-24.png\" alt=\"\" width=\"24\" height=\"24\" \/><\/a><\/h1>\n<ol>\n<li>&#8220;Intramolecular Coupling of \u03b72-Iminoacyl Functions at Group 4 Metal Centers.&#8221;<br \/>\nLatesky, S. L.; McMullen, A. K.; Niccolai, G. P.; Rothwell, I. P.; Huffman, J. C.<br \/>\n<em>Organometallics<\/em> <strong>1985<\/strong>, <em>4<\/em>, 1896.<\/li>\n<li>&#8220;Effects of Aryloxide Ancillary Ligands on the Chemistry of Molybdenum-Molybdenum and Tungsten-Tungsten Metal-Metal Bonds.&#8221;<br \/>\nCoffindaffer, T. W.; Niccolai, G. P.; Powell, D.; Rothwell, I. P.; Huffman, J. C.<br \/>\n<em> Am. Chem. Soc.<\/em> <strong>1985<\/strong>, <em>107<\/em>, 3572.<\/li>\n<li>&#8220;The Chemistry of Sterically Crowed Aryl Oxide Ligands. 3. Crystal and Molecular Structure and Properties of Mixed Benzyl-Aryl Oxide Compounds of Zirconium.&#8221;<br \/>\nLatesky, S. L.; McMullen, A. K.;Niccolai, G. P.; Rothwell, I. P.; Huffman, J. C.<br \/>\n<em>Organometallics<\/em> <strong>1985<\/strong>, <em>4<\/em>, 902.<\/li>\n<li>&#8220;Formation of Bridging Acylium and Nitrilium Complexes by the Reaction, of CO and CNC(CH3)3 with a Bridging Diiron Methylidyne Complex: Evidence for Strong Electron Donation of the Fe2C Core onto the \u00b5-CHCO and \u00b5-CHCNR Ligands.&#8221;<br \/>\nCasey, C. P.; Crocker, M.; Niccolai. G. P.; Fagan, P. J.; Konings, M. S.<br \/>\n<em> Am. Chem. Soc.<\/em> <strong>1988<\/strong>, <em>110<\/em>, 6070.<\/li>\n<li>Th\u00e8se doctorale \u00e0 l&#8217;Universit\u00e9 du Wisconsin &#8211; Madison, f\u00e9vrier, <strong>1992<\/strong>: I. Fenske Hall Molecular Orbital Studies of [CpM(CO)n]2 Complexes: The Interplay of Metal-Metal Bonding and Bridging and Semibridging Ligands II. The Photolytic Dehydrogenation of the Diiron Alkylidene Complex, [CpFe(CO)]2(\u00b5-CO)(\u00b5-CHCH2CH2CH2CH3)<\/li>\n<li>&#8220;The Electronic Structure of [(\u03b75-C5H5)2Co2]: Comment on the Existence of a Complex with an Unsupported Co-Co Double Bond.&#8221;<br \/>\nAbrahamson, H. B.; Niccolai, G. P.; Heinekey, D. M.; Casey, C. P.; Bursten, B. E.<br \/>\n<em> Chem., Int. Ed. Eng.<\/em> <strong>1992<\/strong>,<em> 31<\/em>, 471.<\/li>\n<li>&#8220;Surface Organometallic Chemistry of Tin: Reaction of Hydridotris(butyl)tin with the Surfaces of Partially Dehydroxylated Aluminas.&#8221;<br \/>\nNedez, C.; Lefebvre, F.; Choplin, A.; Niccolai, G. P.; Basset, J.-M.; Benazzi, E.<br \/>\n<em> Am. Chem. Soc.<\/em> ,<strong>1994<\/strong>, <em>116<\/em>, 8638-46<\/li>\n<li>&#8220;Surface Organometallic Chemistry: A Molecular Approach to Heterogeneous Catalysis&#8221;<br \/>\nScott, S.L., Basset, J.-M., Niccolai, G. P., Santini, C.C., Candy, J.-P., Lecuyer, C., Quignard, F. Choplin, A.,<br \/>\n<em> J. Chem.<\/em>, <strong>1994<\/strong>, 18, 115-22<\/li>\n<li>&#8220;An analysis of the metal-metal bonding in organodirhenium complexes containing Re-Re double bonds. &#8221;<br \/>\nBarckholtz, T. A.;Bursten, B. E.; Niccolai, G. P.; Casey, C. P.<br \/>\nOrganomet. Chem. ,<strong>1994<\/strong>, 478, 153-60<\/li>\n<li>&#8220;Photochemical dehydrogenation of [C<sub>5<\/sub>H<sub>5<\/sub>(CO)Fe]<sub>2<\/sub>(\u00b5-CO)(\u00b5- CHCH<sub>2<\/sub>CH<sub>2<\/sub>CH<sub>2<\/sub>CH<sub>3<\/sub>) to [C<sub>5<\/sub>H<sub>5<\/sub>(CO)Fe](\u00b5-CO)(\u00b5\uf02d\u03b7\uf031\uf02c\u03b7\uf033- CHCH=CHCH<sub>2<\/sub>CH<sub>3<\/sub>)[FeC<sub>5<\/sub>H<sub>5<\/sub>].&#8221;<br \/>\nCasey, C. P.; Niccolai, G. P.<br \/>\n<em>Organometallics<\/em> ,<strong>1994<\/strong>, 13, 2527-31<\/li>\n<li>&#8220;Surface Organometallic Chemistry of Inorganic Oxides: The Synthesis and Characterization of (\u00baSiO)Ta(=CHC(CH<sub>3<\/sub>)<sub>3<\/sub>)(CH<sub>2<\/sub>C(CH<sub>3<\/sub>)<sub>3<\/sub>)<sub>2<\/sub> and (\u00baSiO)<sub>2<\/sub>Ta(=CHC(CH<sub>3<\/sub>)<sub>3<\/sub>)(CH<sub>2<\/sub>C(CH<sub>3<\/sub>)<sub>3<\/sub>).&#8221;<br \/>\nDufaud, V.; Niccolai, G. P.; Thivolle-Cazat, J.; Basset, J. M.<br \/>\n<em> Am. Chem. Soc. <\/em>,<strong>1995<\/strong>, <em>117<\/em>, 4288-94<\/li>\n<li>&#8220;Unique selectivity for the dimerization of propene on RhSn\/SiO2 catalysts: implications on the mechanism of C-C bond formation and cleavage on bimetallic catalysts.&#8221;<br \/>\nToyir, J.; Leconte, M.; Niccolai, G. P.; Candy, J.-P.; Basset, J.-M.<em><br \/>\nMol. Catal. <\/em>,<strong>1995<\/strong>, <em>100<\/em>, 61-73<\/li>\n<li>&#8220;Hydrogenolysis and homologation of 3,3-dimethyl-1-butene on Ru\/SiO2 catalyst: implications for the mechanism of carbon-carbon bond formation and cleavage on metal surfaces.&#8221;<br \/>\nToyir, J.; Leconte, M.; Niccolai, G. P.; Basset, J.-M.<br \/>\n<em> Catal.<\/em> ,<strong>1995<\/strong>, <em>152<\/em>, 306-12<\/li>\n<li>&#8220;Primary selectivity in the activation of the carbon-hydrogen bonds of propane by silica-supported zirconium hydride.&#8221;<br \/>\nNiccolai, G. P.; Basset, J.-M.<br \/>\n<em> Catal., A <\/em>,<strong>1996<\/strong>, <em>146<\/em>, 145-156.<\/li>\n<li>&#8220;Organometallic surface chemistry: fundamental aspects and applications in catalysis.&#8221;<br \/>\nLefebvre, F.; Candy, J.-P.; de Mallmann, A.; Dufaud, V.; Niccolai, G. P.<br \/>\n<em> Chim.<\/em> ,<strong>1996<\/strong>, 47-54.<\/li>\n<li>&#8220;Catalytic hydrogenolysis and isomerization of light alkanes over the silica-supported titanium hydride complex (\u00baSiO)<sub>3<\/sub>&#8221;<br \/>\nRosier, C.; Niccolai, G. P.; Basset, J. M.<em><br \/>\nJ. Am. Chem. Soc.<\/em> ,<strong>1997<\/strong>, <em>119<\/em>, 12408-9<\/li>\n<li>&#8220;Theoretical study of silsesquioxane organo-metallic complex structure and IR spectrum. II. Interpretation of the IR spectrum.&#8221;<br \/>\nDavidova, I. E.; Gribov, L. A.; I.V., M.; Dufaud, V.; Niccolai, G. P.; Bayard, F.; Basset, J. M.<br \/>\n<em>Journal of Molecular Structure <\/em>,<strong>1998<\/strong>, 443, 89-106<\/li>\n<li>&#8220;Theoretical study of silsesquioxane organo-metallic complex structure and IR spectrum. I. Objects of investigation, implemented approaches and construction of molecular models.&#8221;<br \/>\nDavidova, I. E.; Gribov, L. A.; I.V., M.; Dufaud, V.; Niccolai, G. P.; Bayard, F.; Basset, J. M.<br \/>\n<em>Journal of Molecular Structure<\/em> ,<strong>1998<\/strong>, <em>443<\/em>, 67-68<\/li>\n<li>&#8220;New processes for carbon-carbon bond activation catalysed by oxide supported surface organometallic complexes.&#8221;<br \/>\nNiccolai, G. P.; Basset, J.-M. dans<br \/>\n&#8220;<em>Catalytic activation and functionalisation of light alcanes<\/em>.&#8221;, Kluver Academic, <strong>1998<\/strong>, 111-124.<\/li>\n<li>&#8220;Oxide Supported Surface Organometallic Complexes as a New Generation of Catalyst fo Carbon-Carbon Bond Activation&#8221;<br \/>\nLefebvre, F.; Thivolle-Cazat, J.; Dufaud, V.; G. P. Niccolai, G. P.; Basset,\u00a0\u00a0 J.-M.<br \/>\n<em>Applied Catalysis A: General<\/em>, <strong>1999<\/strong>, <em>182<\/em>, 1-8.<\/li>\n<li>&#8220;Preparation and Characterization of Small Silica-Supported Iridium Particles from Iridium Particles from Iridium Trisacetylacetonate Precursor&#8221;<br \/>\nLocatelli, F.; Didillion, B.; Uzio, D.; Niccolai, G.; Candy, J. P.; Basset, J.-M. <em> Catal.<\/em> <strong>2000<\/strong>, <em>193<\/em>, 154-160.<\/li>\n<li>&#8220;Crystal structure of 2,2&#8242;-bipyrimidine-bis(acetonitrile)-palladium(II) bis(tetrafluoroborate)-acetonitrile, C<sub>14<\/sub>H<sub>15<\/sub>B<sub>2<\/sub>F<sub>8<\/sub>N<sub>7<\/sub>Pd&#8221;<br \/>\nMagna, L.; Niccolai, G.-P.; Chauvin, Y.; Basset, J.-M.; Perrin, M. <em> Kristallogr.<\/em><strong> 2000,<\/strong> <em>215<\/em>, 595-596.<\/li>\n<li>&#8220;Hydrogenolysis of cyclohexane over Ir\/SiO<sub>2<\/sub> catalyst &#8211; A mechanistic study of carbon-carbon bond cleavage on metallic surfaces&#8221;<br \/>\nLocatelli, F.; Candy, J. P. ; Didillion, B.; Niccolai, G.; Uzio, D.; Basset, J.-M. <em> Am. Chem. Soc.<\/em> <strong>2001<\/strong>, <em>123<\/em>, 1658-1663.<\/li>\n<li>&#8220;Supported Metallocene Catalysts by Surface Organometallic Chemistry. Synthesis, Characterization and Reactivity in Ethylene Polymerization of Oxide Supported Mono and Biscyclopentadienyl Zirconium Alkyl Complexes: Establishment of Strucure\/Reactivity Relationships&#8221;<br \/>\nJezequel, M.; Dufaud, V.; Ruiz-Garcia, M.; Carrillo-Hermosilla, F.; Neugebauer, U.; Niccolai, G. P.; Lefebvre, F.; Bayard, F.; Corker, J.; Fiddy, S.; Evans, J.; Broyer, J.-P.; Malinge, J.; Basset, J.-M. <em>J.Am. Chem. Soc.<\/em> <strong>2001<\/strong>, <em>123<\/em>, 3520-3540.<\/li>\n<li>&#8220;Molecularly Defined Organometallic Complexes.&#8221;<br \/>\nBasset, J.-M.; Niccolai, G. P. dans<br \/>\n&#8220;<em>Applied Homogeneous Catalysis by Organometallic Complexes<\/em>&#8220;, VCH: Weinheim, <strong>1996<\/strong>. (2<sup>\u00e8me<\/sup> \u00e9dition, &#8220;Surface Organometallic Chemistry&#8221; <strong>2001<\/strong>)<\/li>\n<li>\u201cThe Importance of Imidazolium Substituents in the Use of Imidazolium-Based Room-Temperature Ionic Liquids as Solvents for Palladium-Catalyzed Telomerization of Butadiene with Methanol.\u201d<br \/>\nMagna, Lionel; Chauvin, Yves; Niccolai, Gerald P.; Basset, Jean-Marie.<br \/>\n<em>Organometallics<\/em><strong> 2003<\/strong>, <em>22<\/em>, 4418-4425.<\/li>\n<li>\u201cHydrogenolysis of 1,4-dimethylcyclohexane on silica supported iridium catalyst: influence of time on stream on activity and selectivity.\u201d Locatelli, F.; Uzio, D.; Niccolai, G.; Basset, J. M.; Candy, J. P.<br \/>\nCatalysis Communications <strong>2003<\/strong>, <em>4<\/em>, 189-194.<\/li>\n<li>\u201cThe catalytic isomerization reactions of 2-methyl-3-butenenitrile into 3-pentenenitrile in ionic liquids.\u201d<br \/>\nVallee, Christophe; Valerio, Christine; Chauvin, Yves; Niccolai, Gerald P.; Basset, Jean-Marie; Santini, Catherine C.; Galland, Jean-Christophe; Didillon, Blaise.<br \/>\nJournal of Molecular Catalysis A: Chemical <strong>2004<\/strong>, <em>214<\/em>, 71-81.<\/li>\n<li>&#8220;L\u2019aide \u00e0 la diffusion de la culture scientifique \u00e0 l\u2019\u00e9tranger : Les actions incitatives de l\u2019American Chemical Society&#8221;<br \/>\nNiccolai, Gerald P.<br \/>\nL&#8217;Actualit\u00e9 Chimique, <strong>2004<\/strong>, <em>280<\/em>, 84-86.<\/li>\n<li>&#8220;Surface Organometallic Chemistry of Titanium: Synthesis, Characterization, and Reactivity of (\u00baSi-O)<sub>n<\/sub>Ti(CH<sub>2<\/sub>C(CH<sub>3<\/sub>)<sub>3<\/sub>)<sub>4-n<\/sub> (n = 1, 2) Grafted on Aerosil Silica and MCM-41.&#8221;<br \/>\nBini, Fabien; Rosier, Cecile; Saint-Arroman, Romain Petroff; Neumann, Eva; Dablemont, Celine; de Mallmann, Aimery; Lefebvre, Frederic; Niccolai, Gerald P.; Basset, Jean-Marie; Crocker, Mark; Buijink, Jan-Karel.<br \/>\nOrganometallics <strong>2006<\/strong>, <em>25<\/em>, 3743-3760.<\/li>\n<li>&#8220;New insights into the encapsulation and stabilization of heteropolyacids inside the pore walls of mesostructured silica materials&#8221;<br \/>\nDufaud, V\u00e9ronique; Lefebvre, Fr\u00e9d\u00e9ric; Mimoune, Aouine; Niccolai, Gerald P.<br \/>\nJournal of Materials Chemistry <strong>2008<\/strong>, <em>19<\/em>, 1142-1150.<\/li>\n<li>&#8220;Connaissances et l\u00e9gitimit\u00e9 dans les espaces hybrides de la recherche&#8221;<br \/>\nCharvolin, Florian; Joly, Pierre-Benoit; Boutrais, R\u00e9gine; Niccolai, Gerald P.<br \/>\nScience &amp; Devenir de l&#8217;Homme <strong>2008<\/strong>, <em>57\/58<\/em>, 126-143.<\/li>\n<li>Silica-Supported Zirconium Complexes and their Polyoligosilsesquioxane Analogues in the Transesterification of Acrylates: Part 2. Activity, Recycling and Regeneration.\u00a0\u00bb<br \/>\nSalinier, Val\u00e9rie, Dufaud, V\u00e9ronique, Niccolai, Gerald P., Basset, Jean-Marie<br \/>\nAdvanced Synthesis &amp; Catalysis <strong>2009<\/strong> <em>351(13)<\/em>, 2168-2177.<\/li>\n<li>\u00ab\u00a0Contraintes technologiques sur les enregistrements de corpus et analyse des cadres de participation\u00a0\u00bb<br \/>\nJouin-Chardon, E., Mondada, L. Niccolai, G. P., Traverso, V.<br \/>\nPratiques, n\u00b0 147-148, p. 53-81. (<strong>2011<\/strong>).<\/li>\n<li>\u00ab\u00a0Argumentations et savoirs dans les Caf\u00e9s des sciences\u00a0\u00bb<br \/>\nNiccolai, Gerald P. et Plantin, C.<br \/>\nin Sergo, L. Wienen, U. Actes de la section &#8220;Fachsprache(n) in der Romania \u2013 Entwicklung, Verwendung, \u00dcbersetzung&#8221;<br \/>\n&#8220;Romanistik im Dialog&#8221; Romanistentag 2011, septembre <strong>2011<\/strong>, Berlin.<\/li>\n<li>\u00ab\u00a0Quand construire une position \u00e9motionnelle, c&#8217;est choisir une conclusion argumentative : le cas d\u2019un caf\u00e9-d\u00e9bat sur l\u2019eau potable au Mexique.\u00a0\u00bb<br \/>\nPolo, C., Plantin, C., Lund, K., Niccolai, G.<br \/>\n<em>Semen<\/em> 35, 7-29, (<strong>2013<\/strong>).<\/li>\n<li>\u00ab\u00a0Cohering Without Converging: Students\u2019 Use Of Doxa, Norms And Values While Debating About SSI (Mexico, USA, France).\u00a0\u00bb<br \/>\n<u>Polo, Claire<\/u>; Plantin, Christian\u00a0; Lund, Kristine\u00a0; Niccolai, Gerald<br \/>\n<em>in Proceedings of the ESERA <strong>2013<\/strong> Conference: Science Education Research For Evidence-based Teaching and Coherence in Learning<\/em>. Constantinou, C. P., Papadouris, N., &amp; Hadjigeorgiou, A. (Eds.). (2014). Nicosia, Cyprus: European Science Education Research Association. ISBN: 978-9963-700-77-6<\/li>\n<li>\u00ab\u00a0The comparison of two classes of bifunctional SBA-15 supported platinum\u2013heteropolyacid catalysts for the isomerization of n-hexane.\u00a0\u00bb<br \/>\nPinto, T., Arquill\u00e8re, P., Niccolai, G. P., Lefebvre, F., Dufaud, V.<br \/>\nNew J. Chem. (<strong>2015<\/strong>), v. 39, p.5300-5308.<\/li>\n<li>\u00ab\u00a0Group Emotions: The Social and Cognitive Functions of Emotions in Argumentation\u00bb<br \/>\nPolo, C., Plantin, C., Lund, K., Niccolai, G.<br \/>\n<em>International Journal of Computer-Supported Collaborative Learning <\/em>(<strong>2016<\/strong>), accept\u00e9 (DOI 1007\/s11412-016-9232-8).<\/li>\n<li>\u00ab Savoirs mobilis\u00e9s par les \u00e9l\u00e8ves dans des caf\u00e9s scientifiques : grille de caract\u00e9risation issue d&#8217;une \u00e9tude internationale. \u00bb<br \/>\nPolo, C., Plantin, C., Lund, K., Niccolai, G.<br \/>\n<em>Recherches en Didactique des Science et des Technologies\u00a0<\/em>(<strong>2016)<\/strong>,\u00a0<strong>n\u00b0<\/strong>\u00a013, pp. 193-220.\u00a0http:\/\/rdst.revues.org\/1359<\/li>\n<li>\u00abComparing Words to Debate about Drinking Water: Textometrics for Argumentation Studies\u00bb<br \/>\n<u>Polo, Claire<\/u>; Plantin, Christian\u00a0; Lund, Kristine\u00a0; Niccolai, Gerald P.<br \/>\nIn J. Woods (Ed.), <em>Argumentation and Reasoned Action : Proceedings of the European Conference on Argumentation Lisbon 2015. Volume II<\/em><br \/>\n(pp 831-848)<em>.<\/em> Studies in Logic and Argumentation, College Publications. London.<\/li>\n<li>\u00ab\u00a0Emotional Positioning as a Cognitive Resource for Arguing: Lessons from the Study of Mexican Students Debating about Drinking Water Management. \u00bb<br \/>\nPolo, C., Plantin, C., Lund, K., Niccolai, G.<br \/>\n<em>Pragmatics and Society <\/em>(<strong>2016<\/strong>), in\u00a0press.<\/li>\n<li>\u00ab\u00a0Group Emotions in Collective Reasoning: a Model\u00bb<br \/>\nPolo, C., Plantin, C., Lund, K., Niccolai, G.<br \/>\n<em>Argumentation <\/em>(<strong>2016<\/strong>), in press.\u00a0http:\/\/link.springer.com\/article\/10.1007\/s10503-016-9407-5<\/li>\n<\/ol>\n<h1>Communications \u00e0 des colloques (publi\u00e9s), congr\u00e8s, symposiums<\/h1>\n<ol>\n<li>\u00ab \u00c9tude de pratiques enseignantes dans une situation de coenseignement bidisciplinaire au coll\u00e8ge \u00bb,<br \/>\nKammerer B\u00e9atrice, Buty Christian, Robinault Karine, Niccolai Gerald P.,<br \/>\n(conference orale avec actes) in <em>Actes du Congr\u00e8s International d&#8217;Actualit\u00e9 de la Recherche en Education et en Formation 2007<\/em>, Strasbourg,<strong> 2007<\/strong><\/li>\n<li>\u00ab\u00a0The role of emotions in argumentation in small-groups: case studies of students\u2019 debates about drinking water management\u00a0\u00bb,<br \/>\n<u>Polo, Claire<\/u>; Plantin, Christian\u00a0; Lund, Kristine\u00a0; Niccolai, Gerald P.<br \/>\n<em>Workshop on Social Motivational and Affective Dimensions of Learning through Social Interaction<\/em>, International Congress on the Learning Sciences , Boulder, <strong>2014<\/strong><\/li>\n<\/ol>\n<h1>Communication sans actes (sciences humaines)<\/h1>\n<ol>\n<li>\u00ab Projet ViSA : Le d\u00e9veloppement d&#8217;une base de donn\u00e9es d&#8217;enregistrements Vid\u00e9o de Situations d&#8217;enseignement et d&#8217;Apprentissage \u00bb,<br \/>\n<u>Niccolai G. P.,<\/u> 2005 (Communication par affiche)<br \/>\nJourn\u00e9es Internationales Communication, l&#8217;\u00c9ducation et la Culture Scientifiques et Industrielles, Chamonix, France, 22-24 novembre <strong>2005<\/strong>.<\/li>\n<li>\u00ab Les cit\u00e9s d\u00e9brouillardes \u00bb<br \/>\n<u>Niccolai, Gerald P.<\/u> (pour le compte de la Ville de Lyon, Communication orale)<br \/>\nCongr\u00e8s de l\u2019Association Internationale des Villes Educatrices, 15 septembre <strong>2006<\/strong>, Lyon.<\/li>\n<li>\u00ab Territoires d\u00e9favoris\u00e9s, engagements solidaires et mobilit\u00e9(s) des individus \u00bb<br \/>\n<u>Niccolai, Gerald P.<\/u> (Intervention \u00e0 un table ronde)<br \/>\n\u00e0 l\u2019\u00c9cole Nationale des Travaux Publics de l&#8217;\u00c9tat et l\u2019\u00c9cole Nationale Sup\u00e9rieure d&#8217;Architecture de Lyon, 17 octobre <strong>2006<\/strong>.<\/li>\n<li>\u00ab &#8220;Smart Cities&#8221;: Summer science in the mean streets of France \u00bb<br \/>\n<u>Niccolai, Gerald P.<\/u> (Communication orale)<br \/>\n233rd ACS National Meeting, Chicago, IL, March 25-29, <strong>2007<\/strong>.<\/li>\n<li>\u00ab Adaptation of scientific caf\u00e9s to school settings using audience response systems \u00bb<br \/>\n<u>Niccolai, Gerald P.,<\/u> Allagnat, Jean-Paul, Buthion, S\u00e9bastien, Font\u00e8s, Jacques, Guinet, Daniel, Morel Deville, Fran\u00e7oise (Communication orale)<br \/>\n238rd National Meeting &amp; Exposition de l\u2019American Chemical Society,19 ao\u00fbt <strong>2009<\/strong>.<\/li>\n<li>\u00ab Studies on project documentation and transmission and the battle against re-innovation \u00bb<br \/>\n<u>Niccolai, G. P., <\/u>Buty, C., Buthion, S., (Communication orale)<br \/>\n238rd National Meeting &amp; Exposition de l\u2019American Chemical Society,19 ao\u00fbt <strong>2009<\/strong>.<\/li>\n<li>\u00ab\u00a0Argumentation at the table\u2212talk level of middle school students participating in scientific caf\u00e9s\u00a0\u00bb<br \/>\n<u>Niccolai, G. P.,<\/u> Badreddine, Z., Buty, C.\u00a0\u00a0\u00a0\u00a0\u00a0\u00a0\u00a0\u00a0\u00a0\u00a0 (Communication par affiche)<br \/>\n9th International Conference of the Learning Sciences, Chicago, July <strong>2010<\/strong>.<\/li>\n<li>Questions argumentatives et argumentations dans les Caf\u00e9s des sciences<br \/>\nNiccolai, Gerald P. and <u>Plantin, C.<\/u> (Communication orale)<br \/>\nDeutschen Romanistentag, Berlin, septembre <strong>2011<\/strong>.<\/li>\n<li>Adaptation of scientific caf\u00e9s to school settings<br \/>\n<u>Niccolai, Gerald P.<\/u> (Conf\u00e9rence orale invitee, prise en charge par les organisateurs)<br \/>\nFaculdade d\u2019Educacion, Universidade Federale de Minas Gerais, Belo Horizonte, Br\u00e9sil, ao\u00fbt <strong>2011<\/strong>.<\/li>\n<li>The battle against re-innovation in science outreach and education<br \/>\n<u>Niccolai, Gerald P.<\/u> (Conf\u00e9rence orale invitee, prise en charge par les organisateurs)<br \/>\nColloque \u00ab\u00a0Cross fertilization around shared experiences\u00a0\u00bb organis\u00e9 par le Consulat G\u00e9n\u00e9ral de France, Chicago, octobre <strong>2011<\/strong>.<\/li>\n<li>\u00ab\u00a0Le d\u00e9veloppement du cadre de d\u00e9bat pour les jeunes \u2018YouTalk !\u2019: quelques exemples des dynamiques engendr\u00e9es\u00a0\u00bb<br \/>\n<u>Niccolai, Gerald P. <\/u>(Conf\u00e9rence orale invitee, prise en charge par les organisateurs)<br \/>\nColloque \u00ab\u00a0Argumenta\u00e7\u00e3o et Pr\u00e1ticas para Divulga\u00e7\u00e3o Cientifica\u00a0: Estrat\u00e9gias para Forma\u00e7\u00e3o Cidad\u00e3\u00a0\u00bb<br \/>\nFacult\u00e9 d\u2019\u00c9ducation, Universit\u00e9 F\u00e9d\u00e9rale de Pernambuco, Recife, Br\u00e9sil, 26 mars <strong>2013<\/strong>.<\/li>\n<li>&#8220;Emotions As Argumentative Resources: Lessons from the Study of Mexican Students Interactions while Debating on Drinking Water Management&#8221;<br \/>\n<u>Polo, C.<\/u>; Plantin, C.; Lund, K.; Niccolai, G. P. (Communication par affiche)<br \/>\n<em>Alpine Rendez-Vous Workshop on Tools and Technologies for Emotion Awareness in Computer-Mediated Collaboration and Learning<\/em><em>, <\/em>Villard \u2010 de \u2010 Lans, 28 janvier \u2013 1 er f\u00e9vrier <strong>2013<\/strong>.<\/li>\n<li>\u201cLa valorisation sociale au sein du labex ASLAN\u00a0\u00bb<br \/>\n<u>Niccolai, G. P.<\/u><br \/>\nJourn\u00e9e scientifique de l\u2019IUniversit\u00e9 de Lyon, La complexit\u00e9\u00a0: Quels d\u00e9fis pour demain\u00a0?<br \/>\nLyon, 5 novembre <strong>2014<\/strong>.<\/li>\n<li>\u00ab\u00a0Group Emotions in Argumentation: Specifying Relations Between Social and Cognitive Functions \u00bb<br \/>\n<u>Polo, Claire<\/u>; Lund, Kristine\u00a0; Plantin, Christian\u00a0; Niccolai, Gerald P.<br \/>\nConf\u00e9rence Internationale sur la Linguistique Appliqu\u00e9e aux Pratiques Professionnelles (ALAPP), Gen\u00e8ve, 10-12 septembre <strong>2014<\/strong><em>. <\/em><\/li>\n<li>\u00ab\u00a0Group Emotions in Argumentation: Specifying Relations Between Social and Cognitive Functions \u00bb<br \/>\n<u>Polo, Claire<\/u>; Lund, Kristine\u00a0; Plantin, Christian\u00a0; Niccolai, Gerald P.<br \/>\n16\u00e8me Conf\u00e9rence de l&#8217;European Association for Research on Learning and Instruction (EARLI), Limassol, Ao\u00fbt <strong>2015<\/strong>.<\/li>\n<li>\u00ab\u00a0Group Emotions at Reasoning Together: a Model. \u00bb<br \/>\n<u>Polo, Claire<\/u>; Plantin, Christian\u00a0; Lund, Kristine\u00a0; Niccolai, Gerald P.<br \/>\nConf\u00e9rence de l&#8217;Association Europ\u00e9enne de Recherche sur l&#8217;Education Scientifique (ESERA), Helsinki, septembre <strong>2015<\/strong>.<\/li>\n<li>\u00ab\u00a0Hybridization of knowledge sets in middle-school students peer-group discourse during a scientific caf\u00e9 on drinking water\u00a0\u00bb<br \/>\n<u>Niccolai, Gerald P.<\/u>; Polo, C. ; Lund, K.\u00a0; Plantin, C. (Conf\u00e9rence orale) International Chemical Congress of the Pacific Basin Societies (PacifiChem), Honolulu, 19 d\u00e9cembre <strong>2015<\/strong>.<\/li>\n<\/ol>\n<h2>Autres ouvrages<\/h2>\n<ol>\n<li>Exp\u00e9riences partag\u00e9es : Un guide d\u2019initiation \u00e0 l\u2019animation scientifique pour les chimistes.<br \/>\nNiccolai Gerald P., Bonardi Isabelle, <strong>2009<\/strong><br \/>\nUniversit\u00e9 de Lyon et Fondation de la Maison de la Chimie : Lyon, 105 p.<\/li>\n<\/ol>\n<h2>Brevets<\/h2>\n<ol>\n<li>&#8220;Imidazolium Salts and the use of these ionic liquids as a solvent and as a catalyst &#8221;<br \/>\nMagna, L.; Niccolai, G.-P.; Chauvin, Y.; Basset, J.-M.<br \/>\nBrevet EPO 1201657-A1,US 20040026666-A1, INT 2002034722 d\u00e9pos\u00e9 par le CNRS le 02\/05\/2002.<\/li>\n<li>&#8220;Process of Telomerizing Conjugated Dienes&#8221;<br \/>\nMagna, L.; Niccolai, G.-P.; Chauvin, Y.; Basset, J.-M.<br \/>\nBrevet EU 1201634, US 06525228, d\u00e9pos\u00e9 par Celanese le 02\/05\/2002.<\/li>\n<li>&#8220;Method of producing nitrile compounds&#8221;<br \/>\nJean-Marie Basset, Jean-Christophe Galland, Yves Chauvin, Gerald P. Niccolai, Christine Valerio, Christophe Vall\u00e9<br \/>\nbrevet FR 2829763, EPO 1427695, US 20040260112, WO 3024919 d\u00e9pos\u00e9 par Rhodia Polyamide Intermediates le 23\/12\/2004.<\/li>\n<\/ol>\n<h2>Production audiovisuelle<\/h2>\n<ol>\n<li>Finotti, F. (r\u00e9alisateur)\u00a0; Niccolai, G. P., Morel-Devile, F. et Mazur-Palandre (auteurs). <em>The Talking Stones <\/em>[film court m\u00e9trage]\u00a0(<strong>2012<\/strong>) Lyon, France\u00a0: ENS Lyon.<\/li>\n<\/ol>\n","protected":false},"excerpt":{"rendered":"<p>Articles\u00a0et chapitres d&#8217;ouvrage &#8220;Intramolecular Coupling of \u03b72-Iminoacyl Functions at Group 4 Metal Centers.&#8221; Latesky, S. L.; McMullen, A. K.; Niccolai, G. P.; Rothwell, I. P.; Huffman, J. C. Organometallics 1985, 4, 1896. &#8220;Effects of Aryloxide Ancillary Ligands on the Chemistry &hellip; <a href=\"https:\/\/icar.cnrs.fr\/membre\/gniccolai\/?page_id=8\">Continue reading <span class=\"meta-nav\">&rarr;<\/span><\/a><\/p>\n","protected":false},"author":1,"featured_media":0,"parent":191,"menu_order":2,"comment_status":"closed","ping_status":"closed","template":"","meta":{"footnotes":""},"class_list":["post-8","page","type-page","status-publish","hentry"],"_links":{"self":[{"href":"https:\/\/icar.cnrs.fr\/membre\/gniccolai\/index.php?rest_route=\/wp\/v2\/pages\/8","targetHints":{"allow":["GET"]}}],"collection":[{"href":"https:\/\/icar.cnrs.fr\/membre\/gniccolai\/index.php?rest_route=\/wp\/v2\/pages"}],"about":[{"href":"https:\/\/icar.cnrs.fr\/membre\/gniccolai\/index.php?rest_route=\/wp\/v2\/types\/page"}],"author":[{"embeddable":true,"href":"https:\/\/icar.cnrs.fr\/membre\/gniccolai\/index.php?rest_route=\/wp\/v2\/users\/1"}],"replies":[{"embeddable":true,"href":"https:\/\/icar.cnrs.fr\/membre\/gniccolai\/index.php?rest_route=%2Fwp%2Fv2%2Fcomments&post=8"}],"version-history":[{"count":36,"href":"https:\/\/icar.cnrs.fr\/membre\/gniccolai\/index.php?rest_route=\/wp\/v2\/pages\/8\/revisions"}],"predecessor-version":[{"id":234,"href":"https:\/\/icar.cnrs.fr\/membre\/gniccolai\/index.php?rest_route=\/wp\/v2\/pages\/8\/revisions\/234"}],"up":[{"embeddable":true,"href":"https:\/\/icar.cnrs.fr\/membre\/gniccolai\/index.php?rest_route=\/wp\/v2\/pages\/191"}],"wp:attachment":[{"href":"https:\/\/icar.cnrs.fr\/membre\/gniccolai\/index.php?rest_route=%2Fwp%2Fv2%2Fmedia&parent=8"}],"curies":[{"name":"wp","href":"https:\/\/api.w.org\/{rel}","templated":true}]}}