{"id":212,"date":"2016-12-08T10:36:06","date_gmt":"2016-12-08T09:36:06","guid":{"rendered":"https:\/\/icar.cnrs.fr\/membre\/jcregnier\/?page_id=212"},"modified":"2023-10-16T11:13:58","modified_gmt":"2023-10-16T09:13:58","slug":"titres-et-qualifications","status":"publish","type":"page","link":"https:\/\/icar.cnrs.fr\/membre\/jcregnier\/titres-et-qualifications\/","title":{"rendered":"Titres et qualifications"},"content":{"rendered":"<p><strong>2023 <\/strong> Visitante Ilustre d\u00e9cern\u00e9 par la ville de Marilia \u2013 \u00c9tat de S\u00e3o Paulo \u2013 Br\u00e9sil<br \/>\n<strong>2018 <\/strong> M\u00e9daille de l&rsquo;Universit\u00e9 d&rsquo;Etat de Tomsk &#8211; National Research Tomsk State University &#8211; Sib\u00e9rie -Russie<br \/>\n<strong>2017\u00a0<\/strong> Doctor Honoris Causa<\/strong> &#8211; Universidade de Caxais do Sul &#8211; RS &#8211; Br\u00e9sil <\/p>\n<p><strong>2008<\/strong> Chevalier de l&rsquo;Ordre des Palmes acad\u00e9miques <\/p>\n<p><strong>2000<\/strong>\u00a0HDR en Sciences et Th\u00e9ories des formes de l\u2019\u00e9ducation \u2013 Universit\u00e9 Marc Bloch \u2013 Strasbourg.&lt;<br \/>\n<em>Auto-\u00e9valuation et autocorrection dans l&rsquo;enseignement des math\u00e9matiques et de la statistique \u2014 Entre prax\u00e9ologie et \u00e9pist\u00e9mologie scolaire<br \/>\n<\/em><a href=\"http:\/\/theses.univ-lyon2.fr\/documents\/lyon2\/2000\/regnier_jc\">http:\/\/theses.univ-lyon2.fr\/documents\/lyon2\/2000\/regnier_jc<br \/>\n<\/a>Directeur de l\u2019HDR<em>\u00a0<\/em>: Professeur Maurice Sachot<\/p>\n<p><strong>1986<\/strong>\u00a0D.E.A. de Sciences de l\u2019\u00e9ducation, Universit\u00e9 Lumi\u00e8re Lyon 2<br \/>\n<em>\u00c9tude d\u2019une tentative de formation \u00e0 l\u2019auto-\u00e9valuation d\u2019\u00e9l\u00e8ves de classe de seconde de Lyc\u00e9e, dans le cade de l\u2019enseignement des math\u00e9matiques<br \/>\n<\/em>Directeur de recherche<em>\u00a0<\/em>: Professeur Guy Avanzini<\/p>\n<p><strong>1983<\/strong>\u00a0Doctorat de Math\u00e9matiques (mention\u00a0: didactique des math\u00e9matiques) ULP Strasbourg<br \/>\n<em>Etude didactique d&rsquo;un test autocorrectif en trigonom\u00e9trie<br \/>\n<\/em><a href=\"http:\/\/theses.univ-lyon2.fr\/documents\/lyon2\/1983\/regnier_jc\">http:\/\/theses.univ-lyon2.fr\/documents\/lyon2\/1983\/regnier_jc<br \/>\n<\/a>Directeur de recherche<em>\u00a0<\/em>: Professeur Georges Glaeser<\/p>\n<p><strong>1980<\/strong>\u00a0DEA de Math\u00e9matiques (mention\u00a0: didactique des math\u00e9matiques) Univ Nancy 1\u2013 ULP Strasbourg<br \/>\n<em>\u00c9laboration d&rsquo;un livret autocorrectif : \u00e9tude pr\u00e9liminaire par un questionnaire sur l&rsquo;\u00e9quation du second degr\u00e9 en classe de seconde T1 et projet de livret autocorrectif<br \/>\n<\/em>Directeur de recherche<em>\u00a0<\/em>: Professeur Georges Glaeser<\/p>\n<p><strong>1974<\/strong>\u00a0CAPES de Math\u00e9matiques<\/p>\n<p><strong>1973-1974<\/strong>\u00a0: \u00e9l\u00e8ve-professeur de 4 \u00e8me d&rsquo;IPES\u00a0: pr\u00e9paration \u00e0 l&rsquo;agr\u00e9gation de Math\u00e9matiques<\/p>\n<p><strong>1970-1973<\/strong>\u00a0: \u00e9l\u00e8ve-professeur de l&rsquo;IPES\u00a0: Licence et Maitrise de Math\u00e9matiques<\/p>\n<p>&nbsp;<\/p>\n","protected":false},"excerpt":{"rendered":"<p>2023 Visitante Ilustre d\u00e9cern\u00e9 par la ville de Marilia \u2013 \u00c9tat de S\u00e3o Paulo \u2013 Br\u00e9sil 2018 M\u00e9daille de l&rsquo;Universit\u00e9 d&rsquo;Etat de Tomsk &#8211; National Research Tomsk State University &#8211; Sib\u00e9rie -Russie 2017\u00a0 Doctor Honoris Causa &#8211; Universidade de Caxais &hellip; <a href=\"https:\/\/icar.cnrs.fr\/membre\/jcregnier\/titres-et-qualifications\/\">Continuer la lecture <span class=\"meta-nav\">&rarr;<\/span><\/a><\/p>\n","protected":false},"author":1,"featured_media":0,"parent":0,"menu_order":0,"comment_status":"closed","ping_status":"closed","template":"","meta":{"footnotes":""},"class_list":["post-212","page","type-page","status-publish","hentry"],"_links":{"self":[{"href":"https:\/\/icar.cnrs.fr\/membre\/jcregnier\/wp-json\/wp\/v2\/pages\/212","targetHints":{"allow":["GET"]}}],"collection":[{"href":"https:\/\/icar.cnrs.fr\/membre\/jcregnier\/wp-json\/wp\/v2\/pages"}],"about":[{"href":"https:\/\/icar.cnrs.fr\/membre\/jcregnier\/wp-json\/wp\/v2\/types\/page"}],"author":[{"embeddable":true,"href":"https:\/\/icar.cnrs.fr\/membre\/jcregnier\/wp-json\/wp\/v2\/users\/1"}],"replies":[{"embeddable":true,"href":"https:\/\/icar.cnrs.fr\/membre\/jcregnier\/wp-json\/wp\/v2\/comments?post=212"}],"version-history":[{"count":7,"href":"https:\/\/icar.cnrs.fr\/membre\/jcregnier\/wp-json\/wp\/v2\/pages\/212\/revisions"}],"predecessor-version":[{"id":845,"href":"https:\/\/icar.cnrs.fr\/membre\/jcregnier\/wp-json\/wp\/v2\/pages\/212\/revisions\/845"}],"wp:attachment":[{"href":"https:\/\/icar.cnrs.fr\/membre\/jcregnier\/wp-json\/wp\/v2\/media?parent=212"}],"curies":[{"name":"wp","href":"https:\/\/api.w.org\/{rel}","templated":true}]}}