{"id":39,"date":"2016-11-09T15:36:16","date_gmt":"2016-11-09T14:36:16","guid":{"rendered":"https:\/\/icar.cnrs.fr\/membre\/jcregnier\/?page_id=39"},"modified":"2025-07-09T23:01:37","modified_gmt":"2025-07-09T21:01:37","slug":"axes-de-recherche","status":"publish","type":"page","link":"https:\/\/icar.cnrs.fr\/membre\/jcregnier\/axes-de-recherche\/","title":{"rendered":"Recherche\/Expertise"},"content":{"rendered":"<h2>Domaines des Th\u00e9matiques\/Travaux<\/h2>\n<h3>Apprentissage(s), didactique &amp; p\u00e9dagogie, interactions<\/h3>\n<p>&#8211; P\u00e9dagogie et Didactique des math\u00e9matiques et de la statistique, int\u00e9grant des approches ethnomath\u00e9matique et ethnostatistique, m\u00e9thodologique, \u00e9pist\u00e9mologique et historique<\/p>\n<p>&#8211; Enseignement, apprentissage et formation fond\u00e9s les Technologies de l&rsquo;Information et de la Communication appliqu\u00e9es \u00e0 la formation, \u00e0 l&rsquo;\u00e9ducation et la recherche en sciences de l&rsquo;\u00e9ducation; Environnements Num\u00e9riques de Travail, e-Learning et FAD\/FOAD<\/p>\n<p>&#8211; Approche m\u00e9thodologique statistique et formation en statistique (en particulier pour les non-sp\u00e9cialistes) int\u00e9grant l\u2019assistance informatique pour les traitements par ordinateur et une perspective \u00e9pist\u00e9mologique r\u00e9flexive et critique<\/p>\n<h3>Statistique &amp; Construction,traitement et analyse de donn\u00e9es<\/h3>\n<p align=\"left\">&#8211; Analyse Statistique Implicative (<a href=\"http:\/\/fr.wikipedia.org\/wiki\/Analyse_statistique_implicative\">http:\/\/fr.wikipedia.org\/wiki\/Analyse_statistique_implicative<\/a>\u00a0)<\/p>\n<p>&#8211; Approche m\u00e9thodologique fond\u00e9e sur l\u2019Analyse statistique implicative en tant qu\u2019objet de recherche, objet de formation en statistique et analyse des donn\u00e9es et outil pour la recherche en sciences humaines et sociales<br \/>\n&#8211; R\u00e9f\u00e9rences bibliographiques sur l&rsquo;Analyse Statistique Implicative:<br \/>\n<a href=\"https:\/\/sites.univ-lyon2.fr\/asi\/ref\/refasi\" target=\"_blank\" rel=\"noopener noreferrer\">https:\/\/sites.univ-lyon2.fr\/asi\/ref\/refasi<\/a><\/p>\n<h3>********************************************<br \/>\n<strong>Pr\u00e9sidence de comit\u00e9 scientifique et de programme :<\/strong><\/h3>\n<p><strong>Analyse Statistique Implicative<\/strong><\/p>\n<p>Colloque ASI 13 Martinique (France) 2025.<br \/>\n<a href=\"http:\/\/sites.univ-lyon2.fr\/asi\/13\/index.php\" target=\"_blank\" rel=\"noopener noreferrer\"><img loading=\"lazy\" decoding=\"async\" src=\"https:\/\/sites.univ-lyon2.fr\/asi\/13\/img\/logo\/LogoASI13.png\" alt=\"Logo ASI 13 - 2025\" width=\"126\" height=\"67\" \/>http:\/\/sites.univ-lyon2.fr\/asi\/13\/<\/a><\/p>\n<hr class=\"wp-block-separator\" \/>\n<p>Colloque ASI 12 Ouarzazate (Maroc) 2023.<br \/>\n<a href=\"http:\/\/sites.univ-lyon2.fr\/asi\/12\/\" target=\"_blank\" rel=\"noopener noreferrer\"><img loading=\"lazy\" decoding=\"async\" src=\"https:\/\/sites.univ-lyon2.fr\/asi\/12\/img\/logo\/LogoASI12.png\" alt=\"Logo ASI 12 - 2023\" width=\"126\" height=\"67\" \/>http:\/\/sites.univ-lyon2.fr\/asi\/12\/<\/a><\/p>\n<hr class=\"wp-block-separator\" \/>\n<p>Colloque ASI 11 Belfort (France) 2021.<br \/>\n<a href=\"http:\/\/sites.univ-lyon2.fr\/asi\/11\/\" target=\"_blank\" rel=\"noopener noreferrer\"><img loading=\"lazy\" decoding=\"async\" src=\"https:\/\/sites.univ-lyon2.fr\/asi\/11\/img\/logo\/LogoASI11.png\" alt=\"Logo ASI 11 - 2021\" width=\"126\" height=\"67\" \/>http:\/\/sites.univ-lyon2.fr\/asi\/11\/<\/a><\/p>\n<hr class=\"wp-block-separator\" \/>\n<p>Colloque ASI 10 Belfort (France) 2019.<br \/>\n<a href=\"http:\/\/sites.univ-lyon2.fr\/asi\/10\/\" target=\"_blank\" rel=\"noopener noreferrer\"><img loading=\"lazy\" decoding=\"async\" src=\"https:\/\/sites.univ-lyon2.fr\/asi\/10\/img\/logo\/LogoASI10.png\" alt=\"Logo ASI 10 - 2019\" width=\"126\" height=\"67\" \/>http:\/\/sites.univ-lyon2.fr\/asi\/10\/<\/a><\/p>\n<hr class=\"wp-block-separator\" \/>\n<p>Colloque ASI 9 Belfort (France) 2017.<br \/>\n<a href=\"http:\/\/sites.univ-lyon2.fr\/asi\/9\/\" target=\"_blank\" rel=\"noopener noreferrer\"><img loading=\"lazy\" decoding=\"async\" src=\"https:\/\/sites.univ-lyon2.fr\/asi\/9\/img\/logo\/LogoASI9.png\" alt=\"Logo ASI 9 - 2017\" width=\"126\" height=\"67\" \/>http:\/\/sites.univ-lyon2.fr\/asi\/9\/<\/a><\/p>\n<hr class=\"wp-block-separator\" \/>\n<p><img loading=\"lazy\" decoding=\"async\" src=\"https:\/\/sites.univ-lyon2.fr\/asi\/SILASI\/img\/LogoSILASI1_2017.jpg\" alt=\"Logo ASI 9 - 2017\" width=\"126\" height=\"67\" \/>1\u00b0 Simposio Internacional Lus\u00f3fono sobre a An\u00e1lise Estat\u00edstica Implicativa &#8211; <a href=\"http:\/\/gpasiecm.wixsite.com\/asi2017\" target=\"_blank\" rel=\"noopener noreferrer\">SILASI 1-2017<\/a> &#8211; Recife (Br\u00e9sil)<\/p>\n<hr class=\"wp-block-separator\" \/>\n<p>Colloque ASI 8 Tunis (Tunisie) 2015.<br \/>\n<a href=\"http:\/\/sites.univ-lyon2.fr\/asi\/8\/\" target=\"_blank\" rel=\"noopener noreferrer\"><img loading=\"lazy\" decoding=\"async\" src=\"https:\/\/sites.univ-lyon2.fr\/asi\/8\/img\/logo\/LogoASI8.jpg\" alt=\"Logo ASI 8 - 2015\" width=\"126\" height=\"67\" \/>http:\/\/sites.univ-lyon2.fr\/asi\/8\/<\/a><\/p>\n<hr class=\"wp-block-separator\" \/>\n<p>Colloque ASI 7 S\u00e3o Paulo (Br\u00e9sil) 2013.<br \/>\n<a href=\"http:\/\/sites.univ-lyon2.fr\/asi\/7\/\" target=\"_blank\" rel=\"noopener noreferrer\"><img loading=\"lazy\" decoding=\"async\" src=\"https:\/\/sites.univ-lyon2.fr\/asi\/7\/img\/logo\/ASI7_2.gif\" alt=\"Logo ASI 7 - 2013\" width=\"126\" height=\"67\" \/>http:\/\/sites.univ-lyon2.fr\/asi\/7\/<\/a><\/p>\n<hr class=\"wp-block-separator\" \/>\n<p>Colloque ASI 6 Caen (France) 2012.<br \/>\n<a href=\"http:\/\/sites.univ-lyon2.fr\/asi\/6\/\" target=\"_blank\" rel=\"noopener noreferrer\"><img loading=\"lazy\" decoding=\"async\" src=\"https:\/\/sites.univ-lyon2.fr\/asi\/6\/img\/logo\/ASI6_2.gif\" alt=\"Logo ASI 6 - 2012\" width=\"126\" height=\"67\" \/>http:\/\/sites.univ-lyon2.fr\/asi\/6\/<\/a><\/p>\n<hr class=\"wp-block-separator\" \/>\n<p>Colloque ASI 5 Palerme (Italie) 2010.<br \/>\n<a href=\"http:\/\/sites.univ-lyon2.fr\/asi\/5\/\" target=\"_blank\" rel=\"noopener noreferrer\"><img loading=\"lazy\" decoding=\"async\" src=\"https:\/\/sites.univ-lyon2.fr\/asi\/5\/img\/logo\/ASI5_2.gif\" alt=\"Logo ASI 5 - 2010\" width=\"126\" height=\"67\" \/>http:\/\/sites.univ-lyon2.fr\/asi\/5\/<\/a><br \/>\n*******************************************<br \/>\n<strong>P\u00e9dagogie et didactique de la statistique<\/strong><\/p>\n<p>4 \u00e8me Colloque Francophone International sur l\u2019Enseignement de la Statistique CFIES\u20194 2015, 21 \u2013 22 &#8211; 23 janvier 2015 \u2013 Universit\u00e9 de Bordeaux &#8211; Bordeaux (France)<br \/>\n<a href=\"http:\/\/cfies2015.sfds.asso.fr\/\" target=\"_blank\" rel=\"noopener noreferrer\">http:\/\/cfies2015.sfds.asso.fr\/<\/a><\/p>\n<p>*******************************************<br \/>\n<img loading=\"lazy\" decoding=\"async\" class=\" wp-image-987 alignleft\" src=\"https:\/\/icar.cnrs.fr\/membre\/jcregnier\/wp-content\/uploads\/sites\/80\/2025\/07\/RIAIPE3-300x141.jpeg\" alt=\"\" width=\"147\" height=\"72\" \/> <!-- img src=\"http:\/\/riaipe.org\/images\/joomlaplates\/scene-logo-big.png\" alt=LogoRIAIPE3 --><\/p>\n<h3><strong>Programme de Recherche international:<\/strong><\/h3>\n<p><a href=\"https:\/\/www.youtube.com\/watch?v=sWEfl-rQewo\" target=\"_blank\" rel=\"noopener noreferrer\">Coordinateur Responsable scientifique<\/a> Programme ALFAIII RIAPE3 -Equipe Lyon2 -France<br \/>\nPrograma Marco Interuniversitario para la Equidad y la Cohesi\u00f3n Social de las Instituciones de Educaci\u00f3n Superior<br \/>\nInter-university Framework Program for Equity and Social Cohesion Policies in Higher Education <a href=\"https:\/\/www.youtube.com\/user\/Riaipe\" target=\"_blank\" rel=\"noopener noreferrer\">Lire\/Voir &#8230;<\/a><\/p>\n<p>S\u00e9minaire doctoral international interdisciplinaire<br \/>\nIDI -Interactions-Didactiques-Interculturalit\u00e9 &#8211; <a href=\"https:\/\/2ca.hypotheses.org\/files\/2016\/07\/IDI2.pdf\" target=\"_blank\" rel=\"noopener noreferrer\">S\u00e9minaire ALFA3 \u2013 RIAIPE3<\/a><\/p>\n<p>*******************************************<br \/>\nProgramme ARCUS R\u00e9gion Rhone Alpes &#8211; Br\u00e9sil -2008-2012<br \/>\nCoordinateur scientifique de l&rsquo;axe SHS [en remplacement de Thierry Valentin]<br \/>\n<a href=\"https:\/\/www-fourier.ujf-grenoble.fr\/~pberard\/BR_ARCUS\/ARCUS_DOCS\/dossier_arcus_rrha_br_08_10_final.pdf\" target=\"_blank\" rel=\"noopener noreferrer\">https:\/\/www-fourier.ujf-grenoble.fr\/~pberard\/BR_ARCUS\/ARCUS_DOCS\/dossier_arcus_rrha_br_08_10_final.pdf\/<\/a><br \/>\n<a href=\"https:\/\/docplayer.fr\/15215085-Arcus-2008-2010-presentation-generale-rhone-alpes-bresil-jean-yves-cavaille-jean-louis-barrat-pierre-berard-thierry-valentin.html\" target=\"_blank\" rel=\"noopener noreferrer\">https:\/\/docplayer.fr\/15215085-Arcus-2008-2010-presentation-generale-rhone-alpes-bresil-jean-yves-cavaille-jean-louis-barrat-pierre-berard-thierry-valentin.html<\/a><\/p>\n<p>*******************************************<\/p>\n<h3 align=\"center\">Expertise\u00a0:<\/h3>\n<h1><strong>Expertise sollicit\u00e9e par des Revues en tant que reviewer ad hoc <a name=\"2008_2014\"><\/a> (p\u00e9riode 2008-2014)<\/strong><\/h1>\n<h3>Apr\u00e8s 2014, <a href=\"http:\/\/www.icar.cnrs.fr\/membre\/jcregnier\/responsabilites-scientifiques\/\" target=\"_blank\" rel=\"noopener noreferrer\">voir Expertise scientifique<\/a><\/h3>\n<p>1) Revue des Sciences de l\u2019\u00e9ducation Quebec\u00a0: 2 art. (2010, 2011)<a href=\"http:\/\/www.rse.umontreal.ca\/\" target=\"_blank\" rel=\"noopener noreferrer\">http:\/\/www.rse.umontreal.ca\/<\/a><\/p>\n<p>2) Revue Suisse des Sciences de l\u2019\u00e9ducation\u00a0: 1 art. (2008)<a href=\"http:\/\/www.rsse.ch\/about_fr.html\" target=\"_blank\" rel=\"noopener noreferrer\">http:\/\/www.rsse.ch\/about_fr.html<\/a><\/p>\n<p>3) Revue Fran\u00e7aise de Psychologie\u00a0: 1 art. (2011)<a href=\"http:\/\/ees.elsevier.com\/psfr\/default.asp\" target=\"_blank\" rel=\"noopener noreferrer\">http:\/\/ees.elsevier.com\/psfr\/default.asp<\/a><\/p>\n<p>4) Revue Recherche en Didactique des Math\u00e9matiques\u00a0: 1 art. (2011)<br \/>\n<a href=\"http:\/\/rdm.penseesauvage.com\/-Revue-RDM-.html\" target=\"_blank\" rel=\"noopener noreferrer\">http:\/\/rdm.penseesauvage.com\/-Revue-RDM-.html<\/a><\/p>\n<p>5) SERJ &#8211; Statistics Education Research Journal [ISSN: 1570-1824] : 1 art.(2011)<br \/>\n<a href=\"http:\/\/www.stat.auckland.ac.nz\/~iase\/publications.php?show=serj\">http:\/\/www.stat.auckland.ac.nz\/~iase\/publications.php?show=serj<\/a><\/p>\n<p><strong>Expertise sollicit\u00e9e en tant que membre de comit\u00e9 scientifique et de programme de Colloques (limit\u00e9e \u00e0 la p\u00e9riode 2005-2014) (<\/strong>d\u00e9tails avec les coordonn\u00e9es pr\u00e9cises en annexe<strong>)<\/strong><\/p>\n<p>(2014) 14 e Conf\u00e9rence Internationale Francophone sur l&rsquo;EGC Rennes, (<a href=\"http:\/\/egc2014.irisa.fr\/\">http:\/\/egc2014.irisa.fr\/<\/a>\u00a0)<\/p>\n<p>(2013) 13 e Conf\u00e9rence Internationale Francophone sur l&rsquo;EGC Toulouse, (<a href=\"http:\/\/www.irit.fr\/EGC2013\/\">http:\/\/www.irit.fr\/EGC2013\/<\/a>\u00a0)<\/p>\n<p>(2012) 12 e Conf\u00e9rence Internationale Francophone sur l&rsquo;EGC Bordeaux, (<a href=\"http:\/\/egc2012.labri.fr\/\">http:\/\/egc2012.labri.fr\/<\/a>\u00a0)<\/p>\n<p>(2011) 11 e Conf\u00e9rence Internationale Francophone sur l&rsquo;EGC, Brest,<\/p>\n<p>(<a href=\"http:\/\/www.ensta-bretagne.fr\/egc11\/\">http:\/\/www.ensta-bretagne.fr\/egc11\/<\/a>\u00a0)<\/p>\n<p>(2010) CFIES 2010 Bruxelles du 2 \u00e8me colloque<a href=\"http:\/\/cfies2010.ulb.ac.be\/copr.php\">http:\/\/cfies2010.ulb.ac.be\/copr.php<\/a><\/p>\n<p>(2010) 10 e Conf\u00e9rence Internationale Francophone sur l&rsquo;EGC, Hammamet, Tunisie<\/p>\n<p>(2009) 9 e Conf\u00e9rence Internationale Francophone sur l&rsquo;EGC, Strasbourg, France<\/p>\n<p>(2008) SIPEMAT II\u00a0Recife Br\u00e9sil\u00a0PE Br\u00e9sil<a href=\"http:\/\/www.ded.ufrpe.br\/sipemat\/organ1FR.html\">http:\/\/www.ded.ufrpe.br\/sipemat\/organ1FR.html<\/a><\/p>\n<p>(2008) CFIES 2008 1 er colloque francophone international sur l\u2019enseignement de la statistique\u00a0<a href=\"http:\/\/iutcerral.univ-lyon2.fr\/EnsStat08\/\">http:\/\/iutcerral.univ-lyon2.fr\/EnsStat08\/<\/a><\/p>\n<p>(2008) 8 e Conf\u00e9rence Internationale Francophone sur l&rsquo;EGC, Sophia Antipolis, France<\/p>\n<p>(2007) ASI4 Castell\u00f3n \u2013 Espagne 4 \u00e8me colloque sur l\u2019Analyse statistique implicative<\/p>\n<p>(2007) 7 e Conf\u00e9rence Internationale Francophone sur l&rsquo;EGC, Namur, Belgique<\/p>\n<p>(2006) SFDS 2006 Clamart 38 \u00e8mes Journ\u00e9es de Statistique ( 29 mai au 2 juin 2006)<\/p>\n<p>(2005) ASI3 Palerme \u2013 Italie 3 \u00e8me colloque sur l\u2019Analyse statistique implicative<\/p>\n<p><strong>Expertise sollicit\u00e9e par le comit\u00e9 scientifique et de programme de Colloques<\/strong><\/p>\n<p>(2022) AREF 2022 Lausanne Comit\u00e9 de lecture :<br \/>\n(<a href=\"https:\/\/wp.unil.ch\/sief\/congres-aref\/\">https:\/\/wp.unil.ch\/sief\/congres-aref\/<\/a> )<\/p>\n<p>(2013) AREF 2013 Montpellier Comit\u00e9 de lecture\u00a0:<br \/>\n(<a href=\"http:\/\/www.aref2013.univ-montp2.fr\/cod6\/\">http:\/\/www.aref2013.univ-montp2.fr\/cod6\/<\/a>\u00a0)<\/p>\n<p>(2010) AREF 2010 Gen\u00e8ve Comit\u00e9 de lecture\u00a0:<br \/>\n<a href=\"http:\/\/www.unige.ch\/aref2010\/actualites\/comites\/Comite_lecture_AREF2010_.pdf\">http:\/\/www.unige.ch\/aref2010\/actualites\/comites\/Comite_lecture_AREF2010_.pdf<\/a><\/p>\n<p>(2006) ICOTS 7 \u2013 7th Conference International on Teaching Statistics\u00a0<em>Working cooperatively in statistics education<\/em>\u00a0Salvador da Bahia Br\u00e9sil<br \/>\n<a href=\"http:\/\/icots.net\/7\/icots7.php\">http:\/\/icots.net\/7\/icots7.php<\/a><\/p>\n<p>(2002) ICOTS 6 \u2013 6th Conference International on Teaching Statistics\u00a0<em>Developing a Statistically Literate Society<\/em>\u00a0Durban Afrique du Sud<br \/>\n<a href=\"http:\/\/icots6.haifa.ac.il\/icots6.html\" target=\"_blank\" rel=\"noopener noreferrer\">http:\/\/icots6.haifa.ac.il\/icots6.html<\/a><\/p>\n<p>&nbsp;<\/p>\n","protected":false},"excerpt":{"rendered":"<p>Domaines des Th\u00e9matiques\/Travaux Apprentissage(s), didactique &amp; p\u00e9dagogie, interactions &#8211; P\u00e9dagogie et Didactique des math\u00e9matiques et de la statistique, int\u00e9grant des approches ethnomath\u00e9matique et ethnostatistique, m\u00e9thodologique, \u00e9pist\u00e9mologique et historique &#8211; Enseignement, apprentissage et formation fond\u00e9s les Technologies de l&rsquo;Information et de &hellip; <a href=\"https:\/\/icar.cnrs.fr\/membre\/jcregnier\/axes-de-recherche\/\">Continuer la lecture <span class=\"meta-nav\">&rarr;<\/span><\/a><\/p>\n","protected":false},"author":1,"featured_media":0,"parent":0,"menu_order":2,"comment_status":"closed","ping_status":"closed","template":"","meta":{"footnotes":""},"class_list":["post-39","page","type-page","status-publish","hentry"],"_links":{"self":[{"href":"https:\/\/icar.cnrs.fr\/membre\/jcregnier\/wp-json\/wp\/v2\/pages\/39","targetHints":{"allow":["GET"]}}],"collection":[{"href":"https:\/\/icar.cnrs.fr\/membre\/jcregnier\/wp-json\/wp\/v2\/pages"}],"about":[{"href":"https:\/\/icar.cnrs.fr\/membre\/jcregnier\/wp-json\/wp\/v2\/types\/page"}],"author":[{"embeddable":true,"href":"https:\/\/icar.cnrs.fr\/membre\/jcregnier\/wp-json\/wp\/v2\/users\/1"}],"replies":[{"embeddable":true,"href":"https:\/\/icar.cnrs.fr\/membre\/jcregnier\/wp-json\/wp\/v2\/comments?post=39"}],"version-history":[{"count":121,"href":"https:\/\/icar.cnrs.fr\/membre\/jcregnier\/wp-json\/wp\/v2\/pages\/39\/revisions"}],"predecessor-version":[{"id":988,"href":"https:\/\/icar.cnrs.fr\/membre\/jcregnier\/wp-json\/wp\/v2\/pages\/39\/revisions\/988"}],"wp:attachment":[{"href":"https:\/\/icar.cnrs.fr\/membre\/jcregnier\/wp-json\/wp\/v2\/media?parent=39"}],"curies":[{"name":"wp","href":"https:\/\/api.w.org\/{rel}","templated":true}]}}