{"id":499,"date":"2021-04-05T12:44:35","date_gmt":"2021-04-05T10:44:35","guid":{"rendered":"https:\/\/icar.cnrs.fr\/membre\/jcregnier\/?page_id=499"},"modified":"2026-02-18T11:54:01","modified_gmt":"2026-02-18T10:54:01","slug":"evenements-organises","status":"publish","type":"page","link":"https:\/\/icar.cnrs.fr\/membre\/jcregnier\/evenements-organises\/","title":{"rendered":"\u00c9v\u00e8nements pass\u00e9s et \u00e0 venir"},"content":{"rendered":"<table>\n<tbody>\n<tr>\n<td><img decoding=\"async\" src=\"https:\/\/sites.univ-lyon2.fr\/asi\/11\/ICAR\/ASI_cadretheorique.jpg\" alt=\"ASI Cadre th\u00e9orique\" width=\"1000\" height=\"\" \/><\/td>\n<td><img loading=\"lazy\" decoding=\"async\" src=\"https:\/\/sites.univ-lyon2.fr\/asi\/ref\/refasi.jpg\" alt=\"ASI Ressources\" width=\"250\" height=\"133\" \/><\/p>\n<h2>Ressources bibliographiques sur l&rsquo;Analyse Statistique Implicative<\/h2>\n<p><a href=\"https:\/\/sites.univ-lyon2.fr\/asi\/ref\/refasi\" target=\"_blank\" rel=\"noopener noreferrer\">https:\/\/sites.univ-lyon2.fr\/asi\/ref\/refasi<\/a><\/td>\n<\/tr>\n<\/tbody>\n<\/table>\n<h1><strong>\u00c9v\u00e8nements \u00e0 venir&#8230;<\/strong><\/h1>\n<p><strong>Colloque ASI 14 Pampelune (Espagne) 2027<\/strong>.<\/p>\n<p>Universit\u00e9 publique de Navarre <\/p>\n<p>10 au 13 novembre 2027 &#8211; Pr\u00e9sentiel et \u00e0 Distance<br \/>\n<img loading=\"lazy\" decoding=\"async\" src=\"https:\/\/sites.univ-lyon2.fr\/asi\/14\/img\/logo\/LogoASI14FR.png\" alt=\"[Logo ASI 14 - 2027]\" width=\"126\" height=\"79\" \/><a href=\"http:\/\/sites.univ-lyon2.fr\/asi\/14\/\" target=\"_blank\" rel=\"noopener noreferrer\">http:\/\/sites.univ-lyon2.fr\/asi\/14\/<\/a><\/p>\n<hr class=\"wp-block-separator\" \/>\n<h1><strong>\u00c9v\u00e8nements pass\u00e9s&#8230;<\/strong><\/h1>\n<p><strong>Colloque ASI 13 Martinique 2025<\/strong>.<br \/>\n5 au 7 novembre 2025 &#8211; Pr\u00e9sentiel et \u00e0 Distance<br \/>\n<img loading=\"lazy\" decoding=\"async\" src=\"https:\/\/sites.univ-lyon2.fr\/asi\/13\/img\/logo\/LogoASI13FR.png\" alt=\"Logo ASI 13 - 2025\" width=\"126\" height=\"67\" \/><a href=\"http:\/\/sites.univ-lyon2.fr\/asi\/13\/\" target=\"_blank\" rel=\"noopener noreferrer\">http:\/\/sites.univ-lyon2.fr\/asi\/13\/<\/a><\/p>\n<hr class=\"wp-block-separator\" \/>\n<strong>Simposio Internacional Lusofono sobre A.S.I. &#8211; SILASI 2 -2024 <\/strong><br \/>\n27-28 aout 2024 UFRPE &#8211; Recife Br\u00e9sil<br \/>\n<img loading=\"lazy\" decoding=\"async\" src=\"https:\/\/static.wixstatic.com\/media\/4b0a3e_cc07979764bc4d7697eb577119b92b72~mv2.jpg\/v1\/fill\/w_491,h_175,al_c,q_80,usm_0.66_1.00_0.01,enc_auto\/Asi2Recifeb.jpg\" width=\"246\" height=\"88\" \/><a href=\"https:\/\/gpasiecm.wixsite.com\/2silasi\/\" target=\"_blank\" rel=\"noopener noreferrer\">Acceder au site SILASI<\/a><\/p>\n<p>Rappel: ce symposium devait se tenir \u00e0 l&rsquo;Universidade Francicana &#8211; UFN de Santa Maria RS Brasil. En raison de la situation de catastrophe naturelle dans laquelle se trouve l&rsquo;\u00e9tat du Rio Grande de Sul apr\u00e8s les pluies torrentielles sans pr\u00e9c\u00e9dent connu, il a \u00e9t\u00e9 d\u00e9localis\u00e9 dans l&rsquo;\u00e9tat du Pernambuco \u00e0 Recife &#8211; Brasil.<\/p>\n<p>T\u00e9l\u00e9charger :<a href=\"https:\/\/sites.univ-lyon2.fr\/asi\/SILASI\/2\/ProgramaSILASI2_2024v5a.pdf\" target=\"_blank\" rel=\"noopener noreferrer\">Programme SILASI2 2024<\/a><br \/>\n<img loading=\"lazy\" decoding=\"async\" src=\"https:\/\/www.adatic.fr\/ressources\/SILASI\/SILASI2_2024_grupo1.jpg\" width=\"468\" height=\"190\" \/><\/p>\n<hr class=\"wp-block-separator\" \/>\n<p><strong>Colloque ASI 12 Ouarzazate (Maroc) 2023<\/strong>.<br \/>\n7 au 11 novembre 2023 &#8211; Pr\u00e9sentiel et \u00e0 Distance<br \/>\n<img loading=\"lazy\" decoding=\"async\" src=\"https:\/\/sites.univ-lyon2.fr\/asi\/12\/img\/logo\/LogoASI12.png\" alt=\"Logo ASI 12 - 2021\" width=\"126\" height=\"67\" \/><a href=\"http:\/\/sites.univ-lyon2.fr\/asi\/12\/\" target=\"_blank\" rel=\"noopener noreferrer\">http:\/\/sites.univ-lyon2.fr\/asi\/12\/<\/a><\/p>\n<hr class=\"wp-block-separator\" \/>\n<p><strong>Colloque ASI 11 Belfort (France) 2021<\/strong>.<br \/>\n3 au 6 novembre 2021 &#8211; Pr\u00e9sentiel et \u00e0 Distance<br \/>\n<img loading=\"lazy\" decoding=\"async\" src=\"https:\/\/sites.univ-lyon2.fr\/asi\/11\/img\/logo\/LogoASI11.png\" alt=\"Logo ASI 11 - 2021\" width=\"126\" height=\"67\" \/><a href=\"http:\/\/sites.univ-lyon2.fr\/asi\/11\/\" target=\"_blank\" rel=\"noopener noreferrer\">http:\/\/sites.univ-lyon2.fr\/asi\/11\/<\/a><\/p>\n<hr class=\"wp-block-separator\" \/>\n<p><strong>Colloque ASI 10 Belfort (France) 2019<\/strong>.<br \/>\n<a href=\"http:\/\/sites.univ-lyon2.fr\/asi\/10\/\" target=\"_blank\" rel=\"noopener noreferrer\"><img loading=\"lazy\" decoding=\"async\" src=\"https:\/\/sites.univ-lyon2.fr\/asi\/10\/img\/logo\/LogoASI10.png\" alt=\"Logo ASI 10 - 2019\" width=\"126\" height=\"67\" \/>http:\/\/sites.univ-lyon2.fr\/asi\/10\/<\/a><\/p>\n<hr class=\"wp-block-separator\" \/>\n<p><strong>Colloque ASI 9 Belfort (France) 2017<\/strong>.<br \/>\n<a href=\"http:\/\/sites.univ-lyon2.fr\/asi\/9\/\" target=\"_blank\" rel=\"noopener noreferrer\"><img loading=\"lazy\" decoding=\"async\" src=\"https:\/\/sites.univ-lyon2.fr\/asi\/9\/img\/logo\/LogoASI9.png\" alt=\"Logo ASI 9 - 2017\" width=\"126\" height=\"67\" \/>http:\/\/sites.univ-lyon2.fr\/asi\/9\/<\/a><\/p>\n<hr class=\"wp-block-separator\" \/>\n<p><img loading=\"lazy\" decoding=\"async\" src=\"https:\/\/sites.univ-lyon2.fr\/asi\/SILASI\/img\/LogoSILASI1_2017.jpg\" alt=\"Logo ASI 9 - 2017\" width=\"126\" height=\"67\" \/>1\u00b0 Simposio Internacional Lus\u00f3fono sobre a An\u00e1lise Estat\u00edstica Implicativa &#8211; <a href=\"http:\/\/gpasiecm.wixsite.com\/asi2017\" target=\"_blank\" rel=\"noopener noreferrer\">SILASI 1-2017<\/a> &#8211; Recife (Br\u00e9sil)<\/p>\n<hr class=\"wp-block-separator\" \/>\n<p><strong>Colloque ASI 8 Tunis (Tunisie) 2015.<\/strong><br \/>\n<a href=\"http:\/\/sites.univ-lyon2.fr\/asi\/8\/\" target=\"_blank\" rel=\"noopener noreferrer\"><img loading=\"lazy\" decoding=\"async\" src=\"https:\/\/sites.univ-lyon2.fr\/asi\/8\/img\/logo\/LogoASI8.jpg\" alt=\"Logo ASI 8 - 2015\" width=\"126\" height=\"67\" \/>http:\/\/sites.univ-lyon2.fr\/asi\/8\/<\/a><\/p>\n<hr class=\"wp-block-separator\" \/>\n<p><strong>Colloque ASI 7 S\u00e3o Paulo (Br\u00e9sil) 2013.<\/strong><br \/>\n<a href=\"http:\/\/sites.univ-lyon2.fr\/asi\/7\/\" target=\"_blank\" rel=\"noopener noreferrer\"><img loading=\"lazy\" decoding=\"async\" src=\"https:\/\/sites.univ-lyon2.fr\/asi\/7\/img\/logo\/ASI7_2.gif\" alt=\"Logo ASI 7 - 2013\" width=\"126\" height=\"67\" \/>http:\/\/sites.univ-lyon2.fr\/asi\/7\/<\/a><\/p>\n<hr class=\"wp-block-separator\" \/>\n<p><strong>Colloque ASI 6 Caen (France) 2012.<\/strong><br \/>\n<a href=\"http:\/\/sites.univ-lyon2.fr\/asi\/6\/\" target=\"_blank\" rel=\"noopener noreferrer\"><img loading=\"lazy\" decoding=\"async\" src=\"https:\/\/sites.univ-lyon2.fr\/asi\/6\/img\/logo\/ASI6_2.gif\" alt=\"Logo ASI 6 - 2012\" width=\"126\" height=\"67\" \/>http:\/\/sites.univ-lyon2.fr\/asi\/6\/<\/a><\/p>\n<hr class=\"wp-block-separator\" \/>\n<p><strong>Colloque ASI 5 Palerme (Italie) 2010.<\/strong><br \/>\n<a href=\"http:\/\/sites.univ-lyon2.fr\/asi\/5\/\" target=\"_blank\" rel=\"noopener noreferrer\"><img loading=\"lazy\" decoding=\"async\" src=\"https:\/\/sites.univ-lyon2.fr\/asi\/5\/img\/logo\/ASI5_2.gif\" alt=\"Logo ASI 5 - 2010\" width=\"126\" height=\"67\" \/>http:\/\/sites.univ-lyon2.fr\/asi\/5\/<\/a><\/p>\n<hr class=\"wp-block-separator\" \/>\n","protected":false},"excerpt":{"rendered":"<p>Ressources bibliographiques sur l&rsquo;Analyse Statistique Implicative https:\/\/sites.univ-lyon2.fr\/asi\/ref\/refasi \u00c9v\u00e8nements \u00e0 venir&#8230; Colloque ASI 14 Pampelune (Espagne) 2027. Universit\u00e9 publique de Navarre 10 au 13 novembre 2027 &#8211; Pr\u00e9sentiel et \u00e0 Distance http:\/\/sites.univ-lyon2.fr\/asi\/14\/ \u00c9v\u00e8nements pass\u00e9s&#8230; Colloque ASI 13 Martinique 2025. 5 au &hellip; <a href=\"https:\/\/icar.cnrs.fr\/membre\/jcregnier\/evenements-organises\/\">Continuer la lecture <span class=\"meta-nav\">&rarr;<\/span><\/a><\/p>\n","protected":false},"author":73,"featured_media":0,"parent":0,"menu_order":0,"comment_status":"closed","ping_status":"closed","template":"","meta":{"footnotes":""},"class_list":["post-499","page","type-page","status-publish","hentry"],"_links":{"self":[{"href":"https:\/\/icar.cnrs.fr\/membre\/jcregnier\/wp-json\/wp\/v2\/pages\/499","targetHints":{"allow":["GET"]}}],"collection":[{"href":"https:\/\/icar.cnrs.fr\/membre\/jcregnier\/wp-json\/wp\/v2\/pages"}],"about":[{"href":"https:\/\/icar.cnrs.fr\/membre\/jcregnier\/wp-json\/wp\/v2\/types\/page"}],"author":[{"embeddable":true,"href":"https:\/\/icar.cnrs.fr\/membre\/jcregnier\/wp-json\/wp\/v2\/users\/73"}],"replies":[{"embeddable":true,"href":"https:\/\/icar.cnrs.fr\/membre\/jcregnier\/wp-json\/wp\/v2\/comments?post=499"}],"version-history":[{"count":98,"href":"https:\/\/icar.cnrs.fr\/membre\/jcregnier\/wp-json\/wp\/v2\/pages\/499\/revisions"}],"predecessor-version":[{"id":1071,"href":"https:\/\/icar.cnrs.fr\/membre\/jcregnier\/wp-json\/wp\/v2\/pages\/499\/revisions\/1071"}],"wp:attachment":[{"href":"https:\/\/icar.cnrs.fr\/membre\/jcregnier\/wp-json\/wp\/v2\/media?parent=499"}],"curies":[{"name":"wp","href":"https:\/\/api.w.org\/{rel}","templated":true}]}}