{"id":548,"date":"2021-07-12T13:12:31","date_gmt":"2021-07-12T11:12:31","guid":{"rendered":"https:\/\/icar.cnrs.fr\/membre\/jcregnier\/?page_id=548"},"modified":"2025-09-16T16:24:03","modified_gmt":"2025-09-16T14:24:03","slug":"seminaires","status":"publish","type":"page","link":"https:\/\/icar.cnrs.fr\/membre\/jcregnier\/seminaires\/","title":{"rendered":"S\u00e9minaires"},"content":{"rendered":"<h1><strong>S\u00e9minaire doctoral international ADA&amp;TIC &#8211; Apprentissage, Didactiques, Autonomie &amp; TIC <\/strong><\/h1>\n<p align=\"center\"><strong><img loading=\"lazy\" decoding=\"async\" class=\" wp-image-749 aligncenter\" src=\"https:\/\/icar.cnrs.fr\/membre\/jcregnier\/wp-content\/uploads\/sites\/80\/2023\/03\/JeanClaude_Regnier4-150x150.jpg\" alt=\"\" width=\"109\" height=\"109\" \/><\/strong><\/p>\n<table>\n<tbody>\n<tr>\n<td>\n<p align=\"justify\">Ce s\u00e9minaire a \u00e9t\u00e9 fond\u00e9 en 2000 par Jean-Claude R\u00e9gnier pour conduire des activit\u00e9s scientifiques sous sa propre direction avec les doctorant-es, les \u00e9tudiant-es de Master en sciences de l&rsquo;\u00e9ducation et de la formation, les docteur-es en stage postdoctoral et les candidat-es \u00e0 l&rsquo;HDR- Habilitation \u00e0 diriger des recherches.<br \/>\nCe s\u00e9minaire est ouvert \u00e0 toute personne int\u00e9ress\u00e9e. Une liste de diffusion priv\u00e9e administr\u00e9e par Jean-Claude R\u00e9gnier permet de communiquer et faire circuler des informations et de ressources entre les membres.<\/p>\n<\/td>\n<\/tr>\n<\/tbody>\n<\/table>\n<p>A partir d&rsquo;octobre 2024 : <span style=\"color: ffffff\">Programme d&rsquo;activit\u00e9s 2024-2025 <\/span><\/p>\n<p><span style=\"color: ffffff\">Programme d&rsquo;activit\u00e9s 2023-2024 <\/span><!--more--> <a href=\"https:\/\/www.adatic.fr\/ressources\/seminaires\/ADATIC_seminaires2023_2024.pdf\" target=\"_blank\" rel=\"noopener noreferrer\"> Lire<\/a><br \/>\nS\u00e9minaire du 24 juin 2024 \u00e0 l&rsquo;Universit\u00e9 des Antilles- Fort de France &#8211; Martinique<!--more--> <a href=\"https:\/\/www.adatic.fr\/ressources\/seminaires\/ASI_FdF\/ASI_2024_Martinique.pdf\" target=\"_blank\" rel=\"noopener noreferrer\"> Lire Texte de la conf\u00e9rence<\/a><\/p>\n<p><span style=\"color: ffffff\">Programme d&rsquo;activit\u00e9s 2022-2023 <\/span><!--more--> <a href=\"https:\/\/www.adatic.fr\/ressources\/seminaires\/ADATIC_seminaires2022_2023.pdf\" target=\"_blank\" rel=\"noopener noreferrer\"> Lire<\/a><br \/>\n<span style=\"color: ff0000\">Programme d&rsquo;activit\u00e9s 2021-2022 <\/span><!--more--> <a href=\"https:\/\/www.adatic.fr\/ressources\/seminaires\/ADATIC_seminaires2021_2022.pdf\" target=\"_blank\" rel=\"noopener noreferrer\"> Lire<\/a><br \/>\nProgramme d&rsquo;activit\u00e9s 2020-2021 <!--more--> <a href=\"https:\/\/www.adatic.fr\/ressources\/seminaires\/ADATIC_seminaires2020_2021.pdf\" target=\"_blank\" rel=\"noopener noreferrer\"> Lire<\/a><br \/>\nProgramme d&rsquo;activit\u00e9s 2019-2020 <!--more--> <a href=\"https:\/\/www.adatic.fr\/ressources\/seminaires\/ADATIC_seminaires2019_2020.pdf\" target=\"_blank\" rel=\"noopener noreferrer\"> Lire<\/a><br \/>\nProgramme d&rsquo;activit\u00e9s 2018-2019<!--more--><a href=\"https:\/\/www.adatic.fr\/ressources\/seminaires\/ADATIC_seminaires2018_2019.pdf\" target=\"_blank\" rel=\"noopener noreferrer\"> Lire<\/a><br \/>\nProgramme d&rsquo;activit\u00e9s 2017-2018, 2016-2017 et 2015-2016 <!--more--><a href=\"https:\/\/www.adatic.fr\/ressources\/seminaires\/ADATIC_seminaires2017_2018.pdf\" target=\"_blank\" rel=\"noopener noreferrer\"> Lire<\/a><br \/>\nProgramme d&rsquo;activit\u00e9s des ann\u00e9es ant\u00e9rieures en cours de reconstitution<\/p>\n<hr \/>\n<p><a name=\"IDI\"><\/a><\/p>\n<h1 align=\"center\"><img loading=\"lazy\" decoding=\"async\" src=\"https:\/\/www.adatic.fr\/ressources\/img\/logIDI.jpg\" alt=\"Logo IDI\" width=\"100\" height=\"104\" \/><strong>Symposium et S\u00e9minaires doctoraux interdisciplinaires internationaux\u00a0interinstitutionnels IDI &#8211; Interculturalit\u00e9 &#8211; Didactiques &#8211; Interactions<\/strong><\/h1>\n<p>Depuis 2011, ces s\u00e9minaires et symposium sont ou ont \u00e9t\u00e9 organis\u00e9s sous la direction de Nadja Acioly-R\u00e9gnier et de Jean-Claude R\u00e9gnier dans des situations et des contextes caract\u00e9ris\u00e9s par les dimensions multiculturelles et interculturelles.<\/p>\n<hr \/>\n<h2><img loading=\"lazy\" decoding=\"async\" src=\"https:\/\/www.adatic.fr\/ressources\/img\/IDI8.jpg\" alt=\"Logo IDI8\" width=\"100\" height=\"104\" \/>Symposium du 10 &amp; 11 septembre 2025<\/h2>\n<p>Pour sa 8\u00e8me \u00e9dition, nous avons transform\u00e9 le s\u00e9minaire IDI en un symposium. Ce symposium\u00a0 IDI-8 sera organis\u00e9 au Br\u00e9sil \u00e0 l&rsquo;<a href=\"https:\/\/ufrpe.br\" target=\"_blank\" rel=\"noopener noreferrer\">UFRPE<\/a> &#8211; Universidade Federal Rural de Pernambuco &#8211; sur la th\u00e9matique:<\/p>\n<div align=\"center\"><strong><em>Interculturalit\u00e9, Vivre ensemble et Climat scolaire <\/em> <\/strong><br \/>\n<strong><em> Interculturalidade, Conviv\u00eancia e Clima escolar <\/em><\/strong><\/div>\n<p>Des d\u00e9marches ont \u00e9t\u00e9 men\u00e9es aupr\u00e8s de l&rsquo;Alliance Fran\u00e7aise de Recife et du Consulat de France \u00e0 Recife qui ont conduit \u00e0 un partenariat afin de mettre en lien l&rsquo;\u00e9v\u00e8nement IDI8 avec les \u00e9v\u00e8nements organis\u00e9s dans le cadre de l&rsquo;ann\u00e9e 2025, <a href=\"https:\/\/www.bnf.fr\/fr\/agenda\/saison-france-bresil-2025\" target=\"_blank\" rel=\"noopener\">ann\u00e9e du Br\u00e9sil en France<\/a> <big><em>vingt ans apr\u00e8s l&rsquo;ann\u00e9e 2005&#8230;<\/em><\/big><\/p>\n<div align=\"center\"><img loading=\"lazy\" decoding=\"async\" src=\"https:\/\/www.adatic.fr\/ressources\/img\/2005Brasil_na_Fran\u00e7a.jpg\" alt=\"Cartaz 2005 ano Brasil na Fran\u00e7a\" width=\"178\" height=\"248\" \/><\/div>\n<p><\/p>\n<div align=\"justify\">\nLe symposium IDI8 b\u00e9n\u00e9ficie de l&rsquo;appui logistique et financier de la <br \/><img loading=\"lazy\" decoding=\"async\" src=\"https:\/\/www.adatic.fr\/ressources\/img\/Facepe_Color_horizontal_big.jpg\" alt=\"FACEPE\" width=\"186\" height=\"88\" \/><a href=\"https:\/\/www.facepe.br\/\" target=\"_blank\" rel=\"noopener noreferrer\">Funda\u00e7\u00e3o de Amparo \u00e0 Ci\u00eancia e Tecnologia de Pernambuco<\/a> <br \/>Protocole: ARC-0288-7.08\/25-Aux\u00edlio para Realiza\u00e7\u00e3o de Cursos e Reuni\u00f5es Cient\u00edficas\n<\/div>\n<hr \/>\n<p><a href=\"https:\/\/www.adatic.fr\/IDI\/8\/\" target=\"_blank\" rel=\"noopener noreferrer\">Acc\u00e9der au Site IDI8<\/a> <!--more https:\/\/5idirecife.wixsite.com\/8idi\/--><br \/>\n<a href=\"https:\/\/www.adatic.fr\/ressources\/seminaires\/IDI\/8IDI_FR.pdf\" target=\"_blank\" rel=\"noopener noreferrer\">Lire la suite Programme FR [idiome fran\u00e7ais de France]<\/a><br \/>\n<a href=\"https:\/\/www.adatic.fr\/ressources\/seminaires\/IDI\/8IDI_BR.pdf\" target=\"_blank\" rel=\"noopener noreferrer\">Lire la suite Programme BR [idiome portugais du Br\u00e9sil]<\/a><\/p>\n<hr \/>\n<div align=\"center\">\n<img loading=\"lazy\" decoding=\"async\" src=\"https:\/\/www.adatic.fr\/ressources\/img\/EncerramentoIDI8_12092025_1.jpg\" alt=\"Encerramento IDI8a\" width=\"540\" height=\"489\" \/><br \/>\n<img loading=\"lazy\" decoding=\"async\" src=\"https:\/\/www.adatic.fr\/ressources\/img\/EncerramentoIDI8_12092025_2.jpg\" alt=\"Encerramento IDI8a\" width=\"540\" height=\"489\" \/>\n<\/div>\n<hr \/>\n<hr \/>\n<h2>S\u00e9minaire du 29 aout 2024<\/h2>\n<p>Ce septi\u00e8me s\u00e9minaire IDI-7 sera organis\u00e9 au Br\u00e9sil \u00e0 l&rsquo;UFRPE sur la th\u00e9matique:<br \/>\n<strong><em>La professionnalisation dans des contextes sociohistoriques particuliers : impacts des variables culturelles dans des trajectoires professionnelles<\/em><\/strong><br \/>\n<strong><em>A profissionaliza\u00e7\u00e3o em contextos s\u00f3cio-hist\u00f3ricos particulares: impactos de vari\u00e1veis culturais em trajet\u00f3rias profissionais<\/em><\/strong><br \/>\n<a href=\"https:\/\/www.adatic.fr\/IDI\/7\/\" target=\"_blank\" rel=\"noopener noreferrer\">Acc\u00e9der au Site IDI7<\/a> <!--morehttps:\/\/5idirecife.wixsite.com\/7idi\/--><br \/>\n<a href=\"https:\/\/www.adatic.fr\/ressources\/seminaires\/IDI\/7IDI_FR.pdf\" target=\"_blank\" rel=\"noopener noreferrer\">Lire la suite Programme FR<\/a><br \/>\n<a href=\"https:\/\/www.adatic.fr\/ressources\/seminaires\/IDI\/7IDI_BR.pdf\" target=\"_blank\" rel=\"noopener noreferrer\">Lire la suite Programme BR<\/a><\/p>\n<table>\n<tbody>\n<tr>\n<td><img decoding=\"async\" src=\"https:\/\/www.adatic.fr\/ressources\/img\/IDI7.jpg\" alt=\"IDI7\" width=\"\" height=\"\" \/><\/td>\n<td><img decoding=\"async\" src=\"https:\/\/www.adatic.fr\/ressources\/img\/IDI7a.jpg\" alt=\"IDI7\" width=\"\" height=\"\" \/><\/td>\n<\/tr>\n<\/tbody>\n<\/table>\n<hr \/>\n<h2>S\u00e9minaire du 21 aout 2023<\/h2>\n<p>Ce sixi\u00e8me s\u00e9minaire IDI-6 a \u00e9t\u00e9 organis\u00e9 au Br\u00e9sil sur la th\u00e9matique:<br \/>\n<strong><em>Interculturalidade e letramento: impactos das vari\u00e1veis culturais no ensino e aprendizagem das Ci\u00eancias, Matem\u00e1tica e Estat\u00edstica<\/em><\/strong><\/p>\n<p><strong><em>Interculturalit\u00e9 et alphab\u00e9tisation : l&rsquo;impact des variables culturelles sur l&rsquo;enseignement et l&rsquo;apprentissage des sciences, des math\u00e9matiques et de la statistique. <\/em> <\/strong><br \/>\n<a href=\"https:\/\/www.adatic.fr\/IDI\/6\/\" target=\"_blank\" rel=\"noopener noreferrer\">Acc\u00e9der au Site IDI6<\/a> <!--morehttps:\/\/5idirecife.wixsite.com\/6idi--><br \/>\n<a href=\"https:\/\/www.adatic.fr\/ressources\/seminaires\/IDI\/6IDI_PTs.pdf\" target=\"_blank\" rel=\"noopener noreferrer\">Lire la suite<\/a><\/p>\n<hr \/>\n<h2>S\u00e9minaires du 28 aout 2019 et du 4 septembre 2019<\/h2>\n<p>Ce cinqui\u00e8me s\u00e9minaire <strong>IDI-5<\/strong> a \u00e9t\u00e9 organis\u00e9 au Br\u00e9sil en deux parties sur les th\u00e9matiques:<\/p>\n<p>Partie\/Parte 1<br \/>\n<strong><em>Formation des Enseignant-e-s et Alphab\u00e9tisation Questions th\u00e9oriques et m\u00e9thodologiques (Langage)<\/em><\/strong><br \/>\n<strong><em>Forma\u00e7\u00e3o de Professores e Literacia: Quest\u00f5es Te\u00f3ricas e Metodol\u00f3gicas (L\u00ednguagem)<\/em><\/strong><\/p>\n<p>Partie\/Parte 2<br \/>\n<strong><em>Formation des enseignants dans l&rsquo;enseignement des sciences et des math\u00e9matiques Perspectives interculturelles<\/em><\/strong><br \/>\n<strong><em>Forma\u00e7\u00e3o de Professores de Ci\u00eancias e Matem\u00e1tica Perspectivas Interculturais<\/em><\/strong><br \/>\n<a href=\"https:\/\/5idirecife.wixsite.com\/5idi\" target=\"_blank\" rel=\"noopener noreferrer\">Site IDI5<\/a><!--more--><br \/>\n<a href=\"https:\/\/www.adatic.fr\/ressources\/seminaires\/IDI\/5IDI_FRs.pdf\" target=\"_blank\" rel=\"noopener noreferrer\">Lire la suite<\/a><\/p>\n<hr \/>\n<p><a name=\"IDI4\"><\/a><\/p>\n<h2>S\u00e9minaire du 5 mars 2015<\/h2>\n<p>Ce quatri\u00e8me s\u00e9minaire <strong>IDI-4<\/strong> a \u00e9t\u00e9 organis\u00e9 sur la th\u00e9matique <strong><em>Petite enfance: Identit\u00e9s, repr\u00e9sentations, pratiques professionnelles<\/em><\/strong><!--more--> <a href=\"https:\/\/www.adatic.fr\/ressources\/seminaires\/IDI\/4IDI_FR.pdf\" target=\"_blank\" rel=\"noopener noreferrer\">Lire la suite<\/a><\/p>\n<hr \/>\n<p><a name=\"IDI3\"><\/a><\/p>\n<h2>S\u00e9minaire du 17 septembre 2014<\/h2>\n<p>Ce troisi\u00e8me s\u00e9minaire <strong>IDI-3<\/strong> a \u00e9t\u00e9 organis\u00e9 sur la th\u00e9matique <strong><em>Identit\u00e9s, repr\u00e9sentations, pratiques<\/em><\/strong><!--more--><br \/>\n<a href=\"https:\/\/www.adatic.fr\/ressources\/seminaires\/IDI\/3IDI_FR.pdf\" target=\"_blank\" rel=\"noopener noreferrer\">Lire la suite<\/a><\/p>\n<hr \/>\n<p><a name=\"IDI2\"><\/a><\/p>\n<h2>S\u00e9minaire du 7 mars 2013<\/h2>\n<p>Ce deuxi\u00e8me s\u00e9minaire <strong>IDI-2<\/strong> a \u00e9t\u00e9 organis\u00e9 dans le cadre du Programme ALFA3 &#8211; RIAIPE3 sur la th\u00e9matique <strong><em>Equidade e coes\u00e3o social no ensino superior : desafios e oportunidades<\/em><\/strong><!--more--><br \/>\n<a href=\"https:\/\/www.adatic.fr\/ressources\/seminaires\/IDI\/2IDI_FR.pdf\" target=\"_blank\" rel=\"noopener noreferrer\">Lire la suite<\/a><\/p>\n<hr \/>\n<p><a name=\"IDI1\"><\/a><\/p>\n<h2>S\u00e9minaire du 8 juin 2011<\/h2>\n<p>Ce premier s\u00e9minaire <strong>IDI-1<\/strong> a \u00e9t\u00e9 organis\u00e9 sur la th\u00e9matique <strong><em>Interculturalit\u00e9, Didactiques, Interactions<\/em><\/strong> dans le cadre des activit\u00e9s des laboratoires : EAM 4128 SIS (GERPIC), l\u2019UMR 5191 ICAR (ICAR2-ADISSciences), de l\u2019\u00c9cole doctorale ED485 EPIC et de l\u2019IUFM-Universit\u00e9 Claude Bernard Lyon 1, ainsi que dans celui des Relations Internationales et du programme ARCUS Rh\u00f4ne Alpes-Br\u00e9sil sous la responsabilit\u00e9 de Nadja Acioly-R\u00e9gnier, Mohamed Lahlou et Jean-Claude R\u00e9gnier. <!--more--><br \/>\n<a href=\"https:\/\/www.adatic.fr\/ressources\/seminaires\/IDI\/1IDI_FR.pdf\" target=\"_blank\" rel=\"noopener noreferrer\">Lire la suite<\/a><\/p>\n","protected":false},"excerpt":{"rendered":"<p>S\u00e9minaire doctoral international ADA&amp;TIC &#8211; Apprentissage, Didactiques, Autonomie &amp; TIC Ce s\u00e9minaire a \u00e9t\u00e9 fond\u00e9 en 2000 par Jean-Claude R\u00e9gnier pour conduire des activit\u00e9s scientifiques sous sa propre direction avec les doctorant-es, les \u00e9tudiant-es de Master en sciences de l&rsquo;\u00e9ducation &hellip; <a href=\"https:\/\/icar.cnrs.fr\/membre\/jcregnier\/seminaires\/\">Continuer la lecture <span class=\"meta-nav\">&rarr;<\/span><\/a><\/p>\n","protected":false},"author":73,"featured_media":0,"parent":0,"menu_order":0,"comment_status":"closed","ping_status":"closed","template":"","meta":{"footnotes":""},"class_list":["post-548","page","type-page","status-publish","hentry"],"_links":{"self":[{"href":"https:\/\/icar.cnrs.fr\/membre\/jcregnier\/wp-json\/wp\/v2\/pages\/548","targetHints":{"allow":["GET"]}}],"collection":[{"href":"https:\/\/icar.cnrs.fr\/membre\/jcregnier\/wp-json\/wp\/v2\/pages"}],"about":[{"href":"https:\/\/icar.cnrs.fr\/membre\/jcregnier\/wp-json\/wp\/v2\/types\/page"}],"author":[{"embeddable":true,"href":"https:\/\/icar.cnrs.fr\/membre\/jcregnier\/wp-json\/wp\/v2\/users\/73"}],"replies":[{"embeddable":true,"href":"https:\/\/icar.cnrs.fr\/membre\/jcregnier\/wp-json\/wp\/v2\/comments?post=548"}],"version-history":[{"count":85,"href":"https:\/\/icar.cnrs.fr\/membre\/jcregnier\/wp-json\/wp\/v2\/pages\/548\/revisions"}],"predecessor-version":[{"id":1042,"href":"https:\/\/icar.cnrs.fr\/membre\/jcregnier\/wp-json\/wp\/v2\/pages\/548\/revisions\/1042"}],"wp:attachment":[{"href":"https:\/\/icar.cnrs.fr\/membre\/jcregnier\/wp-json\/wp\/v2\/media?parent=548"}],"curies":[{"name":"wp","href":"https:\/\/api.w.org\/{rel}","templated":true}]}}