{"id":4,"date":"2016-11-02T17:37:52","date_gmt":"2016-11-02T16:37:52","guid":{"rendered":"https:\/\/icar.cnrs.fr\/membre\/jpsautot\/?page_id=4"},"modified":"2016-12-07T14:55:15","modified_gmt":"2016-12-07T13:55:15","slug":"accueil","status":"publish","type":"page","link":"https:\/\/icar.cnrs.fr\/membre\/jpsautot\/","title":{"rendered":"Accueil"},"content":{"rendered":"<div class=\"cadregris\">\n<p><strong>Jean-Pierre SAUTOT<\/strong><\/p>\n<p>Maitre de conf\u00e9rences<\/p>\n<p>Universit\u00e9 Claude Bernard de Lyon<br \/>\nService commun d&rsquo;enseignement des langues<\/p>\n<p>M\u00e8l :\u00a0<a href=\"http:\/\/icar.univ-lyon2.fr\/membres\/jpsautot\/Jean-pierre.sautot[at]univ-lyon1.fr\">Jean-pierre.sautot@univ-lyon1.fr<\/a><\/p>\n<p style=\"text-align: left;\"><strong>Adresse<br \/>\n<\/strong>Laboratoire <a href=\"http:\/\/icar.univ-lyon2.fr\/\">ICAR<\/a>\u00a0<a href=\"http:\/\/icar.univ-lyon2.fr\/\">UMR 5191<\/a>\u00a0(Interactions, Corpus, Apprentissage, Repr\u00e9sentations)<br \/>\n<em>Equipe<\/em>\u00a0:\u00a0Apprentissages, discours, interactions, savoirs (ADIS)<br \/>\nEcole Normale Sup\u00e9rieure de Lyon<br \/>\n15 parvis Ren\u00e9 Descartes &#8211; BP 7000<br \/>\n69342 LYON Cedex 07<br \/>\nFrance<\/p>\n<\/div>\n","protected":false},"excerpt":{"rendered":"<p>Jean-Pierre SAUTOT Maitre de conf\u00e9rences Universit\u00e9 Claude Bernard de Lyon Service commun d&rsquo;enseignement des langues M\u00e8l :\u00a0Jean-pierre.sautot@univ-lyon1.fr Adresse Laboratoire ICAR\u00a0UMR 5191\u00a0(Interactions, Corpus, Apprentissage, Repr\u00e9sentations) Equipe\u00a0:\u00a0Apprentissages, discours, interactions, savoirs (ADIS) Ecole Normale Sup\u00e9rieure de Lyon 15 parvis Ren\u00e9 Descartes &#8211; BP &hellip; <a href=\"https:\/\/icar.cnrs.fr\/membre\/jpsautot\/\">Continuer la lecture <span class=\"meta-nav\">&rarr;<\/span><\/a><\/p>\n","protected":false},"author":1,"featured_media":0,"parent":0,"menu_order":0,"comment_status":"closed","ping_status":"closed","template":"","meta":{"footnotes":""},"class_list":["post-4","page","type-page","status-publish","hentry"],"_links":{"self":[{"href":"https:\/\/icar.cnrs.fr\/membre\/jpsautot\/wp-json\/wp\/v2\/pages\/4","targetHints":{"allow":["GET"]}}],"collection":[{"href":"https:\/\/icar.cnrs.fr\/membre\/jpsautot\/wp-json\/wp\/v2\/pages"}],"about":[{"href":"https:\/\/icar.cnrs.fr\/membre\/jpsautot\/wp-json\/wp\/v2\/types\/page"}],"author":[{"embeddable":true,"href":"https:\/\/icar.cnrs.fr\/membre\/jpsautot\/wp-json\/wp\/v2\/users\/1"}],"replies":[{"embeddable":true,"href":"https:\/\/icar.cnrs.fr\/membre\/jpsautot\/wp-json\/wp\/v2\/comments?post=4"}],"version-history":[{"count":42,"href":"https:\/\/icar.cnrs.fr\/membre\/jpsautot\/wp-json\/wp\/v2\/pages\/4\/revisions"}],"predecessor-version":[{"id":157,"href":"https:\/\/icar.cnrs.fr\/membre\/jpsautot\/wp-json\/wp\/v2\/pages\/4\/revisions\/157"}],"wp:attachment":[{"href":"https:\/\/icar.cnrs.fr\/membre\/jpsautot\/wp-json\/wp\/v2\/media?parent=4"}],"curies":[{"name":"wp","href":"https:\/\/api.w.org\/{rel}","templated":true}]}}