{"id":4,"date":"2016-11-02T17:37:52","date_gmt":"2016-11-02T16:37:52","guid":{"rendered":"https:\/\/icar.cnrs.fr\/membre\/jthiburce\/?page_id=4"},"modified":"2025-07-09T18:48:12","modified_gmt":"2025-07-09T16:48:12","slug":"accueil","status":"publish","type":"page","link":"https:\/\/icar.cnrs.fr\/membre\/jthiburce\/","title":{"rendered":"Accueil"},"content":{"rendered":"<div class=\"cadregris\">\n<p><img loading=\"lazy\" decoding=\"async\" class=\"wp-image-638 alignright\" src=\"https:\/\/icar.cnrs.fr\/membre\/jthiburce\/wp-content\/uploads\/sites\/35\/2022\/06\/Julien_Thiburce-150x150.png\" alt=\"\" width=\"176\" height=\"176\" \/><\/p>\n<p><span style=\"color: #114b5a;\">Docteur en sciences du langage de l&rsquo;universit\u00e9 Lyon 2<br \/>\n<\/span>linguistique interactionnelle et s\u00e9miotique<\/p>\n<p><span style=\"color: #114b5a;\">Ing\u00e9nieur de recherche contractuel en production, traitement et analyse de donn\u00e9es &#8211; ENS de Lyon<\/span><\/p>\n<p><span style=\"color: #114b5a;\">Qualifi\u00e9 aux fonctions de Ma\u00eetre de conf\u00e9rences (CNU) <\/span><br \/>\nSection\u00a007 &#8211; sciences du langage<br \/>\nSection 71 &#8211; sciences de l&rsquo;information et de la communication<\/p>\n<p><span style=\"color: #114b5a;\">Enseignant vacataire \u00e0 l\u2019Universit\u00e9 Lumi\u00e8re Lyon 2<br \/>\n<\/span>UFR LESLA &#8211; Master 1 sciences du langage<\/p>\n<p>&nbsp;<\/p>\n<p style=\"text-align: right;\"><a href=\"https:\/\/www.lyoncampus.com\/actualites\/detail\/les-laureates-du-prix-jeune-recherche-2021\" target=\"_blank\" rel=\"noopener noreferrer\"><span style=\"color: #114b5a;\">Laur\u00e9at du Prix de la Jeune Recherche de la M\u00e9tropole de Lyon 2021<br \/>\ncat\u00e9gorie \u00ab\u00a0Humanit\u00e9s et urbanit\u00e9\u00a0\u00bb<\/span><\/a><\/p>\n<p style=\"text-align: left;\"><strong><br \/>\nAxes et \u00e9quipes de recherche au laboratoire ICAR<\/strong><br \/>\nMembre de la <a href=\"http:\/\/icar.cnrs.fr\/recherche\/services\/cia-equipe\/\" target=\"_blank\" rel=\"noopener noreferrer\">cellule Corpus Ing\u00e9nierie Audiovisuelle (CIA)<\/a><br \/>\nMembre de l&rsquo;axe transversal <a href=\"https:\/\/icar.cnrs.fr\/langage-travail-et-apprentissage\/\" target=\"_blank\" rel=\"noopener noreferrer\">Langage, Travail, Apprentissage<\/a><br \/>\nMembre de l&rsquo;axe transversal <a href=\"https:\/\/icar.cnrs.fr\/recherche\/axes_transversaux\/subjectivite\/\" target=\"_blank\" rel=\"noopener noreferrer\">Subjectivit\u00e9 : Ph\u00e9nom\u00e9nologie de l\u2019exp\u00e9rience, formes symboliques et r\u00e9gimes \u00e9pist\u00e9miques<\/a><\/p>\n<p><strong>Contact<\/strong> : julien.thiburce[at]ens-lyon.fr<br \/>\n<strong>CV HAL<\/strong> :\u00a0<a href=\"https:\/\/cv.archives-ouvertes.fr\/julien-thiburce\" target=\"_blank\" rel=\"noopener noreferrer\">https:\/\/cv.archives-ouvertes.fr\/julien-thiburce<\/a><\/p>\n<\/div>\n","protected":false},"excerpt":{"rendered":"<p>Docteur en sciences du langage de l&rsquo;universit\u00e9 Lyon 2 linguistique interactionnelle et s\u00e9miotique Ing\u00e9nieur de recherche contractuel en production, traitement et analyse de donn\u00e9es &#8211; ENS de Lyon Qualifi\u00e9 aux fonctions de Ma\u00eetre de conf\u00e9rences (CNU) Section\u00a007 &#8211; sciences du &hellip; <a href=\"https:\/\/icar.cnrs.fr\/membre\/jthiburce\/\">Continuer la lecture <span class=\"meta-nav\">&rarr;<\/span><\/a><\/p>\n","protected":false},"author":1,"featured_media":0,"parent":0,"menu_order":0,"comment_status":"closed","ping_status":"closed","template":"","meta":{"footnotes":""},"class_list":["post-4","page","type-page","status-publish","hentry"],"_links":{"self":[{"href":"https:\/\/icar.cnrs.fr\/membre\/jthiburce\/wp-json\/wp\/v2\/pages\/4","targetHints":{"allow":["GET"]}}],"collection":[{"href":"https:\/\/icar.cnrs.fr\/membre\/jthiburce\/wp-json\/wp\/v2\/pages"}],"about":[{"href":"https:\/\/icar.cnrs.fr\/membre\/jthiburce\/wp-json\/wp\/v2\/types\/page"}],"author":[{"embeddable":true,"href":"https:\/\/icar.cnrs.fr\/membre\/jthiburce\/wp-json\/wp\/v2\/users\/1"}],"replies":[{"embeddable":true,"href":"https:\/\/icar.cnrs.fr\/membre\/jthiburce\/wp-json\/wp\/v2\/comments?post=4"}],"version-history":[{"count":165,"href":"https:\/\/icar.cnrs.fr\/membre\/jthiburce\/wp-json\/wp\/v2\/pages\/4\/revisions"}],"predecessor-version":[{"id":777,"href":"https:\/\/icar.cnrs.fr\/membre\/jthiburce\/wp-json\/wp\/v2\/pages\/4\/revisions\/777"}],"wp:attachment":[{"href":"https:\/\/icar.cnrs.fr\/membre\/jthiburce\/wp-json\/wp\/v2\/media?parent=4"}],"curies":[{"name":"wp","href":"https:\/\/api.w.org\/{rel}","templated":true}]}}