{"id":662,"date":"2022-06-08T17:07:21","date_gmt":"2022-06-08T15:07:21","guid":{"rendered":"https:\/\/icar.cnrs.fr\/membre\/jthiburce\/?page_id=662"},"modified":"2023-04-19T16:04:29","modified_gmt":"2023-04-19T14:04:29","slug":"ingenieur-de-recherche-ens-de-lyon","status":"publish","type":"page","link":"https:\/\/icar.cnrs.fr\/membre\/jthiburce\/ingenieur-de-recherche-ens-de-lyon\/","title":{"rendered":"Projet Augmented Artwork Analysis. Une exp\u00e9rience augment\u00e9e des \u0153uvres d&rsquo;art (2021-2025)"},"content":{"rendered":"<p style=\"text-align: center\"><em>Projet Augmented Artwork Analysis.<br \/>\nANR-20-CE38-0017<br \/>\n<\/em>2021 &#8211; 2025<\/p>\n<p style=\"text-align: center\"><strong>Ing\u00e9nieur de recherche en production, traitement et analyse de donn\u00e9es<\/strong><\/p>\n<p>Le projet <em>Augmented Artwork Analysis<\/em> (AAA) vise \u00e0 produire une application sur tablette permettant une\u00a0perception et une interpr\u00e9tation augment\u00e9es d\u2019oeuvres d\u2019art rencontr\u00e9es au mus\u00e9e (des peintures du 15e au\u00a019e si\u00e8cles).<\/p>\n<p>Ce prototype mettra en \u00e9vidence diff\u00e9rentes strates d\u2019une oeuvre d\u2019art : l\u2019organisation plastique, avec ses\u00a0textures, ses couleurs et sa composition ; la dimension figurative et narrative, o\u00f9 l\u2019on retrouve des personnages,\u00a0des paysages et des objets qui participent de multiples r\u00e9cits ; la dynamique esth\u00e9tique, o\u00f9 entrent en jeu les\u00a0sens, la sensibilit\u00e9 et les affects des spectateurs. C\u2019est l\u2019id\u00e9e de cr\u00e9er <em>une oeuvre d\u2019art augment\u00e9e<\/em>.<\/p>\n<p>Cet instrument novateur permettra aussi de tisser des liens entre les tableaux expos\u00e9s <em>in situ<\/em> et des oeuvres\u00a0pr\u00e9sentes dans d\u2019autres mus\u00e9es. Il s\u2019agira ainsi d\u2019observer en profondeur les filiations et les dialogues entre des\u00a0images, comme la reprise et la citation, la critique ou la parodie. C\u2019est l\u2019id\u00e9e de cr\u00e9er <em>un mus\u00e9e compl\u00e9mentaire<\/em>.<\/p>\n<p>En reliant deux modalit\u00e9s d\u2019observation \u2014 directe, face au tableau dans le mus\u00e9e, et augment\u00e9e, en lien avec\u00a0un r\u00e9seau d\u2019images \u2014, les visiteurs pourront \u00e0 la fois apprendre, d\u00e9couvrir et jouer avec les oeuvres, lors de\u00a0visites guid\u00e9es ou libres, de r\u00e9unions p\u00e9dagogiques ou de recherche, au sein des trois mus\u00e9es partenaires.<\/p>\n<p>Dans le cadre de ce projet, je suis charg\u00e9 de d\u00e9velopper un dispositif de captation audiovisuelle de visites guid\u00e9es, de traiter, analyser et valoriser les donn\u00e9es produites. Dans la perspective d&rsquo;une ing\u00e9nierie de la recherche, l&rsquo;un des enjeux consiste :<br \/>\nd&rsquo;une part, \u00e0 articuler les questions th\u00e9oriques et les m\u00e9thodologies d&rsquo;enqu\u00eate qui sous-tendent la recherche en s\u00e9miotique, en histoire de l&rsquo;art et en informatique ;<br \/>\nd&rsquo;autre part, \u00e0 traduire les analyses produites \u00e0 partir de l&rsquo;observation de pratiques r\u00e9elles en question qui nourriront directement le design du prototype d&rsquo;application.<\/p>\n<p><strong>Partenaires<\/strong><\/p>\n<p><a href=\"https:\/\/www.mba-lyon.fr\/fr\" target=\"_blank\" rel=\"noopener\"><img loading=\"lazy\" decoding=\"async\" class=\"alignnone wp-image-654\" src=\"https:\/\/icar.cnrs.fr\/membre\/jthiburce\/wp-content\/uploads\/sites\/35\/2022\/06\/MBA_Lyon.jpg\" alt=\"\" width=\"100\" height=\"100\" srcset=\"https:\/\/icar.cnrs.fr\/membre\/jthiburce\/wp-content\/uploads\/sites\/35\/2022\/06\/MBA_Lyon.jpg 225w, https:\/\/icar.cnrs.fr\/membre\/jthiburce\/wp-content\/uploads\/sites\/35\/2022\/06\/MBA_Lyon-150x150.jpg 150w\" sizes=\"auto, (max-width: 100px) 100vw, 100px\" \/><\/a>\u00a0 \u00a0 \u00a0<a href=\"https:\/\/pba.lille.fr\" target=\"_blank\" rel=\"noopener\"><img loading=\"lazy\" decoding=\"async\" class=\"alignnone wp-image-656\" src=\"https:\/\/icar.cnrs.fr\/membre\/jthiburce\/wp-content\/uploads\/sites\/35\/2022\/06\/PBA_Lille.png\" alt=\"\" width=\"130\" height=\"100\" \/><\/a>\u00a0 \u00a0 \u00a0<a href=\"https:\/\/www.mnha.lu\" target=\"_blank\" rel=\"noopener\"><img loading=\"lazy\" decoding=\"async\" class=\"alignnone wp-image-655\" src=\"https:\/\/icar.cnrs.fr\/membre\/jthiburce\/wp-content\/uploads\/sites\/35\/2022\/06\/MNHA_Luxembourg-300x158.png\" alt=\"\" width=\"190\" height=\"100\" srcset=\"https:\/\/icar.cnrs.fr\/membre\/jthiburce\/wp-content\/uploads\/sites\/35\/2022\/06\/MNHA_Luxembourg-300x158.png 300w, https:\/\/icar.cnrs.fr\/membre\/jthiburce\/wp-content\/uploads\/sites\/35\/2022\/06\/MNHA_Luxembourg.png 310w\" sizes=\"auto, (max-width: 190px) 100vw, 190px\" \/><\/a><\/p>\n<p><span style=\"color: #21576d\">Le projet est co-financ\u00e9 par<\/span><\/p>\n<p><a href=\"https:\/\/anr.fr\/Projet-ANR-20-CE38-0017\" target=\"_blank\" rel=\"noopener\"><img loading=\"lazy\" decoding=\"async\" class=\"alignnone wp-image-652\" src=\"https:\/\/icar.cnrs.fr\/membre\/jthiburce\/wp-content\/uploads\/sites\/35\/2022\/06\/ANR_logo-300x90.png\" alt=\"\" width=\"190\" height=\"65\" \/><\/a>\u00a0 \u00a0 \u00a0<img loading=\"lazy\" decoding=\"async\" class=\"alignnone wp-image-653\" src=\"https:\/\/icar.cnrs.fr\/membre\/jthiburce\/wp-content\/uploads\/sites\/35\/2022\/06\/FNR_Logo-300x72.png\" alt=\"\" width=\"241\" height=\"65\" \/><\/p>\n<p><span style=\"color: #21576d\">Voir la plaquette de communication du projet<\/span><\/p>\n<p><a href=\"https:\/\/icar.cnrs.fr\/membre\/jthiburce\/wp-content\/uploads\/sites\/35\/2022\/06\/ProjetAAA_Plaquette_Musees_WEB.pdf\" target=\"_blank\" rel=\"noopener\"><img loading=\"lazy\" decoding=\"async\" class=\"alignnone wp-image-649 \" src=\"https:\/\/icar.cnrs.fr\/membre\/jthiburce\/wp-content\/uploads\/sites\/35\/2022\/06\/AAA_Plaquette_Communication_Musees-1-212x300.png\" alt=\"\" width=\"159\" height=\"220\" \/><\/a><\/p>\n","protected":false},"excerpt":{"rendered":"<p>Projet Augmented Artwork Analysis. ANR-20-CE38-0017 2021 &#8211; 2025 Ing\u00e9nieur de recherche en production, traitement et analyse de donn\u00e9es Le projet Augmented Artwork Analysis (AAA) vise \u00e0 produire une application sur tablette permettant une\u00a0perception et une interpr\u00e9tation augment\u00e9es d\u2019oeuvres d\u2019art rencontr\u00e9es &hellip; <a href=\"https:\/\/icar.cnrs.fr\/membre\/jthiburce\/ingenieur-de-recherche-ens-de-lyon\/\">Continuer la lecture <span class=\"meta-nav\">&rarr;<\/span><\/a><\/p>\n","protected":false},"author":32,"featured_media":0,"parent":0,"menu_order":0,"comment_status":"closed","ping_status":"closed","template":"","meta":{"footnotes":""},"class_list":["post-662","page","type-page","status-publish","hentry"],"_links":{"self":[{"href":"https:\/\/icar.cnrs.fr\/membre\/jthiburce\/wp-json\/wp\/v2\/pages\/662","targetHints":{"allow":["GET"]}}],"collection":[{"href":"https:\/\/icar.cnrs.fr\/membre\/jthiburce\/wp-json\/wp\/v2\/pages"}],"about":[{"href":"https:\/\/icar.cnrs.fr\/membre\/jthiburce\/wp-json\/wp\/v2\/types\/page"}],"author":[{"embeddable":true,"href":"https:\/\/icar.cnrs.fr\/membre\/jthiburce\/wp-json\/wp\/v2\/users\/32"}],"replies":[{"embeddable":true,"href":"https:\/\/icar.cnrs.fr\/membre\/jthiburce\/wp-json\/wp\/v2\/comments?post=662"}],"version-history":[{"count":7,"href":"https:\/\/icar.cnrs.fr\/membre\/jthiburce\/wp-json\/wp\/v2\/pages\/662\/revisions"}],"predecessor-version":[{"id":692,"href":"https:\/\/icar.cnrs.fr\/membre\/jthiburce\/wp-json\/wp\/v2\/pages\/662\/revisions\/692"}],"wp:attachment":[{"href":"https:\/\/icar.cnrs.fr\/membre\/jthiburce\/wp-json\/wp\/v2\/media?parent=662"}],"curies":[{"name":"wp","href":"https:\/\/api.w.org\/{rel}","templated":true}]}}