{"id":184,"date":"2018-09-06T15:29:53","date_gmt":"2018-09-06T13:29:53","guid":{"rendered":"https:\/\/icar.cnrs.fr\/membre\/lacosta\/?page_id=184"},"modified":"2024-03-08T17:01:34","modified_gmt":"2024-03-08T16:01:34","slug":"autres-activites","status":"publish","type":"page","link":"https:\/\/icar.cnrs.fr\/membre\/lacosta\/autres-activites\/","title":{"rendered":"Enseignements et autres responsabilit\u00e9s"},"content":{"rendered":"<h1>Enseignements<\/h1>\n<p><strong>2022\/2024<\/strong> ATER (100%) en Humanit\u00e9s num\u00e9riques (a<em>nalyse textuelle<\/em>, <em>ressources et outils<\/em>, <em>logiciel bibliographique et recherche documentaire<\/em>, <em>publication assist\u00e9e par ordinateur<\/em> et <em>tutorat des projets M2 humanit\u00e9s num\u00e9riques<\/em>), \u00c9cole Normale Sup\u00e9rieure de Lyon.<\/p>\n<p><strong>2021\/2022<\/strong> ATER (100%) en Sciences du langage (M1 : <em>techniques informatiques I<\/em>,<em> projet d&rsquo;int\u00e9gration<\/em> ; L3 : <em>s\u00e9mantique discursive et cognitive<\/em>,<em> linguistique de corpus oraux<\/em>) , Universit\u00e9 Paul-Val\u00e9ry Montpellier 3.<\/p>\n<p><strong>2020<\/strong> CM <em>Grammaire du fran\u00e7ais : normes et usages<\/em> \u00e0 la L1, Portail 2 \u00c9ducation, socialisation et langage, Universit\u00e9 Lumi\u00e8re Lyon 2.<\/p>\n<p><strong>2019<\/strong> CM <em>Grammaire du fran\u00e7ais : normes et usages<\/em> \u00e0 la L1, Portail 2 \u00c9ducation, socialisation et langage, Universit\u00e9 Lumi\u00e8re Lyon 2.<\/p>\n<p><strong>2019 <\/strong>TD <em>M\u00e9thodologie disciplinaire en Sciences du Langage <\/em>\u00e0 la L1, Portail 5 Langages et Communication<em>, <\/em>Universit\u00e9 Lumi\u00e8re Lyon 2.<\/p>\n<p><strong>2018<\/strong> TD <em>LV2 Espagnol<\/em> au M2, LLCER parcours culture entreprise, Universit\u00e9 Jean Moulin Lyon 3.<\/p>\n<p><strong>2011\/2012<\/strong> TP de phon\u00e9tique et phonologie espagnoles\u00a0\u00ab <em>monitora del curso de fon\u00e9tica y fonolog\u00eda espa\u00f1ola y del laboratorio de Filolog\u00eda<\/em><em>\u00bb<\/em>\u00a0Licence 1, <em>Filolog\u00eda hisp<span id=\"nom_site_spip\">\u00e1<\/span>nica<\/em>, Universidad de Antioquia, Colombie<em>. <\/em><\/p>\n<hr>\n<h1>Encadrement de stages<\/h1>\n<p><strong>2020 <\/strong>Co-encadrement de stage M2 Sciences du Langage de Adrian Ceballos, au sein du projet CLAPI-ELE.<\/p>\n<p><strong>2019\u00a0<\/strong>Co-encadrement de stage M1 Sciences du Langage de Camilo Restrepo Benachi, au sein du projet CLAPI-ELE.<\/p>\n<p><strong>2019\u00a0<\/strong>Co-encadrement de stage M1 Sciences du Langages de Richard Wilkinson, au sein du projet CLAPI-ELE.<\/p>\n<hr>\n<h1>Responsabilit\u00e9s au sein du laboratoire ICAR<\/h1>\n<p><strong>2019\/2020<\/strong> Repr\u00e9sentante des doctorants au Conseil de Laboratoire<\/p>\n<p><strong>2017\/2021<\/strong> Membre de la <a href=\"http:\/\/www.icar.cnrs.fr\/comdoc\/\">Com\u2019Doc<\/a> (commission des doctorants)<\/p>\n<hr>\n<h1>Participation \u00e0 l\u2019organisation d\u2019\u00e9v\u00e9nements scientifiques<\/h1>\n<p><a href=\"https:\/\/aila2023.fr\/\">AILA\u00a0World Congress 2023<\/a>, responsable du symposium<em> Language &amp; holistic ecology<\/em> et coresponsable de l&rsquo;axe Espagnol. <span class=\"s9\">\u00c9cole Normale Sup\u00e9rieur de Lyon, France<\/span>.<\/p>\n<p>Journ\u00e9e d\u2019\u00e9tude NARRADO : le r\u00e9cit dans l\u2019espagnol parl\u00e9, 16 novembre 2020. <span class=\"s9\">\u00c9cole Normale Sup\u00e9rieure de Lyon, France<\/span>.<\/p>\n<p><a href=\"https:\/\/jecapliele.sciencesconf.org\/\">Journ\u00e9es d&rsquo;\u00e9tude CLAPI-ELE :\u00a0L&rsquo;\u00e9tude de l&rsquo;espagnol parl\u00e9 \u00e0 partir de corpus \u00e9cologiques<\/a>, 20 et 21 janvier 2020. <span class=\"s9\">\u00c9cole Normale Sup\u00e9rieure de Lyon, France<\/span>.<\/p>\n<p><a href=\"https:\/\/icodoc.sciencesconf.org\/\">Colloque ICODOC 2019 \u00ab \u00c9motion, empathie, affectivit\u00e9. Les sujets et leur subjectivit\u00e9 \u00e0 travers les pratiques langagi\u00e8res et \u00e9ducatives \u00bb<\/a>, 7 &#8211; 9 octobre 2019, <span class=\"s9\">\u00c9cole Normale Sup\u00e9rieure de Lyon, France<\/span>.<\/p>\n<p><b><a href=\"http:\/\/icar.cnrs.fr\/journees-doctorales-interexicar\/\">Journ\u00e9es doctorales Inter&rsquo;Ex&rsquo;Doctorale ICAR<\/a>, 6 &#8211; 7 mai 2019, <span class=\"s9\">\u00c9cole Normale Sup\u00e9rieure de Lyon, France<\/span>.<br \/>\n<\/b><\/p>\n<p><span class=\"s9\"><a href=\"https:\/\/dprogrammateurs.sciencesconf.org\/\">Colloque international \u00ab\u00a0Discours Programmateurs et Sciences du Langage\u00a0\u00bb<\/a>, 25 &#8211; 27 juin 2018, \u00c9cole Normale Sup\u00e9rieure de Lyon, France.<br \/>\n<\/span><\/p>\n<p>Journ\u00e9e Inter&rsquo;Doctorale ICAR, 12 avril 2018, \u00c9cole Normale Sup\u00e9rieure de Lyon, France.<\/p>\n<hr>\n<h1>Vulgarisation de la recherche<\/h1>\n<p><a title=\"Mer et m\u00e9moire. Dialogue accidentel entre Roberto Burgos Cantor et Mohamed Mbougar Sarr.\" href=\"https:\/\/hal.archives-ouvertes.fr\/hal-02056445\" rel=\"bookmark\">Mer et m\u00e9moire. Dialogue accidentel entre Roberto Burgos Cantor et Mohamed Mbougar Sarr.<\/a> Blog Villa Voici, Critique AIR (Assises Internationales du Roman) 2018, Lyon.<\/p>\n<p>&nbsp;<\/p>\n","protected":false},"excerpt":{"rendered":"<p>Enseignements 2022\/2024 ATER (100%) en Humanit\u00e9s num\u00e9riques (analyse textuelle, ressources et outils, logiciel bibliographique et recherche documentaire, publication assist\u00e9e par ordinateur et tutorat des projets M2 humanit\u00e9s num\u00e9riques), \u00c9cole Normale Sup\u00e9rieure de Lyon. 2021\/2022 ATER (100%) en Sciences du langage &hellip; <a href=\"https:\/\/icar.cnrs.fr\/membre\/lacosta\/autres-activites\/\">Continuer la lecture <span class=\"meta-nav\">&rarr;<\/span><\/a><\/p>\n","protected":false},"author":114,"featured_media":0,"parent":0,"menu_order":0,"comment_status":"closed","ping_status":"closed","template":"","meta":{"footnotes":""},"class_list":["post-184","page","type-page","status-publish","hentry"],"_links":{"self":[{"href":"https:\/\/icar.cnrs.fr\/membre\/lacosta\/wp-json\/wp\/v2\/pages\/184","targetHints":{"allow":["GET"]}}],"collection":[{"href":"https:\/\/icar.cnrs.fr\/membre\/lacosta\/wp-json\/wp\/v2\/pages"}],"about":[{"href":"https:\/\/icar.cnrs.fr\/membre\/lacosta\/wp-json\/wp\/v2\/types\/page"}],"author":[{"embeddable":true,"href":"https:\/\/icar.cnrs.fr\/membre\/lacosta\/wp-json\/wp\/v2\/users\/114"}],"replies":[{"embeddable":true,"href":"https:\/\/icar.cnrs.fr\/membre\/lacosta\/wp-json\/wp\/v2\/comments?post=184"}],"version-history":[{"count":28,"href":"https:\/\/icar.cnrs.fr\/membre\/lacosta\/wp-json\/wp\/v2\/pages\/184\/revisions"}],"predecessor-version":[{"id":318,"href":"https:\/\/icar.cnrs.fr\/membre\/lacosta\/wp-json\/wp\/v2\/pages\/184\/revisions\/318"}],"wp:attachment":[{"href":"https:\/\/icar.cnrs.fr\/membre\/lacosta\/wp-json\/wp\/v2\/media?parent=184"}],"curies":[{"name":"wp","href":"https:\/\/api.w.org\/{rel}","templated":true}]}}