{"id":4,"date":"2016-11-02T17:37:52","date_gmt":"2016-11-02T16:37:52","guid":{"rendered":"https:\/\/icar.cnrs.fr\/membre\/mcmass\/?page_id=4"},"modified":"2022-06-27T17:24:10","modified_gmt":"2022-06-27T15:24:10","slug":"accueil","status":"publish","type":"page","link":"https:\/\/icar.cnrs.fr\/membre\/mcmaas\/","title":{"rendered":"Accueil"},"content":{"rendered":"<div class=\"cadregris\">\n<h2>Marie-Christine MAAS<\/h2>\n<p><img loading=\"lazy\" decoding=\"async\" class=\"alignright size-full wp-image-108\" src=\"https:\/\/icar.cnrs.fr\/membre\/mcmass\/wp-content\/uploads\/sites\/160\/2016\/11\/images.png\" alt=\"images\" width=\"104\" height=\"104\" \/><\/p>\n<p>Doctorante ICAR en Sciences de l&rsquo;\u00e9ducation<br \/>\nSous la direction de\u00a0Luc RIA<\/p>\n<p>M\u00e8l : marie-christine.maas AT ac-besancon.fr<\/p>\n<p>Laboratoire :<br \/>\n<a href=\"http:\/\/icar.univ-lyon2.fr\/\">UMR 5191 ICAR<\/a>\u00a0(Interactions, Corpus, Apprentissage, Repr\u00e9sentations)<br \/>\nEquipe\u00a0 : Apprentissages, discours, interactions, savoirs (ADIS)<\/p>\n<p><strong>Adresse<\/strong><br \/>\nLaboratoire ICAR<br \/>\nEcole Normale Sup\u00e9rieure, Site Descartes<br \/>\n15, parvis Ren\u00e9 Descartes, BP 7000<br \/>\n69 342 Lyon Cedex 07<\/p>\n<\/div>\n<p>Titre de la th\u00e8se : Etude de l&rsquo;expertise ordinaire d&rsquo;enseignants en contexte difficile ou comment enseigner en prenant soin des \u00e9l\u00e8ves.<\/p>\n<p>Biographie : J&rsquo;enseigne en sciences physiques et chimiques depuis 2002 et interviens dans le cadre de la formation continue pour l\u2019acad\u00e9mie de Besan\u00e7on. Apr\u00e8s un master de recherche en sciences de l\u2019\u00e9ducation en 2016, j&rsquo;ai travaill\u00e9 durant 3 ans \u00e0 l\u2019OCCE o\u00f9 j&rsquo;accompagnais les enseignants en classe et lors de formations afin de d\u00e9velopper des pratiques coop\u00e9ratives, favorables aux apprentissages et \u00e0 un climat de classe serein.<br \/>\nEn 2020, je d\u00e9bute des \u00e9tudes doctorales sur l\u2019analyse du travail enseignant sous la direction de Luc Ria. Son travail de recherche s\u2019inscrit dans le cadre th\u00e9orique du cours d\u2019action. Il comprend deux aspects: compr\u00e9hensif avec l\u2019observation et l&rsquo;analyse de l\u2019activit\u00e9 d\u2019enseignants en classe et transformatif avec la mise en place de laboratoires d&rsquo;analyses de pratiques au sein des \u00e9tablissements permettant un retour d\u2019exp\u00e9riences et une expertise accrue des enseignants.<\/p>\n<p>&nbsp;<\/p>\n","protected":false},"excerpt":{"rendered":"<p>Marie-Christine MAAS Doctorante ICAR en Sciences de l&rsquo;\u00e9ducation Sous la direction de\u00a0Luc RIA M\u00e8l : marie-christine.maas AT ac-besancon.fr Laboratoire : UMR 5191 ICAR\u00a0(Interactions, Corpus, Apprentissage, Repr\u00e9sentations) Equipe\u00a0 : Apprentissages, discours, interactions, savoirs (ADIS) Adresse Laboratoire ICAR Ecole Normale Sup\u00e9rieure, Site &hellip; <a href=\"https:\/\/icar.cnrs.fr\/membre\/mcmaas\/\">Continuer la lecture <span class=\"meta-nav\">&rarr;<\/span><\/a><\/p>\n","protected":false},"author":1,"featured_media":0,"parent":0,"menu_order":0,"comment_status":"closed","ping_status":"closed","template":"","meta":{"footnotes":""},"class_list":["post-4","page","type-page","status-publish","hentry"],"_links":{"self":[{"href":"https:\/\/icar.cnrs.fr\/membre\/mcmaas\/wp-json\/wp\/v2\/pages\/4","targetHints":{"allow":["GET"]}}],"collection":[{"href":"https:\/\/icar.cnrs.fr\/membre\/mcmaas\/wp-json\/wp\/v2\/pages"}],"about":[{"href":"https:\/\/icar.cnrs.fr\/membre\/mcmaas\/wp-json\/wp\/v2\/types\/page"}],"author":[{"embeddable":true,"href":"https:\/\/icar.cnrs.fr\/membre\/mcmaas\/wp-json\/wp\/v2\/users\/1"}],"replies":[{"embeddable":true,"href":"https:\/\/icar.cnrs.fr\/membre\/mcmaas\/wp-json\/wp\/v2\/comments?post=4"}],"version-history":[{"count":73,"href":"https:\/\/icar.cnrs.fr\/membre\/mcmaas\/wp-json\/wp\/v2\/pages\/4\/revisions"}],"predecessor-version":[{"id":132,"href":"https:\/\/icar.cnrs.fr\/membre\/mcmaas\/wp-json\/wp\/v2\/pages\/4\/revisions\/132"}],"wp:attachment":[{"href":"https:\/\/icar.cnrs.fr\/membre\/mcmaas\/wp-json\/wp\/v2\/media?parent=4"}],"curies":[{"name":"wp","href":"https:\/\/api.w.org\/{rel}","templated":true}]}}