{"id":4,"date":"2016-11-02T17:37:52","date_gmt":"2016-11-02T16:37:52","guid":{"rendered":"https:\/\/icar.cnrs.fr\/membre\/mquignard\/?page_id=4"},"modified":"2025-08-28T11:34:13","modified_gmt":"2025-08-28T09:34:13","slug":"accueil","status":"publish","type":"page","link":"https:\/\/icar.cnrs.fr\/membre\/mquignard\/","title":{"rendered":"Accueil"},"content":{"rendered":"<div class=\"cadregris\">\n<h2>Matthieu Quignard<img decoding=\"async\" class=\"wp-image-244 size-medium alignright\" src=\"https:\/\/icar.cnrs.fr\/membre\/mquignard\/wp-content\/uploads\/sites\/5\/2018\/11\/6-recadre-251x300.png\" alt=\"\" width=\"140\" srcset=\"https:\/\/icar.cnrs.fr\/membre\/mquignard\/wp-content\/uploads\/sites\/5\/2018\/11\/6-recadre-251x300.png 251w, https:\/\/icar.cnrs.fr\/membre\/mquignard\/wp-content\/uploads\/sites\/5\/2018\/11\/6-recadre-768x917.png 768w, https:\/\/icar.cnrs.fr\/membre\/mquignard\/wp-content\/uploads\/sites\/5\/2018\/11\/6-recadre-858x1024.png 858w, https:\/\/icar.cnrs.fr\/membre\/mquignard\/wp-content\/uploads\/sites\/5\/2018\/11\/6-recadre.png 1548w\" sizes=\"(max-width: 251px) 100vw, 251px\" \/><\/h2>\n<p style=\"padding-left: 30px;\">Ing\u00e9nieur de recherche au CNRS<\/p>\n<p style=\"padding-left: 30px;\">Email\u00a0: matthieu.quignard [ad] ens-lyon.fr<br \/>\nTel\u00a0: 04 37 37 63 13<br \/>\nBureau\u00a0: D4.187<\/p>\n<p style=\"padding-left: 30px;\"><strong>Laboratoire ICAR<\/strong><br \/>\nEcole Normale Sup\u00e9rieure, Site Descartes<br \/>\n15, parvis Ren\u00e9 Descartes, BP 7000<br \/>\n69 342 Lyon Cedex 07<\/p>\n<\/div>\n<h2>Fonctions<\/h2>\n<ul>\n<li>Coresponsable de l&rsquo;\u00e9quipe <a href=\"http:\/\/icar.cnrs.fr\/lab\/recherche\/interactions-cognitions\/\"><strong>Interactions, Cognitions<\/strong><\/a><\/li>\n<li>Membre de l&rsquo;axe transversal <a href=\"http:\/\/icar.cnrs.fr\/lab\/recherche\/axes_transversaux\/subjectivite\/\"><strong>Langage et Subjectivit\u00e9<\/strong><\/a><\/li>\n<\/ul>\n<h2><strong>Th\u00e8mes de recherche, expertise<\/strong><\/h2>\n<ul>\n<li>Langage et cognition<\/li>\n<li>Argumentation, collaboration, Traitement Automatique de la Langue<\/li>\n<li>Exploitation outill\u00e9e de corpus (textom\u00e9trie, statistiques, TXM, R)<\/li>\n<\/ul>\n<h1>Qualifications, dipl\u00f4mes<\/h1>\n<ul>\n<li>Ing\u00e9nieur <em>Intelligence et Sciences Cognitives<\/em> de l&rsquo;Ecole Nationale Sup\u00e9rieure des T\u00e9l\u00e9communications de Paris<\/li>\n<li>Docteur en <em>Sciences Cognitives<\/em> de l&rsquo;Universit\u00e9 Joseph Fourier Grenoble 1<\/li>\n<li>Qualifi\u00e9 MCF CNU 07 (<em>Sciences du Langage<\/em>) et 27 (<em>Informatique<\/em>)<\/li>\n<\/ul>\n","protected":false},"excerpt":{"rendered":"<p>Matthieu Quignard Ing\u00e9nieur de recherche au CNRS Email\u00a0: matthieu.quignard [ad] ens-lyon.fr Tel\u00a0: 04 37 37 63 13 Bureau\u00a0: D4.187 Laboratoire ICAR Ecole Normale Sup\u00e9rieure, Site Descartes 15, parvis Ren\u00e9 Descartes, BP 7000 69 342 Lyon Cedex 07 Fonctions Coresponsable de &hellip; <a href=\"https:\/\/icar.cnrs.fr\/membre\/mquignard\/\">Continuer la lecture <span class=\"meta-nav\">&rarr;<\/span><\/a><\/p>\n","protected":false},"author":1,"featured_media":0,"parent":0,"menu_order":0,"comment_status":"closed","ping_status":"closed","template":"","meta":{"footnotes":""},"class_list":["post-4","page","type-page","status-publish","hentry"],"_links":{"self":[{"href":"https:\/\/icar.cnrs.fr\/membre\/mquignard\/wp-json\/wp\/v2\/pages\/4","targetHints":{"allow":["GET"]}}],"collection":[{"href":"https:\/\/icar.cnrs.fr\/membre\/mquignard\/wp-json\/wp\/v2\/pages"}],"about":[{"href":"https:\/\/icar.cnrs.fr\/membre\/mquignard\/wp-json\/wp\/v2\/types\/page"}],"author":[{"embeddable":true,"href":"https:\/\/icar.cnrs.fr\/membre\/mquignard\/wp-json\/wp\/v2\/users\/1"}],"replies":[{"embeddable":true,"href":"https:\/\/icar.cnrs.fr\/membre\/mquignard\/wp-json\/wp\/v2\/comments?post=4"}],"version-history":[{"count":55,"href":"https:\/\/icar.cnrs.fr\/membre\/mquignard\/wp-json\/wp\/v2\/pages\/4\/revisions"}],"predecessor-version":[{"id":310,"href":"https:\/\/icar.cnrs.fr\/membre\/mquignard\/wp-json\/wp\/v2\/pages\/4\/revisions\/310"}],"wp:attachment":[{"href":"https:\/\/icar.cnrs.fr\/membre\/mquignard\/wp-json\/wp\/v2\/media?parent=4"}],"curies":[{"name":"wp","href":"https:\/\/api.w.org\/{rel}","templated":true}]}}