{"id":39,"date":"2016-11-09T15:36:16","date_gmt":"2016-11-09T14:36:16","guid":{"rendered":"https:\/\/icar.cnrs.fr\/membre\/nacioly\/?page_id=39"},"modified":"2020-02-09T13:10:01","modified_gmt":"2020-02-09T12:10:01","slug":"axes-de-recherche","status":"publish","type":"page","link":"https:\/\/icar.cnrs.fr\/membre\/nacioly\/axes-de-recherche\/","title":{"rendered":"Axes de recherche"},"content":{"rendered":"<h3>Principaux axes de recherche<\/h3>\n<p>&#8211; <a href=\"https:\/\/hal.archives-ouvertes.fr\/tel-01982260\" target=\"_blank\" rel=\"noopener\">Culture, Cognition, Affectivit\u00e9<\/a> dans le cadre de la psychologie interculturelle<\/p>\n<p>&#8211; Construction des c<span style=\"font-family: Arial\"><b>omp\u00e9tences professionnelles dans les domaines de la formation, de l&rsquo;\u00e9ducation et de la sant\u00e9 : r\u00f4le des interactions sociales<br \/>\n<\/b><\/span><\/p>\n<p>&#8211; Construction des comp\u00e9tences math\u00e9matiques et scientifiques dans des contextes formels, informels et non-formels d\u2019exp\u00e9rience, de formation, d\u2019apprentissage et d\u2019enseignement.<\/p>\n<p>&nbsp;<\/p>\n","protected":false},"excerpt":{"rendered":"<p>Principaux axes de recherche &#8211; Culture, Cognition, Affectivit\u00e9 dans le cadre de la psychologie interculturelle &#8211; Construction des comp\u00e9tences professionnelles dans les domaines de la formation, de l&rsquo;\u00e9ducation et de la sant\u00e9 : r\u00f4le des interactions sociales &#8211; Construction des &hellip; <a href=\"https:\/\/icar.cnrs.fr\/membre\/nacioly\/axes-de-recherche\/\">Continuer la lecture <span class=\"meta-nav\">&rarr;<\/span><\/a><\/p>\n","protected":false},"author":1,"featured_media":0,"parent":0,"menu_order":2,"comment_status":"closed","ping_status":"closed","template":"","meta":{"footnotes":""},"class_list":["post-39","page","type-page","status-publish","hentry"],"_links":{"self":[{"href":"https:\/\/icar.cnrs.fr\/membre\/nacioly\/wp-json\/wp\/v2\/pages\/39","targetHints":{"allow":["GET"]}}],"collection":[{"href":"https:\/\/icar.cnrs.fr\/membre\/nacioly\/wp-json\/wp\/v2\/pages"}],"about":[{"href":"https:\/\/icar.cnrs.fr\/membre\/nacioly\/wp-json\/wp\/v2\/types\/page"}],"author":[{"embeddable":true,"href":"https:\/\/icar.cnrs.fr\/membre\/nacioly\/wp-json\/wp\/v2\/users\/1"}],"replies":[{"embeddable":true,"href":"https:\/\/icar.cnrs.fr\/membre\/nacioly\/wp-json\/wp\/v2\/comments?post=39"}],"version-history":[{"count":19,"href":"https:\/\/icar.cnrs.fr\/membre\/nacioly\/wp-json\/wp\/v2\/pages\/39\/revisions"}],"predecessor-version":[{"id":179,"href":"https:\/\/icar.cnrs.fr\/membre\/nacioly\/wp-json\/wp\/v2\/pages\/39\/revisions\/179"}],"wp:attachment":[{"href":"https:\/\/icar.cnrs.fr\/membre\/nacioly\/wp-json\/wp\/v2\/media?parent=39"}],"curies":[{"name":"wp","href":"https:\/\/api.w.org\/{rel}","templated":true}]}}