{"id":39,"date":"2016-11-09T15:36:16","date_gmt":"2016-11-09T14:36:16","guid":{"rendered":"https:\/\/icar.cnrs.fr\/membre\/nblanc\/?page_id=39"},"modified":"2017-01-03T17:05:13","modified_gmt":"2017-01-03T16:05:13","slug":"axes-de-recherche","status":"publish","type":"page","link":"https:\/\/icar.cnrs.fr\/membre\/nblanc\/axes-de-recherche\/","title":{"rendered":"Axes de recherche"},"content":{"rendered":"<h2><strong>Trajectoire de recherche<\/strong><\/h2>\n<p>Les recherches que j\u2019ai r\u00e9cemment men\u00e9es et celles \u00e0 venir se situent r\u00e9solument \u00e0 la crois\u00e9e des sciences de l\u2019\u00e9ducation et des sciences du langage, dans la prolongation d\u2019une formation (acad\u00e9mique, professionnelle et scientifique) qui s\u2019origine dans les sciences du langage (didactique des langues et du fran\u00e7ais langue \u00e9trang\u00e8re et seconde). Ma th\u00e8se de doctorat portait sur un public de jeunes apprenants et analysait l\u2019image filmique (du point de vue de sa conception et de son utilisation) comme support de m\u00e9diation pour cr\u00e9er un espace potentiel fictionnel et ludique propice \u00e0 la rencontre du jeune enfant avec une langue \u00e9trang\u00e8re (FLE) \u00e0 l\u2019\u00e9cole (Blanc 2003).<\/p>\n<p>Depuis mon int\u00e9gration au laboratoire ICAR en 2005, mes travaux s&rsquo;orientent plus sp\u00e9cifiquement sur les interactions orales en classe, dans un premier temps dans un contexte d\u2019acquisition des langues \u00e9trang\u00e8res en milieu scolaire fran\u00e7ais, puis r\u00e9cemment dans des contextes d&rsquo;enseignement bilingue et d&rsquo;immersion \u00e0 l&rsquo;\u00e9tranger. Ces recherches s\u2019inscrivent dans la mouvance vygotskienne de mes travaux initiaux et adoptent la perspective sociocognitive d\u00e9velopp\u00e9e par mes collaborateurs Peter Griggs et Rita Carol, dans la continuit\u00e9 des recherches de Pierre Bange.<\/p>\n<h2><strong>Axes de Recherche<\/strong><\/h2>\n<p>Depuis 2005, mes travaux s\u2019orientent d\u00e8s lors autour de trois axes qui se combinent\u00a0:<\/p>\n<p><strong>Interactions orales en classe en situation monolingue et plurilingue<\/strong><\/p>\n<ul>\n<li>Analyse des interactions en classe de langue dans un cadre sociocognitif<\/li>\n<li>Interactions orales et acquisition de savoirs scolaires en contexte d\u2019immersion<\/li>\n<li>Multimodalit\u00e9, professionnalit\u00e9 et apprentissages<\/li>\n<\/ul>\n<p><strong>Didactique des langues \u2013 Image et m\u00e9diation<\/strong><\/p>\n<ul>\n<li>Potentiels linguistiques et s\u00e9miotiques de l\u2019image en tant qu\u2019outil de m\u00e9diation<\/li>\n<li>\u00c9tude s\u00e9miotique et didactique du film de classe en tant qu\u2019outil m\u00e9thodologique<\/li>\n<\/ul>\n<p><strong>Discours professionnels \u2013 Construction d\u2019une identit\u00e9 professionnelle en formation d\u2019enseignant<\/strong><\/p>\n<ul>\n<li>Le m\u00e9moire professionnel en formation d\u2019enseignant et en tant qu\u2019objet de recherche<\/li>\n<li>Analyse du discours professionnel et rapport aux savoirs<\/li>\n<li>Mobilit\u00e9 internationale, r\u00e9flexivit\u00e9, interculturalit\u00e9 et construction de l\u2019identit\u00e9 professionnelle enseignante<\/li>\n<\/ul>\n<h2><strong>Animation scientifique<\/strong><\/h2>\n<p><strong>Coordinatrice du Work Package 4 \u00ab\u00a0Interdisciplinary Education and Training\u00bb<br \/>\n<\/strong><strong>LABEX\u00a0<em>ASLAN<\/em><\/strong><em>\u00a0Language Complexity<\/em>\u00a0\u2013 Etudes avanc\u00e9es sur la complexit\u00e9 du langage<br \/>\nUMR 5191 ICAR &amp; UMR 5596 DDL Dynamique Du Langage, Universit\u00e9 Lyon 2.<\/p>\n<ul>\n<li>Acqu\u00e9rir et utiliser quotidiennement une langue requiert des processus cognitifs complexes et adaptatifs. ASLAN vise le d\u00e9veloppement d\u2019une nouvelle linguistique multidimensionnelle et int\u00e9grative, apte \u00e0 saisir les ph\u00e9nom\u00e8nes linguistiques dans toute leur complexit\u00e9.<\/li>\n<li>La responsabilit\u00e9 de ce Work Package transversal au LABEX et li\u00e9 \u00e0 la Formation, implique\u00a0:<br \/>\nune gestion des informations et de la communication entre les 5 Work Packages et les diff\u00e9rentes \u00e9quipes de recherche des 2 laboratoires impliqu\u00e9s\u00a0;<br \/>\nune animation des \u00e9quipes en vue d\u2019\u00e9laborer des actions innovantes et articul\u00e9es aux recherches du LABEX en formation initiale (autour et en extension des Masters existants et au niveau doctoral), et en formation continue (s\u00e9minaires de week-end, \u00e9coles d\u2019\u00e9t\u00e9, etc.).<\/li>\n<\/ul>\n<p><strong>Projet ADILE \u00ab\u00a0Apprentissages disciplinaires en langues \u00e9trang\u00e8res\u00a0\u00bb\u00a0de l\u2019axe\u00a0<em>Multimodalit\u00e9 et professionnalit\u00e9\u00a0<\/em>du Work Package 3 \u00ab\u00a0From the individual to interaction\u00a0\u00bb du LABEX<em>ASLAN.<\/em><\/strong><strong>\u00a0<\/strong><strong>Responsables\u00a0: P. Griggs, R. Carol &amp; N. Blanc.<\/strong><strong>\u00a0Depuis 2011.<\/strong><\/p>\n<ul>\n<li>Le projet ADILE\u00a0<em>Apprentissages DIsciplinaires en Langues Etrang\u00e8res<\/em>\u00a0r\u00e9cemment cr\u00e9\u00e9 dans le cadre de l\u2019axe\u00a0<em>Multimodalit\u00e9 et professionnalit\u00e9<\/em>\u00a0de l\u2019\u00e9quipe ADIS-Langues du Laboratoire, propose de travailler sur des probl\u00e9matiques d\u2019enseignement et d\u2019apprentissage qui interrogent l\u2019appropriation conjointe d\u2019objets de savoirs disciplinaires et linguistiques dans des contextes institutionnels vari\u00e9s.<\/li>\n<li>La vis\u00e9e de ce projet est triple\u00a0:<br \/>\nconstituer un large corpus (de s\u00e9quences d\u2019enseignement film\u00e9es, d\u2019entretiens et de productions \u00e9crites) recueilli en primaire et en secondaire, dans plusieurs disciplines et dans plusieurs langues\u00a0;<br \/>\nanalyser les interactions didactiques en int\u00e9grant les composantes multimodales, en vue d\u2019appr\u00e9hender les processus d\u2019apprentissage dans une perspective sociocognitive\u00a0;<br \/>\ncr\u00e9er un r\u00e9seau de collaboration entre enseignants-praticiens et enseignants-chercheurs en vue d\u2019\u00e9laborer une didactique unifi\u00e9e des disciplines et des langues, et \u00e0 terme de concevoir des dispositifs de formation initiale et continue.<\/li>\n<\/ul>\n<p><strong>Projet \u00ab\u00a0Dire, \u00e9crire la science dans les discours professionnels\u00a0\u00bb. 2008 \u2013 2011.<br \/>\n<\/strong><strong>Responsables\u00a0: A. Rabatel &amp; N. Blanc. Projet expertis\u00e9 et financ\u00e9 par l\u2019IUFM Universit\u00e9 Lyon1<\/strong><\/p>\n<ul>\n<li>Animation d\u2019un s\u00e9minaire mensuel (avec Rabatel, A.). Laboratoire ICAR. 2009 \u20132010.<\/li>\n<li>Co-organisation (avec Rabatel, A.) Journ\u00e9es d\u2019\u00e9tudes internationales\u00a0<em>Le rapport aux savoirs dans les discours professionnels,\u00a0<\/em>IUFM Universit\u00e9 Lyon 1. Juin 2010.<\/li>\n<\/ul>\n<p><strong>Projet \u00ab\u00a0AICCLA\u00a0\u00bb\u00a0: Apprentissages, Interactions, Culture en Classes de LAngues \u00e9trang\u00e8res. 2005 \u2013 2008.<\/strong><\/p>\n<ul>\n<li>Responsable\u00a0: P. Griggs. Projet expertis\u00e9 et financ\u00e9 par l\u2019IUFM Universit\u00e9 Lyon1.<\/li>\n<li>Co-organisation (avec Griggs, P.) Journ\u00e9es d\u2019\u00e9tudes internationales\u00a0<em>Langues secondes et apprentissages scolaires,\u00a0<\/em>IUFM Universit\u00e9 Lyon 1. Octobre 2008.<\/li>\n<\/ul>\n<p><strong>Membre de l\u2019\u00c9cole Doctorale Franco-Alg\u00e9rienne de Fran\u00e7ais, EDAF. Depuis 2008.<\/strong><\/p>\n<ul>\n<li>Encadrement de s\u00e9minaires de\u00a0<em>M\u00e9thodologie de recherche<\/em>\u00a0en Magist\u00e8re \u00e0 Souk-Ahras, Alg\u00e9rie. Juin 2008 et mai 2009.<\/li>\n<li>Direction de m\u00e9moires de Magist\u00e8re depuis 2008.<\/li>\n<li>Co-Organisation (avec Lambert, P.) Stage pour doctorants en Didactique du Fran\u00e7ais (2 \u00e8me ann\u00e9e), au p\u00f4le EDAF, Universit\u00e9 Lyon 2. Mai 2010.<\/li>\n<\/ul>\n<h2><strong>Membre de comit\u00e9s scientifiques et de comit\u00e9s de lecture<\/strong><\/h2>\n<ul>\n<li>Janvier 2012. Revue\u00a0<em>TransFormations<\/em>, num\u00e9ro 7. \u00ab\u00a0L\u2019usage des dispositifs de formation\u00a0\u00bb Astier, P., Faulx, D. &amp; Leclercq, G. (eds). Recherches en Education et Formation des Adultes. Universit\u00e9 Lille 1 \u2013 CUEEP.<\/li>\n<li>Janvier 2010. Revue\u00a0<em>Synergies France<\/em>, num\u00e9ro 6.\u00a0<strong>\u00ab\u00a0<\/strong>Verbe, grammaire et enseignement : la prescription et l\u2019usage\u00a0\u00bb.<\/li>\n<li>Juillet 2010. Universit\u00e9 Stendhal, Grenoble 3. Laboratoire Lidilem. Colloque Cedill 2\u00a0<em>Colloque international des \u00e9tudiants-chercheurs en didactique des langues et en linguistique<\/em>.<\/li>\n<li>Juillet 2006. Universit\u00e9 Stendhal, Grenoble 3, laboratoire Lidilem. Colloque Cedill 1\u00a0<em>Colloque international des \u00e9tudiants-chercheurs en didactique des langues et en linguistique<\/em>.<\/li>\n<\/ul>\n<h2><strong>Co-Direction de th\u00e8ses de Doctorat<\/strong><\/h2>\n<ul>\n<li><strong>MAZI Farid.\u00a0<em>Enqu\u00eate sur l\u2019agir professoral dans les activit\u00e9s d\u2019expression orale\u00a0: classes de premi\u00e8re ann\u00e9e secondaire \u2013 Analyse th\u00e9matique et r\u00e9flexive<\/em>.<br \/>\n<\/strong>(D\u00e9but en 2009) Doctorat en Didactique du Fran\u00e7ais \u2013 Universit\u00e9 d\u2019Annaba en Alg\u00e9rie<br \/>\nCo-dirig\u00e9 avec Latifa Kadi.<\/li>\n<li><strong>CHAHTA Halima.\u00a0<em>La vid\u00e9o au service du d\u00e9veloppement de la comp\u00e9tence socioculturelle en classe de FLE.<br \/>\n<\/em><\/strong>(D\u00e9but en 2010) Doctorat en Didactique du Fran\u00e7ais \u2013 ENS de Bouzar\u00e9ah-Alger en Alg\u00e9rie<br \/>\nCo-dirig\u00e9 avec Nabila Benhouhou.<\/li>\n<\/ul>\n<h2><strong>Direction de M\u00e9moires de Masters Recherche &amp; Professionnel<\/strong><\/h2>\n<p><strong>Master Recherche\u00a0<em>Arts, Lettres Langues<\/em>\u00a0\u2013 Sp\u00e9cialit\u00e9\u00a0<em>Didactique des langues et des cultures.<\/em>Universit\u00e9 Jean Monnet Saint Etienne.<\/strong><\/p>\n<ul>\n<li>EMERAN Monika. 2011.<em>\u00a0L\u2019impact du bilinguisme des enfants allophones sur leur apprentissage des langues \u00e9trang\u00e8res\u00a0: le cas des apprenants cr\u00e9olophones et hispanophones \u00e0 St. Thomas aux \u00celes Vierges am\u00e9ricaines.<\/em><\/li>\n<\/ul>\n<p><strong>Masters Professionnels<em>.\u00a0<\/em>MESFC M\u00e9tiers de l\u2019Enseignement Scolaire, de la Formation et de la Culture<em>\u00a0&#8211; \u00c9ducation et Langage &amp; \u00c9ducation et Diversit\u00e9.\u00a0<\/em>Universit\u00e9 Lyon 2 \u2013 ISPEF Institut des Sciences et Pratiques d\u2019<em>\u00c9ducation\u00a0<\/em>et de Formation.<\/strong><\/p>\n<ul>\n<li>MENDES SA Claudia. 2011.<em>\u00a0De la conceptualisation vers le bilinguisme chez les jeunes enfants\u00a0: recherche sur l\u2019enseignement immersif en maternelle.<\/em><\/li>\n<li>FERRIER Ana\u00efs. 2011.<em>\u00a0Interactions verbales entre pairs en contexte scolaire\u00a0: gestion des aspects cognitivo-langagiers et socio-relationnels en situation de r\u00e9solution de probl\u00e8me.<\/em><\/li>\n<li>MAC PHERSON Sylvie. 2011.<em>\u00a0\u00c9tude sur l\u2019acquisition des comp\u00e9tences communicatives en contexte d\u2019apprentissage d\u2019une langue \u00e9trang\u00e8re \u00e0 travers l\u2019analyse d\u2019interactions orales.<\/em><\/li>\n<li>MAUHOURAT Delphine. 2011.<em>\u00a0Enseignement du Fran\u00e7ais et construction identitaire des ENAF.<\/em><\/li>\n<li>BOUCHET Karine. 2011.<em>\u00a0Impact du milieu homoglotte et des m\u00e9thodologies d\u2019alternance sur le d\u00e9veloppement des comp\u00e9tences interculturelles des apprenants de FLE.<\/em><\/li>\n<li>GODET Natacha. 2011.<em>\u00a0Gestion de l\u2019\u00e9tayage en situation de d\u00e9bat, pour un d\u00e9veloppement des comp\u00e9tences d\u2019expression orale en FLE.<\/em><\/li>\n<\/ul>\n<p><strong>Master Professionnel\u00a0<em>Sciences du Langage \u2013 Sp\u00e9cialit\u00e9 FLE<\/em>. Universit\u00e9 Stendhal Grenoble 3<\/strong><\/p>\n<ul>\n<li>PLESSIS Maud. 2011.<em>\u00a0Enjeux de l\u2019enseignement du FLE au Qu\u00e9bec en situation plurilingue et interculturelle\u00a0: le curriculum comme plan d\u2019action \u00e0 l\u2019\u00e9cole primaire internationale allemande Alexander Von Humboldt.<\/em><\/li>\n<li>FROHLIG Fabrice. 2010.<em>\u00a0Les domaines de coh\u00e9rence fonctionnelle dans un dispositif d\u2019accueil pour jeunes publics en Fran\u00e7ais Langue Etrang\u00e8re\u00a0: mise en place d\u2019une proc\u00e9dure de rem\u00e9diation \u00e0 l\u2019Alliance Fran\u00e7aise de Shangha\u00ef.<\/em><\/li>\n<li>SAUVETRE Violaine. 2009.<em>\u00a0Conception de mat\u00e9riel didactique pour l\u2019initiation pr\u00e9coce au Fran\u00e7ais Langue Etrang\u00e8re aupr\u00e8s d\u2019enfants de moins de six ans \u00e0 l\u2019Alliance Fran\u00e7aise de Valladolid.<\/em><\/li>\n<\/ul>\n<blockquote>\n<div><em>\u00a0<\/em><\/div>\n<\/blockquote>\n<p>&nbsp;<\/p>\n","protected":false},"excerpt":{"rendered":"<p>Trajectoire de recherche Les recherches que j\u2019ai r\u00e9cemment men\u00e9es et celles \u00e0 venir se situent r\u00e9solument \u00e0 la crois\u00e9e des sciences de l\u2019\u00e9ducation et des sciences du langage, dans la prolongation d\u2019une formation (acad\u00e9mique, professionnelle et scientifique) qui s\u2019origine dans &hellip; <a href=\"https:\/\/icar.cnrs.fr\/membre\/nblanc\/axes-de-recherche\/\">Continuer la lecture <span class=\"meta-nav\">&rarr;<\/span><\/a><\/p>\n","protected":false},"author":1,"featured_media":0,"parent":0,"menu_order":2,"comment_status":"closed","ping_status":"closed","template":"","meta":{"footnotes":""},"class_list":["post-39","page","type-page","status-publish","hentry"],"_links":{"self":[{"href":"https:\/\/icar.cnrs.fr\/membre\/nblanc\/wp-json\/wp\/v2\/pages\/39","targetHints":{"allow":["GET"]}}],"collection":[{"href":"https:\/\/icar.cnrs.fr\/membre\/nblanc\/wp-json\/wp\/v2\/pages"}],"about":[{"href":"https:\/\/icar.cnrs.fr\/membre\/nblanc\/wp-json\/wp\/v2\/types\/page"}],"author":[{"embeddable":true,"href":"https:\/\/icar.cnrs.fr\/membre\/nblanc\/wp-json\/wp\/v2\/users\/1"}],"replies":[{"embeddable":true,"href":"https:\/\/icar.cnrs.fr\/membre\/nblanc\/wp-json\/wp\/v2\/comments?post=39"}],"version-history":[{"count":20,"href":"https:\/\/icar.cnrs.fr\/membre\/nblanc\/wp-json\/wp\/v2\/pages\/39\/revisions"}],"predecessor-version":[{"id":205,"href":"https:\/\/icar.cnrs.fr\/membre\/nblanc\/wp-json\/wp\/v2\/pages\/39\/revisions\/205"}],"wp:attachment":[{"href":"https:\/\/icar.cnrs.fr\/membre\/nblanc\/wp-json\/wp\/v2\/media?parent=39"}],"curies":[{"name":"wp","href":"https:\/\/api.w.org\/{rel}","templated":true}]}}