{"id":4,"date":"2016-11-02T17:37:52","date_gmt":"2016-11-02T16:37:52","guid":{"rendered":"https:\/\/icar.cnrs.fr\/membre\/nblanc\/?page_id=4"},"modified":"2017-01-03T18:01:50","modified_gmt":"2017-01-03T17:01:50","slug":"accueil","status":"publish","type":"page","link":"https:\/\/icar.cnrs.fr\/membre\/nblanc\/","title":{"rendered":"Accueil"},"content":{"rendered":"<div class=\"cadregris\">\n<h6 style=\"text-align: right;\"><a href=\"https:\/\/icar.cnrs.fr\/membre\/blancn\/\">&#8211;\u00a0English Version\u00a0&#8211;<\/a><\/h6>\n<h3>Nathalie Blanc<\/h3>\n<p><img loading=\"lazy\" decoding=\"async\" class=\"alignright size-full wp-image-148\" src=\"https:\/\/icar.cnrs.fr\/membre\/nblanc\/wp-content\/uploads\/sites\/43\/2016\/11\/photo.jpg\" alt=\"photo\" width=\"180\" height=\"214\" \/><\/p>\n<p style=\"text-align: left;\"><a href=\"http:\/\/icar.univ-lyon2.fr\/\">ICAR<\/a>\u00a0<a href=\"http:\/\/icar.univ-lyon2.fr\/\">UMR 5191<\/a>\u00a0(Interactions, Corpus, Apprentissage, Repr\u00e9sentations)<br \/>\nEquipe Apprentissages, discours, interactions, savoirs (ADIS)<b><br \/>\n<\/b><span lang=\"de\" xml:lang=\"de\">33 (0)4 37 37 62 65<br \/>\n<\/span><a href=\"mailto:Nathalie.Blanc@ens-lyon.fr\">Nathalie.Blanc@ens-lyon.fr<\/a><strong><span lang=\"de\" xml:lang=\"de\"><br \/>\n<\/span><\/strong><\/p>\n<p>Ma\u00eetre de conf\u00e9rences en Sciences de l\u2019Education \u00e0 l&rsquo;universit\u00e9 Claude-Bernard, Lyon 1\u00a0(Institut Universitaire de Formation des Ma\u00eetres)<\/p>\n<p>Docteur en Sciences du Langage<br \/>\nQualifi\u00e9e en 7\u00e8me &amp; 70\u00e8me sections du CNU (Sciences du Langage et Sciences de l\u2019Education)<\/p>\n<p style=\"text-align: left;\">Th\u00e8se de Doctorat en Sciences du langage. Sous la Direction de CUQ J.P.<br \/>\nBlanc N. 2003.<em>\u00a0L\u2019image support de m\u00e9diation pour l\u2019enseignement\/apprentissages pr\u00e9coce des langues \u00e9trang\u00e8res \u2013 Conception et utilisation d\u2019un mat\u00e9riel exp\u00e9rimental pour l\u2019enseignement du FLE aux enfants de 5 \u00e0 10 ans.<\/em><br \/>\nUniversit\u00e9 Stendhal Grenoble 3.<\/p>\n<p style=\"text-align: left;\"><strong>Adresse<br \/>\n<\/strong>Laboratoire ICAR<br \/>\nEcole Normale Sup\u00e9rieure de Lyon<br \/>\n15 parvis Ren\u00e9 Descartes &#8211; BP 7000<br \/>\n69342 LYON Cedex 07<br \/>\nFrance<\/p>\n<\/div>\n","protected":false},"excerpt":{"rendered":"<p>&#8211;\u00a0English Version\u00a0&#8211; Nathalie Blanc ICAR\u00a0UMR 5191\u00a0(Interactions, Corpus, Apprentissage, Repr\u00e9sentations) Equipe Apprentissages, discours, interactions, savoirs (ADIS) 33 (0)4 37 37 62 65 Nathalie.Blanc@ens-lyon.fr Ma\u00eetre de conf\u00e9rences en Sciences de l\u2019Education \u00e0 l&rsquo;universit\u00e9 Claude-Bernard, Lyon 1\u00a0(Institut Universitaire de Formation des Ma\u00eetres) Docteur &hellip; <a href=\"https:\/\/icar.cnrs.fr\/membre\/nblanc\/\">Continuer la lecture <span class=\"meta-nav\">&rarr;<\/span><\/a><\/p>\n","protected":false},"author":1,"featured_media":0,"parent":0,"menu_order":0,"comment_status":"closed","ping_status":"closed","template":"","meta":{"footnotes":""},"class_list":["post-4","page","type-page","status-publish","hentry"],"_links":{"self":[{"href":"https:\/\/icar.cnrs.fr\/membre\/nblanc\/wp-json\/wp\/v2\/pages\/4","targetHints":{"allow":["GET"]}}],"collection":[{"href":"https:\/\/icar.cnrs.fr\/membre\/nblanc\/wp-json\/wp\/v2\/pages"}],"about":[{"href":"https:\/\/icar.cnrs.fr\/membre\/nblanc\/wp-json\/wp\/v2\/types\/page"}],"author":[{"embeddable":true,"href":"https:\/\/icar.cnrs.fr\/membre\/nblanc\/wp-json\/wp\/v2\/users\/1"}],"replies":[{"embeddable":true,"href":"https:\/\/icar.cnrs.fr\/membre\/nblanc\/wp-json\/wp\/v2\/comments?post=4"}],"version-history":[{"count":57,"href":"https:\/\/icar.cnrs.fr\/membre\/nblanc\/wp-json\/wp\/v2\/pages\/4\/revisions"}],"predecessor-version":[{"id":218,"href":"https:\/\/icar.cnrs.fr\/membre\/nblanc\/wp-json\/wp\/v2\/pages\/4\/revisions\/218"}],"wp:attachment":[{"href":"https:\/\/icar.cnrs.fr\/membre\/nblanc\/wp-json\/wp\/v2\/media?parent=4"}],"curies":[{"name":"wp","href":"https:\/\/api.w.org\/{rel}","templated":true}]}}