{"id":218,"date":"2019-10-10T17:40:13","date_gmt":"2019-10-10T15:40:13","guid":{"rendered":"https:\/\/icar.cnrs.fr\/membre\/nguichon\/?page_id=218"},"modified":"2019-10-10T17:40:13","modified_gmt":"2019-10-10T15:40:13","slug":"organisation","status":"publish","type":"page","link":"https:\/\/icar.cnrs.fr\/membre\/nguichon\/organisation\/","title":{"rendered":"Organisation"},"content":{"rendered":"<ul>\n<li>21-23 mars 2018 :\u00a0<a id=\"lnk75c0f443\" href=\"https:\/\/usagesnumedu.sciencesconf.org\/\">les usages du num\u00e9rique en \u00e9ducation<\/a>. Colloque international francophone. Organis\u00e9 \u00e0 L&rsquo;institut Fran\u00e7ais d&rsquo;Education de Lyon avec Jean-Fran\u00e7ois Grassin.<\/li>\n<li>octobre 2018 :\u00a0\u00c9cole th\u00e9matique : Instrumentation des Recherches pour l\u2019analyse des\u00a0donn\u00e9es Video de pratiques \u00e9ducatives. 3\u00e8me \u00e9dition. Lyon. Participation au comit\u00e9 d&rsquo;organisation.<\/li>\n<li>17 f\u00e9vrier 2017 : La multimodalit\u00e9 dans les \u00e9changes en ligne &#8211; de la construction des corpus multimodaux \u00e0 leur analyse,\u00a0journ\u00e9e d&rsquo;\u00e9tude organis\u00e9e \u00e0 l&rsquo;ENS de Lyon avec Benjamin Holt.<\/li>\n<li>24 ao\u00fbt 2016 : Organisation d&rsquo;un atelier consacr\u00e9 \u00e0 l&rsquo;annotation et la transcription d&rsquo;un corpus p\u00e9dagogique en ligne multimodal (d\u00e9couverte du logiciel\u00a0<a id=\"lnk5-O52TKwWG\" href=\"https:\/\/tla.mpi.nl\/tools\/tla-tools\/elan\/\">ELAN<\/a>\u00a0et des m\u00e9thodes pour organiser les transcriptions). Colloque EUROCALL de Limassol de Chypre (avec Ben Holt, Ciara Wigham, Cathy Cohen, Eug\u00e9nie Duthoit, Muge Satar).<\/li>\n<li>13\u00a0novembre\u00a02015\u00a0:\u00a0<a id=\"lnk6-O52TKwWG\" href=\"https:\/\/www.eventbrite.fr\/e\/billets-le-numerique-en-education-une-perspective-sociocritique-19012575124\">Le num\u00e9rique en \u00e9ducation : une perspective\u00a0sociocritique<\/a>, journ\u00e9e d&rsquo;\u00e9tude organis\u00e9e \u00e0 l&rsquo;ENS de Lyon avec Jean-Fran\u00e7ois Grassin.<\/li>\n<li>14 novembre\u00a02014 :\u00a0Enjeux de la formation continue des enseignants de FLES,\u00a054\u00e8me\u00a0rencontre de l\u2019<a id=\"lnk7-O52TKwWG\" href=\"http:\/\/www.asdifle.com\/\">Asdifle<\/a>, journ\u00e9e organis\u00e9e avec Lucile Cadet et V\u00e9ronique Rivi\u00e8re<\/li>\n<li>8 novembre 2013 : \u00a0\u200b<a id=\"lnk8-O52TKwWG\" href=\"http:\/\/alsic.revues.org\/2755\">la recherche en Apprentissage des langues m\u00e9diatis\u00e9 par les technologies (ALMT)<\/a>, organis\u00e9e avec Marie-Jos\u00e9e Hamel (Universit\u00e9 d&rsquo;Ottawa), Lyon 2 &#8211; Institut Fran\u00e7ais d&rsquo;Education.<\/li>\n<li>\u00a014-15 avril 2011 \u00e0 l&rsquo;Universitat Aut\u00f2noma de Barcelona. Organisation du EUROCALL CMC &amp; Teacher Education SIGs Annual Workshop :\u00a0<a id=\"lnk1-O52TKwWG\" href=\"http:\/\/jornades.uab.cat\/eurocall_sigs_bcn\/content\/programme_SI\">Getting the Bigger Picture: Language Teacher Competences in CMC Settings<\/a><\/li>\n<\/ul>\n","protected":false},"excerpt":{"rendered":"<p>21-23 mars 2018 :\u00a0les usages du num\u00e9rique en \u00e9ducation. Colloque international francophone. Organis\u00e9 \u00e0 L&rsquo;institut Fran\u00e7ais d&rsquo;Education de Lyon avec Jean-Fran\u00e7ois Grassin. octobre 2018 :\u00a0\u00c9cole th\u00e9matique : Instrumentation des Recherches pour l\u2019analyse des\u00a0donn\u00e9es Video de pratiques \u00e9ducatives. 3\u00e8me \u00e9dition. Lyon. &hellip; <a href=\"https:\/\/icar.cnrs.fr\/membre\/nguichon\/organisation\/\">Continuer la lecture <span class=\"meta-nav\">&rarr;<\/span><\/a><\/p>\n","protected":false},"author":52,"featured_media":0,"parent":0,"menu_order":0,"comment_status":"closed","ping_status":"closed","template":"","meta":{"footnotes":""},"class_list":["post-218","page","type-page","status-publish","hentry"],"_links":{"self":[{"href":"https:\/\/icar.cnrs.fr\/membre\/nguichon\/wp-json\/wp\/v2\/pages\/218","targetHints":{"allow":["GET"]}}],"collection":[{"href":"https:\/\/icar.cnrs.fr\/membre\/nguichon\/wp-json\/wp\/v2\/pages"}],"about":[{"href":"https:\/\/icar.cnrs.fr\/membre\/nguichon\/wp-json\/wp\/v2\/types\/page"}],"author":[{"embeddable":true,"href":"https:\/\/icar.cnrs.fr\/membre\/nguichon\/wp-json\/wp\/v2\/users\/52"}],"replies":[{"embeddable":true,"href":"https:\/\/icar.cnrs.fr\/membre\/nguichon\/wp-json\/wp\/v2\/comments?post=218"}],"version-history":[{"count":1,"href":"https:\/\/icar.cnrs.fr\/membre\/nguichon\/wp-json\/wp\/v2\/pages\/218\/revisions"}],"predecessor-version":[{"id":220,"href":"https:\/\/icar.cnrs.fr\/membre\/nguichon\/wp-json\/wp\/v2\/pages\/218\/revisions\/220"}],"wp:attachment":[{"href":"https:\/\/icar.cnrs.fr\/membre\/nguichon\/wp-json\/wp\/v2\/media?parent=218"}],"curies":[{"name":"wp","href":"https:\/\/api.w.org\/{rel}","templated":true}]}}