{"id":181,"date":"2025-07-10T09:08:23","date_gmt":"2025-07-10T07:08:23","guid":{"rendered":"https:\/\/icar.cnrs.fr\/membre\/sderolez\/?page_id=181"},"modified":"2025-10-09T16:01:13","modified_gmt":"2025-10-09T14:01:13","slug":"parcours","status":"publish","type":"page","link":"https:\/\/icar.cnrs.fr\/membre\/sderolez\/parcours\/","title":{"rendered":"Parcours"},"content":{"rendered":"<h1>Formation Universitaire<\/h1>\n<p>2020 : Qualification au titre de la section CNU 71 et CNU 28<\/p>\n<p>2017 : Qualification au titre de la section CNU 72<\/p>\n<p>2016 : Doctorat CIFRE, Sciences de l\u2019\u00e9ducation \/ Sciences de l\u2019information et de la communication<\/p>\n<p>Laboratoire <a href=\"https:\/\/s2hep.univ-lyon1.fr\/\">S2HEP<\/a>&#8211; EA 4148 Universit\u00e9 de Lyon, \u00c9cole doctorale EPIC- ED 485, entreprise partenaire : <a href=\"https:\/\/museedesconfluences.fr\/fr\">Mus\u00e9e des Confluences<\/a>.<\/p>\n<p><u>Direction\u00a0:<\/u> Mme Fran\u00e7oise Khantine-Langlois et Mr Philippe Lautesse<\/p>\n<p><u>Membres du jury :<\/u><\/p>\n<ul>\n<li>Monsieur \u00c9ric Triquet, Professeur (section CNU 71, didactique et m\u00e9diation des sciences), Avignon Universit\u00e9, pr\u00e9sident ;<\/li>\n<li>Madame Marie-Christine Bordeaux, Professeure (section CNU 71, culture scientifique), Universit\u00e9 Grenoble Alpes, rapporteure ;<\/li>\n<li>Madame Laurence Maurines, Professeure (section CNU 28, didactique de la physique), Universit\u00e9 Paris-Saclay, rapporteure ;<\/li>\n<li>Monsieur Bruno Jacomy, Conservateur en chef du patrimoine, directeur scientifique du Mus\u00e9e des Confluences \u00e0 Lyon, examinateur ;<\/li>\n<li>Monsieur Paolo Brenni, Chercheur C.N.R., Historien des sciences et techniques, examinateur.<\/li>\n<\/ul>\n<p><u>Intitul\u00e9 de la th\u00e8se :<\/u> La patrimonialisation des objets scientifiques contemporains et leurs contextes de valorisation : cas de l\u2019acc\u00e9l\u00e9rateur de particules Cockcroft-Walton.<\/p>\n<p>2010 : Master recherche pluridisciplinaire Histoire Philosophie et Didactique des Sciences (M1 et M2) et physique chimie (M1), Universit\u00e9 de Lyon<\/p>\n<p>2008 : Licence science technologie sant\u00e9, mention chimie, parcours physique-chimie, Universit\u00e9 de Lyon<\/p>\n<h1>Parcours Professionnel<\/h1>\n<p>Depuis septembre 2023 : <em><strong>Maitresse de Conf\u00e9rence<\/strong><\/em> en didactique de la physique et m\u00e9diation des sciences \u00e0 l&rsquo;<strong>ENS de Lyon. <\/strong>Chercheuse pour le laboratoire ICAR et le laboratoire de l&rsquo;\u00e9ducation ; enseignante dans le d\u00e9partement \u00c9ducation et Humanit\u00e9s Num\u00e9riques.<\/p>\n<p>2021-2023 : <em><strong>Chercheuse postdoctorale<\/strong><\/em>, Datagora, un espace collaboratif pour l\u2019analyse des donn\u00e9es complexes de la recherche : Recherche-action enseignement-apprentissage en physique, Laboratoire ICAR, Labex ASLAN (CNRS), <strong>ENS de Lyon<\/strong>.<\/p>\n<p>2019-2021 : <em><strong>ATER<\/strong><\/em>, 70 &#8211; Sciences de l&rsquo;\u00e9ducation, 71 &#8211; Sciences de l&rsquo;information et de la communication, 72 &#8211; \u00c9pist\u00e9mologie, histoire des sciences et des techniques. D\u00e9partement \u00e9ducation et humanit\u00e9s num\u00e9riques, Laboratoire ICAR et LLE, participation au projet de recherche \u00ab r\u00e9solution de probl\u00e8mes en physique par les \u00e9l\u00e8ves de coll\u00e8ge \u00bb, <strong>ENS de Lyon<\/strong>.<\/p>\n<p>2018-2019 : <em><strong>Chercheuse postdoctorale<\/strong><\/em>,70 &#8211; Sciences de l&rsquo;\u00e9ducation -Didactique des sciences, Laboratoire ICAR, LLE &amp; Labex ASLAN (CNRS). Participation au projet \u00ab r\u00e9solution de probl\u00e8mes en physique du coll\u00e8ge a\u0300 l\u2019universit\u00e9 \u00bb et au WP5 du Labex ASLAN \u00ab\u00a0Promotion et valorisation de la recherche\u00a0\u00bb, <strong>ENS de Lyon<\/strong>.<\/p>\n<p>2017-2022 : <em><strong>M\u00e9diatrice scientifique<\/strong><\/em> en Astronomie, <strong>Plan\u00e9tarium de Vaulx-en-Velin<\/strong> (69).<\/p>\n<p>2017-2018 : <em><strong>Enseignante<\/strong><\/em> de physique, chimie et \u00e9cologie &#8211; MFR de Pont-\u00adde\u00ad-Veyle (01)<\/p>\n<p>2016-2018 : <em><strong>Chercheuse<\/strong><\/em> associ\u00e9e, <strong>Laboratoire S2HEP<\/strong>, Universit\u00e9 de Lyon.<\/p>\n<p>2012-2016 : Doctorante CIFRE, Sciences de l&rsquo;\u00e9ducation (70) \u00ad \u00e9pist\u00e9mologie, histoire des sciences et des techniques (72) Sciences de l&rsquo;information et de la communication (71), Laboratoire S2HEP et <strong>Mus\u00e9e des Confluences et Universit\u00e9 de Lyon.<\/strong><\/p>\n<p>2012-2014 : <em><strong>Charg\u00e9e de mission<\/strong><\/em>, Collection des sciences et techniques, Mission PATSTEC Acad\u00e9mie de Lyon (sauvegarde patrimoine scientifique et technique contemporain), <strong>Mus\u00e9e des Confluences et Universit\u00e9 de Lyon.<\/strong><\/p>\n<p>2010-2012 : <em><strong>Assistante d&rsquo;\u00e9ducation<\/strong><\/em>, Coll\u00e8ge de la Plaine de l&rsquo;Ain, Leyment (01).<\/p>\n<p>2009-2011 : <em><strong>M\u00e9diatrice scientifique<\/strong><\/em>, <strong>Guide de France<\/strong> sur un parcours pluridisciplinaire. La Balmes les Grottes (38)<\/p>\n","protected":false},"excerpt":{"rendered":"<p>Formation Universitaire 2020 : Qualification au titre de la section CNU 71 et CNU 28 2017 : Qualification au titre de la section CNU 72 2016 : Doctorat CIFRE, Sciences de l\u2019\u00e9ducation \/ Sciences de l\u2019information et de la communication &hellip; <a href=\"https:\/\/icar.cnrs.fr\/membre\/sderolez\/parcours\/\">Continuer la lecture <span class=\"meta-nav\">&rarr;<\/span><\/a><\/p>\n","protected":false},"author":1,"featured_media":0,"parent":0,"menu_order":0,"comment_status":"closed","ping_status":"closed","template":"","meta":{"footnotes":""},"class_list":["post-181","page","type-page","status-publish","hentry"],"_links":{"self":[{"href":"https:\/\/icar.cnrs.fr\/membre\/sderolez\/wp-json\/wp\/v2\/pages\/181","targetHints":{"allow":["GET"]}}],"collection":[{"href":"https:\/\/icar.cnrs.fr\/membre\/sderolez\/wp-json\/wp\/v2\/pages"}],"about":[{"href":"https:\/\/icar.cnrs.fr\/membre\/sderolez\/wp-json\/wp\/v2\/types\/page"}],"author":[{"embeddable":true,"href":"https:\/\/icar.cnrs.fr\/membre\/sderolez\/wp-json\/wp\/v2\/users\/1"}],"replies":[{"embeddable":true,"href":"https:\/\/icar.cnrs.fr\/membre\/sderolez\/wp-json\/wp\/v2\/comments?post=181"}],"version-history":[{"count":4,"href":"https:\/\/icar.cnrs.fr\/membre\/sderolez\/wp-json\/wp\/v2\/pages\/181\/revisions"}],"predecessor-version":[{"id":191,"href":"https:\/\/icar.cnrs.fr\/membre\/sderolez\/wp-json\/wp\/v2\/pages\/181\/revisions\/191"}],"wp:attachment":[{"href":"https:\/\/icar.cnrs.fr\/membre\/sderolez\/wp-json\/wp\/v2\/media?parent=181"}],"curies":[{"name":"wp","href":"https:\/\/api.w.org\/{rel}","templated":true}]}}