{"id":4,"date":"2016-11-02T17:37:52","date_gmt":"2016-11-02T16:37:52","guid":{"rendered":"https:\/\/icar.cnrs.fr\/membre\/sdoufalkar\/?page_id=4"},"modified":"2025-07-09T18:17:04","modified_gmt":"2025-07-09T16:17:04","slug":"accueil","status":"publish","type":"page","link":"https:\/\/icar.cnrs.fr\/membre\/sdoulfaquar\/","title":{"rendered":"Accueil"},"content":{"rendered":"<div class=\"cadregris\">\n<h2>Sofiane DOULFAQUAR<\/h2>\n<p><img loading=\"lazy\" decoding=\"async\" class=\"wp-image-131 alignright\" style=\"color: #333333; font-style: normal; font-weight: 300;\" src=\"https:\/\/icar.cnrs.fr\/membre\/sdoulfaquar\/wp-content\/uploads\/sites\/167\/2023\/02\/DSC_0416_resized_square_retouche-300x291.png\" alt=\"\" width=\"183\" height=\"178\" srcset=\"https:\/\/icar.cnrs.fr\/membre\/sdoulfaquar\/wp-content\/uploads\/sites\/167\/2023\/02\/DSC_0416_resized_square_retouche-300x291.png 300w, https:\/\/icar.cnrs.fr\/membre\/sdoulfaquar\/wp-content\/uploads\/sites\/167\/2023\/02\/DSC_0416_resized_square_retouche-768x745.png 768w, https:\/\/icar.cnrs.fr\/membre\/sdoulfaquar\/wp-content\/uploads\/sites\/167\/2023\/02\/DSC_0416_resized_square_retouche-1024x993.png 1024w, https:\/\/icar.cnrs.fr\/membre\/sdoulfaquar\/wp-content\/uploads\/sites\/167\/2023\/02\/DSC_0416_resized_square_retouche-309x300.png 309w, https:\/\/icar.cnrs.fr\/membre\/sdoulfaquar\/wp-content\/uploads\/sites\/167\/2023\/02\/DSC_0416_resized_square_retouche.png 1933w\" sizes=\"auto, (max-width: 183px) 100vw, 183px\" \/>Assistant ing\u00e9nieur en traitement, production et analyse de donn\u00e9es<\/p>\n<p>Membre de la Cellule Corpus Ing\u00e9nierie Audiovisuelle<br \/>\nUMR 5191 ICAR\u00a0(Interactions, Corpus, Apprentissage, Repr\u00e9sentations)<\/p>\n<p>Email : sofiane.doulfaquar AT ens-lyon.fr<br \/>\n33 (0)4 37 37 63 06 (Salle \u00ab Corpus \u00bb \u2013 D4.180)<\/p>\n<p><strong>Adresse<\/strong><br \/>\nLaboratoire ICAR<br \/>\nEcole Normale Sup\u00e9rieure, Site Descartes<br \/>\n15, parvis Ren\u00e9 Descartes, BP 7000<br \/>\n69 342 Lyon Cedex 07<\/p>\n<\/div>\n<h2>Cellule Corpus Ing\u00e9nierie Audiovisuelle<\/h2>\n<ul type=\"disc\">\n<li>Membre contractuel de la Cellule Corpus Ing\u00e9nierie Audiovisuelle<\/li>\n<li>Montage &amp; conception de dispositifs de captations audiovisuels pour la r\u00e9colte de donn\u00e9es des terrains de recherches (projets, th\u00e8ses, m\u00e9moires)<\/li>\n<li>Production de vid\u00e9os de valorisation-m\u00e9diation des terrains, analyses et corpus des projets de l&rsquo;unit\u00e9<\/li>\n<li>Stockage &amp; archivage des donn\u00e9es de recherche dans une logique de p\u00e9rennisation<\/li>\n<li>Montage audiovisuel\n<ul type=\"disc\">\n<li>Connaissance et application des m\u00e9thodologies de conception de corpus audio-vid\u00e9o en SHS<\/li>\n<li>Gestion des outils techniques pour la cr\u00e9ation de capsules audiovisuelles de valorisation et de communication<\/li>\n<\/ul>\n<\/li>\n<li>Analyse primaire de donn\u00e9es de recherche : transcription, annotation, codage<\/li>\n<li>Construction de dispositifs de visualisation et de m\u00e9diation immersifs<\/li>\n<li>Animation et mod\u00e9ration de la chaine<a href=\"https:\/\/www.youtube.com\/@laboratoireicar5191\"> YouTube du laboratoire ICAR\u00a0<\/a><\/li>\n<li>Captation audiovisuelle de s\u00e9minaires, colloques, \u00e9v\u00e8nements en lien avec l&rsquo;unit\u00e9<\/li>\n<li>Intervention de mani\u00e8re transversale au laboratoire avec les diff\u00e9rents groupes de recherche : groupe\u00a0<a href=\"https:\/\/impec.sciencesconf.org\/resource\/page\/id\/23\">Impec<\/a>\u00a0&#8211; captation et habillage audiovisuelle des s\u00e9minaires ; <a href=\"https:\/\/lareconstruction.fr\/\">LaReconstruction<\/a>, aide au montage des captations du congr\u00e9s <em>s\u00e9micult<\/em>&#8211;<\/li>\n<li>Encadrement de jeunes stagiaires en entreprise<\/li>\n<\/ul>\n<h2>Intervention dans les projets suivants :<\/h2>\n<ul type=\"disc\">\n<li>Projet ANR AAA <a href=\"http:\/\/icar.cnrs.fr\/aaa\/lequipe\/\">Augmented Artwork Analysis<\/a> &#8211; cr\u00e9ation d&rsquo;un dispositif de visualisation immersif en 360\u00b0. Production de vid\u00e9os d&rsquo;analyse et de m\u00e9diation<\/li>\n<li>Projet Labex ASLAN <a href=\"https:\/\/aslan.universite-lyon.fr\/projet-capsules-331668.kjsp?RH=1525438355903\">Capsules<\/a> &#8211; production de vid\u00e9os didactiques sur l&rsquo;analyse conversationnelle \u00e0 destination du grand public<\/li>\n<li>Projet Labex ASLAN <a href=\"https:\/\/aslan.universite-lyon.fr\/projet-expresyf-305961.kjsp\">ExPreSyF<\/a> &#8211; cr\u00e9ation d&rsquo;un dispositif de visualisation immersif en 360\u00b0 dans le cadre de l&rsquo;exposition <a href=\"https:\/\/www.citedudesign.com\/fr\/a\/cancers-2972#:~:text=En%202022%2C%20la%20Cit%C3%A9%20des,son%20Plan%20Cancer%202021%2D2026.\"><em>Cancers<\/em><\/a>, production de capsules audiovisuelles analytiques \u00e0 destination du grand public<\/li>\n<li>Projet Labex ASLAN <a href=\"https:\/\/aslan.universite-lyon.fr\/projet-excitant-331671.kjsp\">Excitant<\/a> \/ Avenir &#8211; r\u00e9colte de donn\u00e9es, montage, construction d&rsquo;un dispositif de visualisation immersif en 360\u00b0 et de vid\u00e9os de m\u00e9diation et d&rsquo;analyse. Cr\u00e9ation d&rsquo;un logo et d&rsquo;une affiche. Captation de la journ\u00e9e \u00ab Spectacle vivant et technologies : Quelles recherches interdisciplinaires ? \u00bb<\/li>\n<li>Projet <a href=\"https:\/\/www.msh-lse.fr\/projets\/illico\/\">ILLICO<\/a> &#8211; r\u00e9colte de donn\u00e9es, archivage, montage (terrains cuisine et pompier)<\/li>\n<li>Projet CAPTAIN &#8211; r\u00e9colte de donn\u00e9es, archivage, montage. Cr\u00e9ation d&rsquo;un logo et d&rsquo;un flyer de recrutement des participants<\/li>\n<li>Projet SAALAM &#8211; montage, mixage et traitement du corpus audiovisuel<\/li>\n<li>Projet Labex ASLAN <a href=\"https:\/\/aslan.universite-lyon.fr\/projet-dys-tracker-313489.kjsp\">DYS-TRACKER<\/a> &#8211; production d&rsquo;une vid\u00e9o de pr\u00e9sentation-valorisation et de capsule \u00ab\u00a0shorts\u00a0\u00bb pour les r\u00e9seaux sociaux<\/li>\n<li>Projet Labex ASLAN <a href=\"https:\/\/peppermint.projet.liris.cnrs.fr\/\">Peppermint<\/a>\u00a0&#8211; r\u00e9colte de donn\u00e9es, archivage, montage, mixage et traitement avanc\u00e9 du son<\/li>\n<li>Projet Labex ASLAN <a href=\"http:\/\/icar.cnrs.fr\/jeux\/corpus\/joues\/\">Interjeux<\/a>\u00a0&#8211; transcription, annotation<\/li>\n<li>Projet ANR <a href=\"https:\/\/mobiles-projet.huma-num.fr\/\">Mobiles<\/a>\u00a0&#8211; r\u00e9colte de donn\u00e9es, archivage, montage, cr\u00e9ation de capsules pour communications scientifiques<\/li>\n<li>Projet <a href=\"https:\/\/www.marti-app.com\/\">Marti<\/a>\u00a0&#8211; r\u00e9colte de donn\u00e9es, archivage, montage<\/li>\n<li>Projet <a href=\"https:\/\/aslan.universite-lyon.fr\/projet-ecaest-203708.kjsp\">Ecaest<\/a>\u00a0&#8211; transcription, annotation par image<\/li>\n<li>Projet <a href=\"http:\/\/www.icar.cnrs.fr\/membre\/sdufour\/axes-de-recherche\/\">InterNexus<\/a> &#8211; archivage et montage des donn\u00e9es<\/li>\n<li>Projet <a href=\"https:\/\/aslan.universite-lyon.fr\/projets-finances-par-aslan\/projet-visiteurs-174731.kjsp\">Visiteurs<\/a> &#8211; r\u00e9colte de donn\u00e9es, montage, construction d&rsquo;un dispositif de visualisation immersif en 360\u00b0. R\u00e9daction d&rsquo;un m\u00e9moire de recherche<\/li>\n<\/ul>\n<h2>Communications :<\/h2>\n<ul type=\"disc\">\n<li><strong>Sofiane Doulfaquar<\/strong>, Justine Lascar, Julien Thiburce. (2024) Conception et cr\u00e9ation de parcours immersifs et interactifs en 360\u00b0 avec 3DVista : atelier d\u2019initiation. Ecritures alternatives de la recherche en SHS. Le r\u00e9cit scientifique en question, Ambiances, Architectures, Urbanit\u00e9s (UMR 1563); MSH Ange-Gu\u00e9pin (UAR 3491), Nantes, France. \u27e8<a href=\"https:\/\/shs.hal.science\/hal-04797711v1\">hal-04797711<\/a>\u27e9<\/li>\n<li><strong>Sofiane Doulfaquar<\/strong>, Justine Lascar. (2024) Dans la cuisine du projet Lab\u00f8r : recueil et traitement d\u2019un corpus audiovisuel interdisciplinaire. Colloque International CANEVAS, Des corpus audiovisuels en Humanit\u00e9s, m\u00e9thodes, exp\u00e9riences, r\u00e9sultats (Consortium CANEVAS) &#8211; MSH Paris Nord, France<\/li>\n<li>Julien Thiburce,<strong> Sofiane Doulfaquar<\/strong>,\u00a0Justine Lascar. (2024) (Re)m\u00e9diation de l\u2019exp\u00e9rience de visite de l\u2019exposition \u00ab Cancers \u00bb dans un parcours en 360\u00b0. Penser l\u2019exp\u00e9rience : un enjeu pour les SHS, Universit\u00e9 Toulouse 3 Paul Sabatier; Universit\u00e9 Toulouse 2 Jean Jaur\u00e8s; Universit\u00e9 Montpellier 3 Paul Val\u00e9ry; Laboratoire d\u2019\u00c9tudes et de Recherches Appliqu\u00e9es en Sciences Sociales, May 2024, Toulouse, France. \u27e8<a href=\"https:\/\/shs.hal.science\/hal-04600565v1\">hal-04600565\u27e9<\/a><\/li>\n<li>Justine Lascar, <strong>Sofiane Doulfaquar<\/strong>. RUSHS. (2024, 4 mars). Rushs hour # 29 : La vid\u00e9o 360\u00b0, 3D Vista \u2013 augmentation de contenus en VR 360 (partie 2) , in RUSHS HOUR Saison #4 (2023-2024). [Vid\u00e9o]. Canal-U. https:\/\/doi.org\/10.60527\/974r-4z48.<\/li>\n<li>Justine Lascar, <strong>Sofiane Doulfaquar<\/strong>. RUSHS. (2024, 8 janvier). Rush Hour # 27 : La vid\u00e9o 360\u00b0, le tournage , in RUSHS HOUR Saison #4 (2023-2024). [Vid\u00e9o]. Canal-U. https:\/\/doi.org\/10.60527\/tg6s-jb08.<\/li>\n<li><strong>Sofiane Doulfaquar<\/strong>,\u00a0Justine Lascar\u00a0et Julien Thiburce (2023) De la toile \u00e0 l\u2019\u00e9cran et vice versa. Conception d\u2019un dispositif immersif en vid\u00e9o 360\u00b0 dans un mus\u00e9e des Beaux-Arts, colloque Visual Methods, Universit\u00e9 de la Laguna, novembre 2023<\/li>\n<li><strong>Sofiane Doulfaquar<\/strong>, Justine Lascar et Julien Thiburce (2023)\u00a0Village des Sciences,\u00a0F\u00eate de la Science \u00e0 l&rsquo;ENS de Lyon, France<\/li>\n<li><strong>Sofiane Doulfaquar<\/strong>, Justine Lascar et Julien Thiburce (2023) F\u00eate de la Science,\u00a0Intervention \u00e0 la MSH Lyon St-Etienne,\u00a0France<\/li>\n<li>Lucien Tisserand, Antoine Bouquin, <strong>Sofiane Doulfaquar<\/strong>,\u00a0Justine Lascar\u00a0(2023) Entre analyse conversationnelle et intelligence artificielle : d\u00e9fis m\u00e9thodologiques pour mod\u00e9liser une interaction avec Pepper, Dr\u00f4les d\u2019objets, Nancy,15 mai 2023.<\/li>\n<li>Sofiane Doulfaquar,\u00a0<strong>Justine Lascar<\/strong>, Louis Maritaud (2022) Filmer et Editer en 360\u00b0, 2eme journ\u00e9e du r\u00e9seau Rushs, ENS Ulm, 22 septembre 2022, Paris.<\/li>\n<\/ul>\n<h2>Publications :<\/h2>\n<div id=\"quotation\" class=\"section\">\n<ul>\n<li>Julien\u00a0<span class=\"familyName\">Thiburce<\/span>, <strong>Sofiane <span class=\"familyName\">Doulfaquar<\/span><\/strong>\u00a0etJustine\u00a0<span class=\"familyName\">Lascar<\/span>, (2024)\u00a0<span dir=\"ltr\">\u00ab\u00a0Concevoir un dispositif num\u00e9rique \u00e0 360\u00b0 pour une exp\u00e9rience augment\u00e9e des \u0153uvres au mus\u00e9e\u00a0\u00bb<\/span>,\u00a0<em>\u00c9tudes de communication<\/em>\u00a0[En ligne], 63\u00a0|\u00a02024, mis en ligne le\u00a0<span dir=\"ltr\">02 janvier 2026<\/span>.\u00a0<span dir=\"ltr\">URL<\/span>\u00a0:\u00a0<a href=\"http:\/\/journals.openedition.org\/edc\/17198\">http:\/\/journals.openedition.org\/edc\/17198<\/a>\u00a0;\u00a0<span dir=\"ltr\">DOI<\/span>\u00a0:\u00a0<a href=\"https:\/\/doi.org\/10.4000\/12uyc\">https:\/\/doi.org\/10.4000\/12uyc<\/a><\/li>\n<li>Nicolas\u00a0<span class=\"familyName\">Guichon<\/span>, Julien\u00a0<span class=\"familyName\">Thiburce<\/span>, Justine\u00a0<span class=\"familyName\">Lascar<\/span>\u00a0et <strong>Sofiane\u00a0<span class=\"familyName\">Doulfaquar<\/span><\/strong>,\u00a0<span dir=\"ltr\">\u00ab\u00a0Concevoir des parcours immersifs en fran\u00e7ais langue seconde pour pr\u00e9parer les \u00e9tudiants \u00e9trangers \u00e0 la mobilit\u00e9\u00a0\u00bb<\/span>,\u00a0<em>Alsic<\/em>\u00a0[En ligne], Vol. 25, n\u00b0 2\u00a0|\u00a02022, mis en ligne le\u00a0<span dir=\"ltr\">18 novembre 2022.<\/span>\u00a0<span dir=\"ltr\">URL<\/span>\u00a0: http:\/\/journals.openedition.org\/alsic\/6319\u00a0;\u00a0<span dir=\"ltr\">DOI<\/span>\u00a0: https:\/\/doi.org\/10.4000\/alsic.6319<\/li>\n<li><strong>Sofiane Doulfaquar<\/strong> (2021) La technologie immersive de la video 360\u00b0, retour d\u2019experience sur Genial.ly en ligne https:\/\/view.genial.ly\/61499f63e23f7e0df95e3c99\/presentation-visiteurs-vi deo-360degree-et-possibilites-interactives<\/li>\n<\/ul>\n<\/div>\n<div id=\"quotation\" class=\"section\">\n<h2><\/h2>\n<\/div>\n","protected":false},"excerpt":{"rendered":"<p>Sofiane DOULFAQUAR Assistant ing\u00e9nieur en traitement, production et analyse de donn\u00e9es Membre de la Cellule Corpus Ing\u00e9nierie Audiovisuelle UMR 5191 ICAR\u00a0(Interactions, Corpus, Apprentissage, Repr\u00e9sentations) Email : sofiane.doulfaquar AT ens-lyon.fr 33 (0)4 37 37 63 06 (Salle \u00ab Corpus \u00bb \u2013 &hellip; <a href=\"https:\/\/icar.cnrs.fr\/membre\/sdoulfaquar\/\">Continuer la lecture <span class=\"meta-nav\">&rarr;<\/span><\/a><\/p>\n","protected":false},"author":1,"featured_media":0,"parent":0,"menu_order":0,"comment_status":"closed","ping_status":"closed","template":"","meta":{"footnotes":""},"class_list":["post-4","page","type-page","status-publish","hentry"],"_links":{"self":[{"href":"https:\/\/icar.cnrs.fr\/membre\/sdoulfaquar\/wp-json\/wp\/v2\/pages\/4","targetHints":{"allow":["GET"]}}],"collection":[{"href":"https:\/\/icar.cnrs.fr\/membre\/sdoulfaquar\/wp-json\/wp\/v2\/pages"}],"about":[{"href":"https:\/\/icar.cnrs.fr\/membre\/sdoulfaquar\/wp-json\/wp\/v2\/types\/page"}],"author":[{"embeddable":true,"href":"https:\/\/icar.cnrs.fr\/membre\/sdoulfaquar\/wp-json\/wp\/v2\/users\/1"}],"replies":[{"embeddable":true,"href":"https:\/\/icar.cnrs.fr\/membre\/sdoulfaquar\/wp-json\/wp\/v2\/comments?post=4"}],"version-history":[{"count":87,"href":"https:\/\/icar.cnrs.fr\/membre\/sdoulfaquar\/wp-json\/wp\/v2\/pages\/4\/revisions"}],"predecessor-version":[{"id":152,"href":"https:\/\/icar.cnrs.fr\/membre\/sdoulfaquar\/wp-json\/wp\/v2\/pages\/4\/revisions\/152"}],"wp:attachment":[{"href":"https:\/\/icar.cnrs.fr\/membre\/sdoulfaquar\/wp-json\/wp\/v2\/media?parent=4"}],"curies":[{"name":"wp","href":"https:\/\/api.w.org\/{rel}","templated":true}]}}