{"id":39,"date":"2016-11-09T15:36:16","date_gmt":"2016-11-09T14:36:16","guid":{"rendered":"https:\/\/icar.cnrs.fr\/membre\/sdufour\/?page_id=39"},"modified":"2023-05-17T09:45:59","modified_gmt":"2023-05-17T07:45:59","slug":"axes-de-recherche","status":"publish","type":"page","link":"https:\/\/icar.cnrs.fr\/membre\/sdufour\/axes-de-recherche\/","title":{"rendered":"Recherche"},"content":{"rendered":"<h3><strong>Principaux axes de recherche<\/strong><\/h3>\n<p>&#8211; Fran\u00e7ais sur objectif sp\u00e9cifique (FOS) et universitaire (FOU)<\/p>\n<p style=\"text-align: left\">&#8211; Les communaut\u00e9s de pratique dans le champ de l&rsquo;enseignement des langues<\/p>\n<p style=\"text-align: left\">&#8211; Interactions didactiques<\/p>\n<p>&#8211; Enseignement\/apprentissage du Fle en milieu homoglotte<\/p>\n<h4>Projet InterNexus (2022-2024)<\/h4>\n<p><strong>Labex Aslan<\/strong> &#8211; Equipe: Dufour Sophie, Grassin Jean-Fran\u00e7ois et Deschamps-Carrere Florence<\/p>\n<p>Le projet InterNexus\u00a0 est bas\u00e9 sur la conception et analyse d\u2019un dispositif exp\u00e9rimental bas\u00e9 sur la co-pr\u00e9sence d\u2019\u00e9tudiants des cursus fle et d\u2019\u00e9tudiants allophones en \u00e9change au sein de la communaut\u00e9 universitaire de Lyon 2, lors d\u2019exp\u00e9riences formelles (en classe, au service animation) et de rencontres informelles. Les hypoth\u00e8ses de recherche convergent vers l\u2019\u00e9bauche d\u2019une m\u00e9thodologie de la co-formation en (didactique du) Fle.<\/p>\n","protected":false},"excerpt":{"rendered":"<p>Principaux axes de recherche &#8211; Fran\u00e7ais sur objectif sp\u00e9cifique (FOS) et universitaire (FOU) &#8211; Les communaut\u00e9s de pratique dans le champ de l&rsquo;enseignement des langues &#8211; Interactions didactiques &#8211; Enseignement\/apprentissage du Fle en milieu homoglotte Projet InterNexus (2022-2024) Labex Aslan &hellip; <a href=\"https:\/\/icar.cnrs.fr\/membre\/sdufour\/axes-de-recherche\/\">Continuer la lecture <span class=\"meta-nav\">&rarr;<\/span><\/a><\/p>\n","protected":false},"author":1,"featured_media":0,"parent":0,"menu_order":2,"comment_status":"closed","ping_status":"closed","template":"","meta":{"footnotes":""},"class_list":["post-39","page","type-page","status-publish","hentry"],"_links":{"self":[{"href":"https:\/\/icar.cnrs.fr\/membre\/sdufour\/wp-json\/wp\/v2\/pages\/39","targetHints":{"allow":["GET"]}}],"collection":[{"href":"https:\/\/icar.cnrs.fr\/membre\/sdufour\/wp-json\/wp\/v2\/pages"}],"about":[{"href":"https:\/\/icar.cnrs.fr\/membre\/sdufour\/wp-json\/wp\/v2\/types\/page"}],"author":[{"embeddable":true,"href":"https:\/\/icar.cnrs.fr\/membre\/sdufour\/wp-json\/wp\/v2\/users\/1"}],"replies":[{"embeddable":true,"href":"https:\/\/icar.cnrs.fr\/membre\/sdufour\/wp-json\/wp\/v2\/comments?post=39"}],"version-history":[{"count":20,"href":"https:\/\/icar.cnrs.fr\/membre\/sdufour\/wp-json\/wp\/v2\/pages\/39\/revisions"}],"predecessor-version":[{"id":210,"href":"https:\/\/icar.cnrs.fr\/membre\/sdufour\/wp-json\/wp\/v2\/pages\/39\/revisions\/210"}],"wp:attachment":[{"href":"https:\/\/icar.cnrs.fr\/membre\/sdufour\/wp-json\/wp\/v2\/media?parent=39"}],"curies":[{"name":"wp","href":"https:\/\/api.w.org\/{rel}","templated":true}]}}