{"id":4,"date":"2016-11-02T17:37:52","date_gmt":"2016-11-02T16:37:52","guid":{"rendered":"https:\/\/icar.cnrs.fr\/membre\/sguillen\/?page_id=4"},"modified":"2026-01-15T16:33:50","modified_gmt":"2026-01-15T15:33:50","slug":"accueil","status":"publish","type":"page","link":"https:\/\/icar.cnrs.fr\/membre\/sguillen\/","title":{"rendered":"Accueil"},"content":{"rendered":"<div class=\"cadregris\">\n<h1><strong>Santiago GUILL\u00c9N ROZO<\/strong><\/h1>\n<h2><strong><img loading=\"lazy\" decoding=\"async\" class=\"alignright wp-image-188\" src=\"https:\/\/icar.cnrs.fr\/membre\/sguillen\/wp-content\/uploads\/sites\/27\/2018\/12\/P1020679-300x300.jpg\" alt=\"\" width=\"260\" height=\"260\" srcset=\"https:\/\/icar.cnrs.fr\/membre\/sguillen\/wp-content\/uploads\/sites\/27\/2018\/12\/P1020679-300x300.jpg 300w, https:\/\/icar.cnrs.fr\/membre\/sguillen\/wp-content\/uploads\/sites\/27\/2018\/12\/P1020679-150x150.jpg 150w, https:\/\/icar.cnrs.fr\/membre\/sguillen\/wp-content\/uploads\/sites\/27\/2018\/12\/P1020679-768x768.jpg 768w, https:\/\/icar.cnrs.fr\/membre\/sguillen\/wp-content\/uploads\/sites\/27\/2018\/12\/P1020679-1024x1024.jpg 1024w\" sizes=\"auto, (max-width: 260px) 100vw, 260px\" \/><\/strong><\/h2>\n<p><em><span class=\"Style3\">Docteur\u00a0<\/span><\/em><em><span class=\"Style3\">en sciences du langage et s\u00e9miotique de l&rsquo;Universit\u00e9 Lumi\u00e8re Lyon 2<br \/>\n<\/span><\/em><\/p>\n<p><em>Enseignant contractuel en sciences du langage et s\u00e9miotique \u00e0 l&rsquo;Universit\u00e9 Lumi\u00e8re Lyon 2<\/em><\/p>\n<p><em>M\u00e8ls :<a href=\"mailto:santiago.guillen@ens-lyon.fr\"><br \/>\n<\/a><a href=\"mailto:santiago.guillen@univ-lyon2.fr\">s<\/a><a href=\"mailto:s.guillen@univ-lyon2.fr\">.guillen@univ-lyon2.fr<\/a><br \/>\n<\/em><em><a href=\"mailto:santiago.guillen@ens-lyon.fr\">santiago.guillen@ens-lyon.fr<\/a><\/em><\/p>\n<p><em><strong>Adresse<\/strong><\/em><br \/>\n<em>Laboratoire ICAR<\/em><br \/>\n<em>\u00c9cole Normale Sup\u00e9rieure, Site Descartes<\/em><br \/>\n<em>15, parvis Ren\u00e9 Descartes, BP 7000<\/em><br \/>\n<em>69 342 Lyon Cedex 07,<\/em><br \/>\n<em>bureau D4.164<\/em><\/p>\n<p><em><strong>Contact<\/strong><\/em><br \/>\n<em>04 37 37 66 31<\/em><\/p>\n<p><em><strong>Langues parl\u00e9es:<\/strong><\/em><br \/>\n<em>fran\u00e7ais, anglais, espagnol et portugais<br \/>\n<\/em><em><span style=\"color: #808080;\"><strong>langues en cours d&rsquo;apprentissage : <\/strong><\/span><br \/>\nallemand, italien et grec ancien<br \/>\n<\/em><\/p>\n<\/div>\n<p><em><strong>\ud83c\uddec\ud83c\udde7 Short personal presentation<\/strong> : <\/em><\/p>\n<p>I hold a PhD in Language Sciences and Semiotics from Universit\u00e9 Lumi\u00e8re Lyon 2. Since 2024, I have been a fixed-term lecturer in Language Sciences and Semiotics at the LESLA Faculty (Letters, Languages, Linguistics and Arts) of Universit\u00e9 Lumi\u00e8re Lyon 2. I have been teaching at university level since 2015 and have accumulated more than 1,228 hours of teaching.I have taught, among other subjects, courses in semiotics, pragmatics, discourse analysis, semantics and general linguistics.<\/p>\n<p>My book <em data-start=\"605\" data-end=\"626\">S\u00e9miotique du mythe<\/em> was published in 2026 by Classiques Garnier in the \u201cS\u00e9miotiques\u201d series, edited by Astrid Guillaume, Senior Lecturer with HDR at Sorbonne University (<a class=\"decorated-link\" href=\"https:\/\/dx.doi.org\/10.48611\/isbn.978-2-406-18801-8\" target=\"_new\" rel=\"noopener\" data-start=\"777\" data-end=\"827\">https:\/\/dx.doi.org\/10.48611\/isbn.978-2-406-18801-8<\/a>).<\/p>\n<p data-start=\"838\" data-end=\"1187\">I co-organise, together with Fran\u00e7ois Rastier (CNRS), the international interdisciplinary seminar <em data-start=\"936\" data-end=\"955\">La Reconstruction<\/em>. I was a member of the editorial board of the international scientific journal <em data-start=\"1035\" data-end=\"1076\">Les Cahiers de S\u00e9miotiques des Cultures<\/em> between 2023 and 2025.<\/p>\n<p data-start=\"1194\" data-end=\"1611\">I am multilingual: I speak French, English, Spanish and Portuguese, and I am currently learning German, Italian and Ancient Greek. I am the author of conference papers in English, French and Spanish presented at international conferences and congresses. I have taught courses in Language Sciences and Semiotics in English at university level, and I was admitted in 2015 to the prestigious University College London.<\/p>\n<p data-start=\"1618\" data-end=\"1918\">I also served as a Spanish language tutor within the international MINERVE programme, which brings together the following universities: Universit\u00e9 Lumi\u00e8re Lyon 2 (France), Goethe Universit\u00e4t Frankfurt am Main (Germany), Universitat de Barcelona (Spain), and Universit\u00e0 degli Studi di Bergamo (Italy).<\/p>\n<p><strong>\ud83c\uddeb\ud83c\uddf7 Pr\u00e9sentation<\/strong> <strong>personnelle<\/strong> <strong>synth\u00e9tique<\/strong> :<\/p>\n<p>Je suis docteur en sciences du langage et se\u0301miotique de l\u2019Universite\u0301 Lumie\u0300re Lyon 2. Depuis 2024 je suis enseignant contractuel en sciences du langage et se\u0301miotique \u00e0 la facult\u00e9 LESLA (Lettres, Langues, Linguistique et Arts) de l\u2019Universite\u0301 Lumie\u0300re Lyon 2. Je suis enseignant a\u0300 l\u2019universite\u0301 depuis 2015 et je compte avec plus de 1228 heures d\u2019enseignement. J\u2019ai enseigne\u0301 des cours, entre autres, de : se\u0301miotique, pragmatique, analyse du discours, s\u00e9mantique et linguistique ge\u0301ne\u0301rale.<\/p>\n<p>Mon ouvrage <em>S\u00e9miotique du mythe<\/em> est paru en 2026 chez Classiques Garnier dans la collection \u00ab\u00a0S\u00e9miotiques\u00a0\u00bb dirig\u00e9e par Astrid Guillaume, ma\u00eetre de conf\u00e9rences avec HDR \u00e0 Sorbonne Universit\u00e9 (<a href=\"https:\/\/dx.doi.org\/10.48611\/isbn.978-2-406-18801-8\">https:\/\/dx.doi.org\/10.48611\/isbn.978-2-406-18801-8<\/a>).<\/p>\n<p>Je co-organise, avec Franc\u0327ois Rastier (CNRS) le se\u0301minaire international interdisciplinaire La Reconstruction. J\u2019ai \u00e9t\u00e9 membre du comit\u00e9 de lecture de la revue scientifique internationale <em>Les Cahiers de S\u00e9miotiques des Cultures<\/em> entre 2023 et 2025.<\/p>\n<p>Je suis polyglotte : je parle franc\u0327ais, anglais, espagnol et portugais et j\u2019apprends l\u2019allemand, l\u2019italien et le grec ancien. Je suis l\u2019auteur de communications en anglais, fran\u00e7ais et\u00a0 espagnol dans des colloques et congre\u0300s internationaux, j\u2019ai assure\u0301 de cours de sciences du langage et se\u0301miotique en langue anglaise a\u0300 l\u2019Universite\u0301, j\u2019ai e\u0301te\u0301 accepte\u0301 en 2015 dans la prestigieuse University College of London.<\/p>\n<p>J\u2019ai e\u0301te\u0301 moniteur en langue espagnole au sein du programme international MINERVE, programme qui regroupe les universite\u0301s : Lumie\u0300re Lyon 2 (France), Goethe Universita\u0308t Frankfurt am Main (Allemagne), Universitat de Barcelona (Espagne) et Universita\u0300 degli stui di Bergamo (Italie).<\/p>\n<p><strong data-start=\"0\" data-end=\"36\" data-is-last-node=\"\" data-is-only-node=\"\">\ud83c\uddea\ud83c\uddf8 Presentaci\u00f3n personal sint\u00e9tica:<\/strong><\/p>\n<p data-start=\"2208\" data-end=\"2540\">Soy doctor en Ciencias del Lenguaje y Semi\u00f3tica de la Universit\u00e9 Lumi\u00e8re Lyon 2. Desde 2024 soy docente contratado en Ciencias del Lenguaje y Semi\u00f3tica en la Facultad LESLA (Letras, Lenguas, Ling\u00fc\u00edstica y Artes) de la Universit\u00e9 Lumi\u00e8re Lyon 2. Imparto docencia universitaria desde 2015 y acumulo m\u00e1s de 1.228 horas de ense\u00f1anza. He impartido, entre otras, asignaturas de semi\u00f3tica, pragm\u00e1tica, an\u00e1lisis del discurso, sem\u00e1ntica y ling\u00fc\u00edstica general.<\/p>\n<p data-start=\"2208\" data-end=\"2540\">Mi libro <em data-start=\"2672\" data-end=\"2693\">S\u00e9miotique du mythe<\/em> fue publicado en 2026 por la editorial Classiques Garnier, en la colecci\u00f3n \u00abS\u00e9miotiques\u00bb, dirigida por Astrid Guillaume, ma\u00eetre de conf\u00e9rences con HDR en Sorbonne Universit\u00e9 (<a class=\"decorated-link\" href=\"https:\/\/dx.doi.org\/10.48611\/isbn.978-2-406-18801-8\" target=\"_new\" rel=\"noopener\" data-start=\"2872\" data-end=\"2922\">https:\/\/dx.doi.org\/10.48611\/isbn.978-2-406-18801-8<\/a>).<\/p>\n<p data-start=\"2928\" data-end=\"3246\">Coorganizo, junto con Fran\u00e7ois Rastier (CNRS), el seminario internacional interdisciplinario <em data-start=\"3021\" data-end=\"3040\">La Reconstruction<\/em>. Fui miembro del comit\u00e9 editorial de la revista cient\u00edfica internacional <em data-start=\"3114\" data-end=\"3155\">Les Cahiers de S\u00e9miotiques des Cultures<\/em> entre 2023 y 2025.<\/p>\n<p data-start=\"3248\" data-end=\"3634\">Soy pol\u00edglota: hablo franc\u00e9s, ingl\u00e9s, espa\u00f1ol y portugu\u00e9s, y actualmente aprendo alem\u00e1n, italiano y griego antiguo. Soy autor de comunicaciones en ingl\u00e9s, franc\u00e9s y espa\u00f1ol presentadas en coloquios y congresos internacionales. He impartido cursos universitarios de Ciencias del Lenguaje y Semi\u00f3tica en lengua inglesa y fui admitido en 2015 en la prestigiosa University College London.<\/p>\n<p data-start=\"3636\" data-end=\"3938\">Tambi\u00e9n fui lector de lengua espa\u00f1ola en el marco del programa internacional MINERVE, programa que re\u00fane a las siguientes universidades: Universit\u00e9 Lumi\u00e8re Lyon 2 (Francia), Goethe Universit\u00e4t Frankfurt am Main (Alemania), Universitat de Barcelona (Espa\u00f1a) y Universit\u00e0 degli Studi di Bergamo (Italia).<\/p>\n<p><em><strong>\ud83c\udde9\ud83c\uddea Synthetische pers\u00f6nliche Vorstellung <\/strong>:<\/em><\/p>\n<p data-start=\"210\" data-end=\"606\">Ich bin Doktor der Sprachwissenschaften und der Semiotik der Universit\u00e9 Lumi\u00e8re Lyon 2. Seit 2024 bin ich als vertraglich besch\u00e4ftigter Dozent f\u00fcr Sprachwissenschaften und Semiotik an der Fakult\u00e4t LESLA (Literatur, Sprachen, Linguistik und K\u00fcnste) der Universit\u00e9 Lumi\u00e8re Lyon 2 t\u00e4tig. Ich unterrichte an der Universit\u00e4t seit 2015 und habe insgesamt mehr als 1.228 Unterrichtsstunden absolviert.Ich habe unter anderem Lehrveranstaltungen in den Bereichen Semiotik, Pragmatik, Diskursanalyse, Semantik und Allgemeine Linguistik gehalten.<\/p>\n<p data-start=\"210\" data-end=\"606\">Mein Buch <em data-start=\"760\" data-end=\"781\">S\u00e9miotique du mythe<\/em> ist 2026 im Verlag Classiques Garnier in der Reihe \u201eS\u00e9miotiques\u201c erschienen, die von Astrid Guillaume, Ma\u00eetre de conf\u00e9rences mit HDR an der Sorbonne Universit\u00e9, herausgegeben wird (<a class=\"decorated-link\" href=\"https:\/\/dx.doi.org\/10.48611\/isbn.978-2-406-18801-8\" target=\"_new\" rel=\"noopener\" data-start=\"963\" data-end=\"1013\">https:\/\/dx.doi.org\/10.48611\/isbn.978-2-406-18801-8<\/a>).<\/p>\n<p data-start=\"1019\" data-end=\"1403\">Gemeinsam mit Fran\u00e7ois Rastier (CNRS) koorganisiere ich das internationale interdisziplin\u00e4re Seminar <em data-start=\"1120\" data-end=\"1139\">La Reconstruction<\/em>. Von 2023 bis 2025 war ich Mitglied des wissenschaftlichen Beirats der internationalen Fachwarnung <em data-start=\"1239\" data-end=\"1280\">Les Cahiers de S\u00e9miotiques des Cultures<\/em>.<\/p>\n<p data-start=\"1405\" data-end=\"1868\">Ich bin polyglott: Ich spreche Franz\u00f6sisch, Englisch, Spanisch und Portugiesisch und lerne derzeit Deutsch, Italienisch und Altgriechisch. Ich bin Autor von Vortr\u00e4gen in englischer, franz\u00f6sischer und spanischer Sprache auf internationalen Tagungen und Kongressen. Dar\u00fcber hinaus habe ich universit\u00e4re Lehrveranstaltungen in Sprachwissenschaften und Semiotik in englischer Sprache gehalten und wurde 2015 an der renommierten University College London angenommen.<\/p>\n<p data-start=\"1870\" data-end=\"2166\">Ich war au\u00dferdem Spanischlektor im internationalen MINERVE-Programm, einem Programm, das folgende Universit\u00e4ten vereint: Universit\u00e9 Lumi\u00e8re Lyon 2 (Frankreich), Goethe-Universit\u00e4t Frankfurt am Main (Deutschland), Universitat de Barcelona (Spanien) und Universit\u00e0 degli Studi di Bergamo (Italien).<\/p>\n","protected":false},"excerpt":{"rendered":"<p>Santiago GUILL\u00c9N ROZO Docteur\u00a0en sciences du langage et s\u00e9miotique de l&rsquo;Universit\u00e9 Lumi\u00e8re Lyon 2 Enseignant contractuel en sciences du langage et s\u00e9miotique \u00e0 l&rsquo;Universit\u00e9 Lumi\u00e8re Lyon 2 M\u00e8ls : s.guillen@univ-lyon2.fr santiago.guillen@ens-lyon.fr Adresse Laboratoire ICAR \u00c9cole Normale Sup\u00e9rieure, Site Descartes 15, &hellip; <a href=\"https:\/\/icar.cnrs.fr\/membre\/sguillen\/\">Continuer la lecture <span class=\"meta-nav\">&rarr;<\/span><\/a><\/p>\n","protected":false},"author":1,"featured_media":0,"parent":0,"menu_order":0,"comment_status":"closed","ping_status":"closed","template":"","meta":{"footnotes":""},"class_list":["post-4","page","type-page","status-publish","hentry"],"_links":{"self":[{"href":"https:\/\/icar.cnrs.fr\/membre\/sguillen\/wp-json\/wp\/v2\/pages\/4","targetHints":{"allow":["GET"]}}],"collection":[{"href":"https:\/\/icar.cnrs.fr\/membre\/sguillen\/wp-json\/wp\/v2\/pages"}],"about":[{"href":"https:\/\/icar.cnrs.fr\/membre\/sguillen\/wp-json\/wp\/v2\/types\/page"}],"author":[{"embeddable":true,"href":"https:\/\/icar.cnrs.fr\/membre\/sguillen\/wp-json\/wp\/v2\/users\/1"}],"replies":[{"embeddable":true,"href":"https:\/\/icar.cnrs.fr\/membre\/sguillen\/wp-json\/wp\/v2\/comments?post=4"}],"version-history":[{"count":90,"href":"https:\/\/icar.cnrs.fr\/membre\/sguillen\/wp-json\/wp\/v2\/pages\/4\/revisions"}],"predecessor-version":[{"id":408,"href":"https:\/\/icar.cnrs.fr\/membre\/sguillen\/wp-json\/wp\/v2\/pages\/4\/revisions\/408"}],"wp:attachment":[{"href":"https:\/\/icar.cnrs.fr\/membre\/sguillen\/wp-json\/wp\/v2\/media?parent=4"}],"curies":[{"name":"wp","href":"https:\/\/api.w.org\/{rel}","templated":true}]}}