{"id":8,"date":"2016-11-02T17:38:51","date_gmt":"2016-11-02T16:38:51","guid":{"rendered":"https:\/\/icar.cnrs.fr\/membre\/tdecharentenay\/?page_id=8"},"modified":"2026-03-10T19:47:49","modified_gmt":"2026-03-10T18:47:49","slug":"publications","status":"publish","type":"page","link":"https:\/\/icar.cnrs.fr\/membre\/tdecharentenay\/publications\/","title":{"rendered":"Publications"},"content":{"rendered":"<h2><strong data-start=\"70\" data-end=\"96\">Article<\/strong><\/h2>\n<p>de Charentenay, Thomas (2026), \u00ab <strong>Se mettre en mouvement et s\u2019orienter dans le paysage. L\u2019hypoth\u00e8se d\u2019un discours programmateur au N\u00e9olithique<\/strong> \u00bb, in : Beyaert-Geslin, Anne, Forthoffer, Camille, dir., Le vivant comme effet de sens, Pessac, Presses universitaires de Bordeaux, collection PrimaLun@ 36, 2026, 225-238, [URL] <a href=\"https:\/\/una-editions.fr\/se-mettre-en-mouvement-et-s-orienter-dans-le-paysage\" target=\"_blank\" rel=\"noopener\">https:\/\/una-editions.fr\/se-mettre-en-mouvement-et-s-orienter-dans-le-paysage\u00a0<\/a><\/p>\n<p>de Charentenay, Thomas (2025). \u00ab <strong>La g\u00e9n\u00e9rativit\u00e9 du sens au sein des syst\u00e8mes de guidage ancr\u00e9s, coupl\u00e9s et distribu\u00e9s<\/strong> : Une m\u00e9thode d\u2019enqu\u00eate s\u00e9miotique sur des cas contemporains et pr\u00e9historiques \u00bb. <strong><em data-start=\"275\" data-end=\"309\">Signata. Annales des s\u00e9miotiques<\/em>, 16<\/strong> : <em data-start=\"316\" data-end=\"407\" data-is-only-node=\"\">S\u00e9miotique de l\u2019espace \u00e0 l\u2019\u00e8re de la logique computationnelle et des pratiques num\u00e9riques<\/em>, Varia. <a class=\"decorated-link\" href=\"https:\/\/doi.org\/10.4000\/14rhj?utm_source=chatgpt.com\" target=\"_new\" rel=\"noopener\" data-start=\"416\" data-end=\"445\">https:\/\/doi.org\/10.4000\/14rhj<\/a><\/p>\n<h2>Posters et Colloques<\/h2>\n<p><strong>Intervention lors du Congr\u00e8s de l&rsquo;Association Fran\u00e7aise de S\u00e9miotique<br \/>\n<\/strong>Dans le cadre du<strong> <a href=\"https:\/\/www.u-bordeaux-montaigne.fr\/fr\/actualites\/recherche\/congres-de-l-association-francaise-de-semiotique-afs-le-vivant-comme-effet-de-sens.html\" target=\"_blank\" rel=\"noopener noreferrer\">congr\u00e8s de l&rsquo;AFS<\/a><\/strong> les 28, 29 et 30 ao\u00fbt 2024 \u00e0 l&rsquo;Universit\u00e9 Bordeaux Montaigne \u00ab\u00a0\u00a0\u00bbLe vivant comme effet de sens\u00a0\u00bb. Actes \u00e0 venir.<br \/>\n<strong>Intervention<\/strong> : comment r\u00e9activer les traces d\u2019un effet de vie dont la m\u00e9moire et la pratique se sont perdues ?<\/p>\n<p><strong>Juin 2024 &#8211; Intervention lors de la<a href=\"https:\/\/www.ens-lyon.fr\/evenement\/recherche\/journee-interex-icar\" target=\"_blank\" rel=\"noopener\"> journ\u00e9e Inter&rsquo;Ex ICAR<\/a><\/strong><br \/>\nInterpr\u00e9ter les pratiques signifiantes du n\u00e9olithique : proposition de plans de pertinence<\/p>\n<p><strong>Mars 2024 &#8211; Colloque Sc\u00e8ne(s) II\u00a0<\/strong><br \/>\n<strong>Intervention<\/strong>\u00a0dans le cadre de la <a href=\"https:\/\/facdeslangues.univ-lyon3.fr\/scenes-le-vocable-acte-ii\" target=\"_blank\" rel=\"noopener noreferrer\"><strong>Journ\u00e9e d&rsquo;Etude Sc\u00e8ne(s)\u00a0<\/strong><\/a>organis\u00e9e le 20 mars 2024 \u00e0 l&rsquo;Universit\u00e9 Jean Moulin Lyon 3. L&rsquo;auteur \u00e9tait membre du comit\u00e9 d&rsquo;organisation de cet \u00e9v\u00e9nement.<br \/>\n<strong>Exposition de posters du 15 mars au 12 avril 2024<br \/>\n<\/strong><strong>Poster<\/strong><span style=\"font-weight: 300\"> de recherche :\u00a0<\/span><a href=\"https:\/\/hal.science\/hal-04599540\" target=\"_blank\" rel=\"noopener noreferrer\">Sc\u00e8ne cartographique au N\u00e9olithique<\/a><a style=\"font-weight: 300\" href=\"https:\/\/univlyon2fr-my.sharepoint.com\/:b:\/g\/personal\/tdecharent_univ-lyon2_fr\/Edla8OIZGcRMl8Cc8O5dU7QBJM1yEeGQ6BMuiOV4qWXJyw?e=tLEMta\" target=\"_blank\" rel=\"noopener noreferrer\">,<\/a>(HAL)<br \/>\n(Expos\u00e9 en mars et avril 2024 \u00e0 l&rsquo;universit\u00e9 Jean Moulin Lyon 3)<br \/>\n<strong>Poster<\/strong> de synth\u00e8se :\u00a0<a href=\"https:\/\/univlyon2fr-my.sharepoint.com\/:b:\/g\/personal\/tdecharent_univ-lyon2_fr\/ESz-756-YKpPmR9pS2e9yicB-Zhyda7dLs7oJ0vJAlr3yA?e=wELFcU\" target=\"_blank\" rel=\"noopener noreferrer\">Sc\u00e8nes au N\u00e9olithiques<\/a>,<br \/>\n(Expos\u00e9 en mars et avril 2024 \u00e0 l&rsquo;universit\u00e9 Jean Moulin Lyon 3, en attente de la Journ\u00e9e d&rsquo;Etudes pour publication HAL)<\/p>\n<p><a href=\"https:\/\/univlyon2fr-my.sharepoint.com\/:b:\/g\/personal\/tdecharent_univ-lyon2_fr\/EbhHQyXGw3pLuKzWZhIafG0BUI-dYdbgV5TvpNGy4mFOMw?e=6iOngo\" target=\"_blank\" rel=\"noopener noreferrer\"><strong>Livret<\/strong> distribu\u00e9 pour accompagner la communication orale<\/a> sur l&rsquo;indexicalit\u00e9 de la sc\u00e8ne N\u00e9olithique, le 20 mars 2024<\/p>\n<p><strong>Mai 2023 &#8211; Colloque \u00ab\u00a0Sc\u00e8ne(s)\u00a0\u00bb<br \/>\nIntervention<\/strong> dans le cadre du <a href=\"https:\/\/www.univ-lyon3.fr\/colloque-vers-une-cartographie-semiotique-du-vocable-scenes\" target=\"_blank\" rel=\"noopener noreferrer\"><strong>colloque\u00a0interdisciplinaire \u201cSC\u00c8NE(S)\u201d<\/strong><\/a> organis\u00e9 les mercredi 10 et jeudi 11 mai 2023 \u00e0 l&rsquo;Universit\u00e9 Jean Moulin Lyon 3. L&rsquo;auteur \u00e9tait membre du comit\u00e9 d&rsquo;organisation de ce colloque.<br \/>\n<strong>Poster<\/strong> de recherche : <a href=\"https:\/\/shs.hal.science\/halshs-04392341\" target=\"_blank\" rel=\"noopener noreferrer\">Sc\u00e8ne p\u00e9dagogique au N\u00e9olithique (lien HAL)<\/a><\/p>\n<p>&#8212;&#8212;&#8211; \/\/ &#8212;&#8212;&#8211;<\/p>\n<h1>Bibliographie synth\u00e9tique<\/h1>\n<p>de Charentenay, Thomas (2026), \u00ab Se mettre en mouvement et s\u2019orienter dans le paysage. L\u2019hypoth\u00e8se d\u2019un discours programmateur au N\u00e9olithique \u00bb, in : Beyaert-Geslin, Anne, Forthoffer, Camille, dir., Le vivant comme effet de sens, Pessac, Presses universitaires de Bordeaux, collection PrimaLun@ 36, 2026, 225-238, [URL] https:\/\/una-editions.fr\/se-mettre-en-mouvement-et-s-orienter-dans-le-paysage<\/p>\n<p>de Charentenay, Thomas (2025), \u00ab La g\u00e9n\u00e9rativit\u00e9 du sens au sein des syst\u00e8mes de guidage ancr\u00e9s, coupl\u00e9s et distribu\u00e9s \u00bb, Signata [En ligne], 16 | 2025<br \/>\nhttp:\/\/journals.openedition.org\/signata\/5779 ; DOI : https:\/\/doi.org\/10.4000\/14rhj<\/p>\n<p>de Charentenay, Thomas (2024), Une \u2018carte topographique\u2019 au n\u00e9olithique ? Vers une cartographie s\u00e9miotique des usages du vocable \u201csc\u00e8ne(s)\u201d, Mars 2024, Lyon (FRANCE), France.<br \/>\n\u27e8hal-04599540\u27e9<\/p>\n<p>de Charentenay, Thomas (2024), Voir certains dispositifs n\u00e9olithiques comme des sc\u00e8nes permet de d\u00e9gager un plan de pertinence et d\u2019initier une enqu\u00eate s\u00e9miotique.. Vers une cartographie s\u00e9miotique du vocable \u00ab\u00a0sc\u00e8ne(s)\u00a0\u00bb, Mars 2024, Lyon, France.<br \/>\n\u27e8hal-04599561\u27e9<\/p>\n<p>de Charentenay, Thomas (2023) Une \u2018sce\u0300ne pe\u0301dagogique\u2019 au ne\u0301olithique ? Proposition de grille de lecture permettant de caracte\u0301riser certains sites ne\u0301olithiques comme des \u201csce\u0300nes\u201d de\u0301die\u0301es au transfert de savoir.. Vers une cartographie s\u00e9miotique du vocable \u00ab\u00a0sc\u00e8ne(s)\u00a0\u00bb, Mai 2023, Lyon, France.<br \/>\n\u27e8halshs-04392341\u27e9<\/p>\n","protected":false},"excerpt":{"rendered":"<p>Article de Charentenay, Thomas (2026), \u00ab Se mettre en mouvement et s\u2019orienter dans le paysage. L\u2019hypoth\u00e8se d\u2019un discours programmateur au N\u00e9olithique \u00bb, in : Beyaert-Geslin, Anne, Forthoffer, Camille, dir., Le vivant comme effet de sens, Pessac, Presses universitaires de Bordeaux, &hellip; <a href=\"https:\/\/icar.cnrs.fr\/membre\/tdecharentenay\/publications\/\">Continuer la lecture <span class=\"meta-nav\">&rarr;<\/span><\/a><\/p>\n","protected":false},"author":1,"featured_media":0,"parent":0,"menu_order":2,"comment_status":"closed","ping_status":"closed","template":"","meta":{"footnotes":""},"class_list":["post-8","page","type-page","status-publish","hentry"],"_links":{"self":[{"href":"https:\/\/icar.cnrs.fr\/membre\/tdecharentenay\/wp-json\/wp\/v2\/pages\/8","targetHints":{"allow":["GET"]}}],"collection":[{"href":"https:\/\/icar.cnrs.fr\/membre\/tdecharentenay\/wp-json\/wp\/v2\/pages"}],"about":[{"href":"https:\/\/icar.cnrs.fr\/membre\/tdecharentenay\/wp-json\/wp\/v2\/types\/page"}],"author":[{"embeddable":true,"href":"https:\/\/icar.cnrs.fr\/membre\/tdecharentenay\/wp-json\/wp\/v2\/users\/1"}],"replies":[{"embeddable":true,"href":"https:\/\/icar.cnrs.fr\/membre\/tdecharentenay\/wp-json\/wp\/v2\/comments?post=8"}],"version-history":[{"count":53,"href":"https:\/\/icar.cnrs.fr\/membre\/tdecharentenay\/wp-json\/wp\/v2\/pages\/8\/revisions"}],"predecessor-version":[{"id":230,"href":"https:\/\/icar.cnrs.fr\/membre\/tdecharentenay\/wp-json\/wp\/v2\/pages\/8\/revisions\/230"}],"wp:attachment":[{"href":"https:\/\/icar.cnrs.fr\/membre\/tdecharentenay\/wp-json\/wp\/v2\/media?parent=8"}],"curies":[{"name":"wp","href":"https:\/\/api.w.org\/{rel}","templated":true}]}}