{"id":10,"date":"2016-11-02T17:39:41","date_gmt":"2016-11-02T16:39:41","guid":{"rendered":"https:\/\/icar.cnrs.fr\/membre\/vmagaud\/?page_id=10"},"modified":"2021-12-20T18:38:35","modified_gmt":"2021-12-20T17:38:35","slug":"enseignements","status":"publish","type":"page","link":"https:\/\/icar.cnrs.fr\/membre\/vmagaud\/enseignements\/","title":{"rendered":"Enseignements"},"content":{"rendered":"<h2 style=\"text-align: left;\" align=\"center\"><strong> Responsabilit\u00e9s p\u00e9dagogiques et administratives \u00e0 l\u2019Universit\u00e9<\/strong><\/h2>\n<ul class=\"academ-publication-list-third\">\n<li class=\"academ-publication-list-third-item\"><strong>2020 &#8211; 2021<\/strong> Communication politique, ESDES, France<\/li>\n<li class=\"academ-publication-list-third-item\"><strong>2019 &#8211; 2021<\/strong> Elaborer un sondage\/ genre journalistique (articlde type enqu\u00eate), UCLy, France<\/li>\n<li class=\"academ-publication-list-third-item\"><strong>2019 &#8211; 2021<\/strong> Genre journalistique (Editorial), UCLy, France<\/li>\n<li class=\"academ-publication-list-third-item\"><strong>2019 &#8211; 2021<\/strong> Identit\u00e9 Europ\u00e9enne, UCLy, France<\/li>\n<li class=\"academ-publication-list-third-item\"><strong>2018 &#8211; 2021<\/strong> FLE, UCLy, France<\/li>\n<li class=\"academ-publication-list-third-item\"><strong>2017 &#8211; 2018<\/strong> Linguistique, Universit\u00e9 Sorbonne Nouvelle &#8211; Paris 3, France<\/li>\n<li class=\"academ-publication-list-third-item\"><strong>2014 &#8211; 2016<\/strong> Analyse du discours, Universit\u00e9 du Zhejiang, Chine (RPC)<\/li>\n<li class=\"academ-publication-list-third-item\"><strong>2014 &#8211; 2016<\/strong> Communication commerciale, Universit\u00e9 du Zhejiang, Chine (RPC)<\/li>\n<li class=\"academ-publication-list-third-item\"><strong>2014 &#8211; 2016<\/strong> Communication interculturelle, Universit\u00e9 du Zhejiang, Chine (RPC)<\/li>\n<li class=\"academ-publication-list-third-item\"><strong>2014 &#8211; 2016<\/strong> DNL \/Histoire de France et changements politiques, Universit\u00e9 du Zhejiang, Chine (RPC)<\/li>\n<li class=\"academ-publication-list-third-item\"><strong>2014 &#8211; 2016<\/strong> Linguistique g\u00e9n\u00e9rale &amp; lexicologie, Universit\u00e9 du Zhejiang, Chine (RPC)<\/li>\n<li class=\"academ-publication-list-third-item\"><strong>2014 &#8211; 2016<\/strong> Pragmatique et \u00e9nonciation, Universit\u00e9 du Zhejiang, Chine (RPC)<\/li>\n<li class=\"academ-publication-list-third-item\"><strong>2014 &#8211; 2016<\/strong> Sociolinguistique, Universit\u00e9 du Zhejiang, Chine (RPC)<\/li>\n<li class=\"academ-publication-list-third-item\"><strong>2014 &#8211; 2016<\/strong> Techniques d&rsquo;\u00e9criture, Universit\u00e9 du Zhejiang, Chine (RPC)<\/li>\n<li class=\"academ-publication-list-third-item\"><strong>2011 &#8211; 2012<\/strong> Didactique du FLE\/ Ingenierie p\u00e9dagogique, Universit\u00e9 d&rsquo;Addis-Abeba, Ethiopie<\/li>\n<li class=\"academ-publication-list-third-item\"><strong>2009 &#8211; 2011<\/strong> Ingenierie p\u00e9dagogique\/Didactique du Fle, Universit\u00e9 de Birzeit, Autres pays<\/li>\n<li class=\"academ-publication-list-third-item\"><strong>2009 &#8211; 2011<\/strong> Linguistique, Universit\u00e9 de Birzeit, Autres pays<\/li>\n<li class=\"academ-publication-list-third-item\"><strong>2009 &#8211; 2011<\/strong> Litt\u00e9ratures francophones, Universit\u00e9 de Birzeit, Autres pays<\/li>\n<li class=\"academ-publication-list-third-item\"><strong>2002 &#8211; 2009<\/strong> Ingenierie p\u00e9dagogique &amp; p\u00e9dagogie de la culture et de l&rsquo;interculturel, Universit\u00e9 de Toulon, France<\/li>\n<li class=\"academ-publication-list-third-item\"><strong>1999 &#8211; 2000<\/strong> Argumentation &amp; pragmatique, Universit\u00e9 Nice Sophia Antipolis, France<\/li>\n<li class=\"academ-publication-list-third-item\"><strong>1997 &#8211; 1998<\/strong> Ingenierie p\u00e9dagogique, Aix-Marseille Universit\u00e9, France<\/li>\n<\/ul>\n","protected":false},"excerpt":{"rendered":"<p>Responsabilit\u00e9s p\u00e9dagogiques et administratives \u00e0 l\u2019Universit\u00e9 2020 &#8211; 2021 Communication politique, ESDES, France 2019 &#8211; 2021 Elaborer un sondage\/ genre journalistique (articlde type enqu\u00eate), UCLy, France 2019 &#8211; 2021 Genre journalistique (Editorial), UCLy, France 2019 &#8211; 2021 Identit\u00e9 Europ\u00e9enne, UCLy, &hellip; <a href=\"https:\/\/icar.cnrs.fr\/membre\/vmagaud\/enseignements\/\">Continuer la lecture <span class=\"meta-nav\">&rarr;<\/span><\/a><\/p>\n","protected":false},"author":1,"featured_media":0,"parent":0,"menu_order":3,"comment_status":"closed","ping_status":"closed","template":"","meta":{"footnotes":""},"class_list":["post-10","page","type-page","status-publish","hentry"],"_links":{"self":[{"href":"https:\/\/icar.cnrs.fr\/membre\/vmagaud\/wp-json\/wp\/v2\/pages\/10","targetHints":{"allow":["GET"]}}],"collection":[{"href":"https:\/\/icar.cnrs.fr\/membre\/vmagaud\/wp-json\/wp\/v2\/pages"}],"about":[{"href":"https:\/\/icar.cnrs.fr\/membre\/vmagaud\/wp-json\/wp\/v2\/types\/page"}],"author":[{"embeddable":true,"href":"https:\/\/icar.cnrs.fr\/membre\/vmagaud\/wp-json\/wp\/v2\/users\/1"}],"replies":[{"embeddable":true,"href":"https:\/\/icar.cnrs.fr\/membre\/vmagaud\/wp-json\/wp\/v2\/comments?post=10"}],"version-history":[{"count":42,"href":"https:\/\/icar.cnrs.fr\/membre\/vmagaud\/wp-json\/wp\/v2\/pages\/10\/revisions"}],"predecessor-version":[{"id":507,"href":"https:\/\/icar.cnrs.fr\/membre\/vmagaud\/wp-json\/wp\/v2\/pages\/10\/revisions\/507"}],"wp:attachment":[{"href":"https:\/\/icar.cnrs.fr\/membre\/vmagaud\/wp-json\/wp\/v2\/media?parent=10"}],"curies":[{"name":"wp","href":"https:\/\/api.w.org\/{rel}","templated":true}]}}