{"id":8,"date":"2016-11-02T17:38:51","date_gmt":"2016-11-02T16:38:51","guid":{"rendered":"https:\/\/icar.cnrs.fr\/membre\/vmagaud\/?page_id=8"},"modified":"2021-12-20T18:44:22","modified_gmt":"2021-12-20T17:44:22","slug":"publications","status":"publish","type":"page","link":"https:\/\/icar.cnrs.fr\/membre\/vmagaud\/publications\/","title":{"rendered":"Publications"},"content":{"rendered":"<h2>Publications<\/h2>\n<h3><strong>Chapitres<\/strong><\/h3>\n<ul class=\"academ-publication-list-second\">\n<li class=\"academ-publication-list-second-item\"><span style=\"color: #114b5a;\">Chapitres d&rsquo;ouvrages<\/span>\n<ul class=\"academ-publication-list-third\">\n<li class=\"academ-publication-list-third-item\">Magaud, V\u00e9ronique. <i>Dynamique des alt\u00e9rit\u00e9s au contact d&rsquo;\u00e9v\u00e9nements sid\u00e9rants: l&rsquo;Autre au prisme des imaginaires<\/i>. <i>In :<\/i> A. Mostfa (dir.), Discours et strat\u00e9gies d&rsquo;alt\u00e9rit\u00e9: Regards et analyses crois\u00e9s, L\u2019Harmattan, Paris, France, 2021, pp. 161-182.<\/li>\n<li class=\"academ-publication-list-third-item\">Magaud, V\u00e9ronique. <i>Les dimensions politiques de la litt\u00e9rature et enjeux de son enseignement dans les \u00e9tudes fran\u00e7aises hors espace francophone<\/i>. <i>In :<\/i> R. Mbassi-Ateba (\u00e9d.), Litt\u00e9rature et enseignement. Pratiques francophones et francophiles, Ed. Karthala, Paris, France, 2019, pp. 79-98.<\/li>\n<li class=\"academ-publication-list-third-item\">Magaud, V\u00e9ronique. <i>Les agressions \u00e0 Cologne au prisme de doxa\u00ef: construction et naturalisation des identit\u00e9s<\/i>. <i>In :<\/i> F. Sullet-Nylander, M. Bernal, C. Premat, M. Roitman (ed), Political discourses at the Extremes. Expressions of populism in the Romance speaking countries, Stockholm University Press, Stockholm, Su\u00e8de, 2019, pp. 261-278.<\/li>\n<li class=\"academ-publication-list-third-item\">Magaud, V\u00e9ronique. <i>Campagne des primaires et des pr\u00e9sidentielles: communication &amp; imaginaires politiques<\/i>. <i>In :<\/i> Philippe J. Maarek et Arnaud Mercier (dir.), 2017, la pr\u00e9sidentielle chamboule-tout. La communication politique au prisme du \u00ab\u00a0d\u00e9gagisme\u00a0\u00bb, coll. Communication et civilisation, L\u2019Harmattan, Paris, France, 2018, pp. 67-87.<\/li>\n<li class=\"academ-publication-list-third-item\">Magaud, V\u00e9ronique. <i>Positionnement et genre discursif: le cas du discours de campagne pr\u00e9sidentielle<\/i>. <i>In :<\/i> J. Fidel Corcuera et al. (coord.), Les discours politiques. Regards crois\u00e9s, L\u2019Harmattan, Paris, France, 2017, pp. 483-495.<\/li>\n<li class=\"academ-publication-list-third-item\">Magaud, V\u00e9ronique. <i>R\u00f4le discursif et argumentatif d&rsquo;une lexie d&rsquo;affect et de ses entours dans le discours journalistiques<\/i>. <i>In :<\/i> P. Blumenthal, I. Novakova, D. Siepmann (eds.), Les \u00e9motions dans le discours \/ Emotions in Discourse, Peter Lang, Allemagne, 2014, pp. 211-221.<\/li>\n<\/ul>\n<\/li>\n<li class=\"academ-publication-list-second-item\"><span style=\"color: #114b5a;\">Chapitres dans des actes de colloques \/ conf\u00e9rences \/ s\u00e9minaires \/ congr\u00e8s<\/span>\n<ul class=\"academ-publication-list-third\">\n<li class=\"academ-publication-list-third-item\">Magaud, V\u00e9ronique. <i>Enseignement et repositionnement de la litt\u00e9rature en fran\u00e7ais hors espace francophone<\/i>. <i>In :<\/i> L. Vestraete-Hansen et M. Anders Baggesgaard (dir.), \u00c9crire le monde en langue fran\u00e7aise, Presses Universitaires de Vincennes &#8211; PUV, Paris, France, 2017, pp. 101-115.<\/li>\n<li class=\"academ-publication-list-third-item\">Magaud, V\u00e9ronique. <i>L&rsquo;implicite au service du discours politique. Le cas de la syllepse oratoire et de ses potentialit\u00e9s argumentatives<\/i>. <i>In :<\/i> S. Anquetil, J. Elie-Deschamps et C. Lefebvre-Scodeller (dir.), Autour des formes implicies, Presses Universitaires de Rennes, France, 2017, pp. 113-123.<\/li>\n<li class=\"academ-publication-list-third-item\">Magaud, V\u00e9ronique. <i>Petit parcours d&rsquo;une lexie d&rsquo;affect dans la presse et sa citation pol\u00e9mique<\/i>. <i>In :<\/i> A. Jaubert, J.-M. Lopez Munoz, S. Marnette, L. Rosier, C. Stolz (dir.), Citer pour quoi faire? Pramatique de la citation, L\u2019Harmattan, Paris, France, 2011, pp. 257-270.<\/li>\n<li class=\"academ-publication-list-third-item\">Magaud, V\u00e9ronique. <i>The political rhetoric of the French presidential campaign<\/i>. <i>In :<\/i> \u00c1lvarez Benito, G., G. Fern\u00e1ndez D\u00edaz, I. \u00cd\u00f1igo Mora (eds.) Proceedings of the First International Conference on Political Discourse Strategies, Mergablum, S\u00e9ville, Espagne, 2009, pp. 123-136.<\/li>\n<li class=\"academ-publication-list-third-item\">Magaud, V\u00e9ronique. <i>Structuration des consultations radiophoniques et cr\u00e9ation de vulgates<\/i>. <i>In :<\/i> Mathias Broth, Mats Fors-gren, Coco Nor\u00e9n and Fran\u00e7oise Sullet-Nylander (eds.), Le fran\u00e7ais parl\u00e9 des m\u00e9dias, Stockholm University Press, Stockholm, Su\u00e8de, 2007, pp. 477-488.<\/li>\n<\/ul>\n<\/li>\n<\/ul>\n<h3><strong>Articles<\/strong><\/h3>\n<ul class=\"academ-publication-list-second\">\n<li class=\"academ-publication-list-second-item\"><span style=\"color: #114b5a;\">Articles dans des revues \u00e0 comit\u00e9 de lecture<\/span>\n<ul class=\"academ-publication-list-third\">\n<li class=\"academ-publication-list-third-item\">Magaud, V\u00e9ronique. <i>Imaginaires de l&rsquo;identit\u00e9 collective au prisme d&rsquo;\u00e9v\u00e8nements sid\u00e9rants<\/i>. Echinox Journal, Cluj-Napoca, Roumanie, 2021, vol. 1, pp. 129-144. 10.24193\/cechinox.2021.40.10 \u00a0<a title=\"Magaud, V\u00e9ronique. Imaginaires de l'identit\u00e9 collective au prisme d'\u00e9v\u00e8nements sid\u00e9rants. Echinox Journal, Cluj-Napoca, Roumanie, 2021, vol. 1, pp. 129-144. 10.24193\/cechinox.2021.40.10\" href=\"https:\/\/doi.org\/10.24193\/cechinox.2021.40.10\">[+]<\/a><\/li>\n<li class=\"academ-publication-list-third-item\">Magaud, V\u00e9ronique. <i>Imaginaires de l&rsquo;identit\u00e9 collective au prisme d&rsquo;\u00e9v\u00e9nements sid\u00e9rants<\/i>. Echinox Journal, Cluj-Napoca, Roumanie, 2021, vol. 40, pp. 129-144.<\/li>\n<li class=\"academ-publication-list-third-item\">Magaud, V\u00e9ronique. <i>Les agressions \u00e0 Cologne au prisme des discours politiques identitaires<\/i> [en ligne]. Studii de Lingvistica, Roumanie, 2018, vol. 8, pp. 119-136.<\/li>\n<li class=\"academ-publication-list-third-item\">Magaud, V\u00e9ronique. <i>Syllepse et genre discursif: le discours de campagne pr\u00e9sidentielle<\/i>. Le Discours et la Langue, Revue de linguistique fran\u00e7aise et d&rsquo;analyse du discours, Belgique, 2013, no. 4.2, pp. 161-171.<\/li>\n<\/ul>\n<\/li>\n<\/ul>\n<ul class=\"academ-publication-list\">\n<li class=\"academ-publication-list-item\"><span style=\"color: #114b5a;\">Communications (colloques, s\u00e9minaires, journ\u00e9es d&rsquo;\u00e9tude)<\/span>\n<ul class=\"academ-publication-list-third\">\n<li class=\"academ-publication-list-third-item\">Magaud, V\u00e9ronique. <i>Les discours politiques identitaires face aux agressions \u00e0 Cologne<\/i>. <i>In :<\/i> Colloque international \u00ab\u00a0Les discours politiques identaitaires face aux migrations\u00a0\u00bb, 20-21 octobre, Universit\u00e9 Paul Val\u00e9ry, Montpellier, France, 2017.<\/li>\n<li class=\"academ-publication-list-third-item\">Magaud, V\u00e9ronique. <i>Etude compar\u00e9e des clips des primaires et des pr\u00e9sidentielles de 2017: postionnements et communication<\/i>. <i>In :<\/i> Colloque international \u00ab\u00a0L&rsquo;\u00e9lection pr\u00e9sidentielle de 2017 et ses primaires: enjeux de communication politique\u00a0\u00bb, 23-24 juin, Institut des Sciences de la Communication (ISCC) &#8211; CNRS \/ Sorbonne Universit\u00e9, Paris, France, 2017.<\/li>\n<li class=\"academ-publication-list-third-item\">Magaud, V\u00e9ronique. <i>Les agressions \u00e0 Cologne : enjeux politiques et identaires dans le traitement de l&rsquo;\u00e9v\u00e9nement<\/i>. <i>In :<\/i> Colloque international \u00ab\u00a0Political discourse at the extremes in the romance speaking countries\u00a0\u00bb, 20-21 octobre, Universit\u00e9 de Stockholm, Groupe de recherche ROMPOL, Stockholm, Su\u00e8de, 2016.<\/li>\n<li class=\"academ-publication-list-third-item\">Magaud, V\u00e9ronique. <i>Positionnement et genre discursif: le cas du discours de camapgne pr\u00e9sidentiel<\/i>. <i>In :<\/i> XIe Congr\u00e8s international de linguistique fran\u00e7aise \u00ab\u00a0Le discours et les discours politiques\u00a0\u00bb, 4-6 novembre, Universit\u00e9 de Zaragoza, Zaragoza, Espagne, 2015.<\/li>\n<li class=\"academ-publication-list-third-item\">Magaud, V\u00e9ronique. <i>Enseignement de la litt\u00e9rature: tarnsculturalit\u00e9 et perspective socio-anthropologique<\/i>. <i>In :<\/i> Colloque bilingue, The World in French, Francophone literatures in a globalized world, 13-15 janvier, Aarhus university, Aarhus, Danemark, 2014.<\/li>\n<li class=\"academ-publication-list-third-item\">Magaud, V\u00e9ronique. <i>R\u00f4les textuels d&rsquo;une lexie d&rsquo;affect dans la presse fran\u00e7aise<\/i>. <i>In :<\/i> Colloque international \u00ab\u00a0Nouvelles perspectives en s\u00e9mantique lexical et en organisation du discours\u00a0\u00bb, 6-8 f\u00e9vrier, Osnabruck University, Universit\u00e9 Stendhal Grenoble III, Osnabruck, Allemagne, 2013.<\/li>\n<\/ul>\n<\/li>\n<\/ul>\n<h3><strong>Vulgarisation &amp; diffusion de la recherche<\/strong><\/h3>\n<ul class=\"academ-publication-list-third\">\n<li class=\"academ-publication-list-third-item\">Pr\u00e9sidente de session\/Mod\u00e9ratrice de la Journ\u00e9e d&rsquo;\u00e9tudes \u00ab\u00a0Discours et strat\u00e9gies de l&rsquo;alt\u00e9rit\u00e9 et de l&rsquo;interculturalit\u00e9\u00a0\u00bb, UCLy, France, 2019<\/li>\n<li class=\"academ-publication-list-third-item\">Pr\u00e9sidente de session- Mod\u00e9ratrice de la conf\u00e9rence \u00ab\u00a0Political discourse &amp; multidisciplinary approaches\u00a0\u00bb, University College de Londres &#8211; UCL, Royaume Uni, 2015<\/li>\n<li class=\"academ-publication-list-third-item\">R\u00e9pondante au colloque Pol\u00e9miques journalistiques et m\u00e9diatiques, Universit\u00e9 de Tel Aviv, Isra\u00ebl, 2010<\/li>\n<\/ul>\n<p>&nbsp;<\/p>\n<p>&nbsp;<\/p>\n","protected":false},"excerpt":{"rendered":"<p>Publications Chapitres Chapitres d&rsquo;ouvrages Magaud, V\u00e9ronique. Dynamique des alt\u00e9rit\u00e9s au contact d&rsquo;\u00e9v\u00e9nements sid\u00e9rants: l&rsquo;Autre au prisme des imaginaires. In : A. Mostfa (dir.), Discours et strat\u00e9gies d&rsquo;alt\u00e9rit\u00e9: Regards et analyses crois\u00e9s, L\u2019Harmattan, Paris, France, 2021, pp. 161-182. Magaud, V\u00e9ronique. Les &hellip; <a href=\"https:\/\/icar.cnrs.fr\/membre\/vmagaud\/publications\/\">Continuer la lecture <span class=\"meta-nav\">&rarr;<\/span><\/a><\/p>\n","protected":false},"author":1,"featured_media":0,"parent":0,"menu_order":2,"comment_status":"closed","ping_status":"closed","template":"","meta":{"footnotes":""},"class_list":["post-8","page","type-page","status-publish","hentry"],"_links":{"self":[{"href":"https:\/\/icar.cnrs.fr\/membre\/vmagaud\/wp-json\/wp\/v2\/pages\/8","targetHints":{"allow":["GET"]}}],"collection":[{"href":"https:\/\/icar.cnrs.fr\/membre\/vmagaud\/wp-json\/wp\/v2\/pages"}],"about":[{"href":"https:\/\/icar.cnrs.fr\/membre\/vmagaud\/wp-json\/wp\/v2\/types\/page"}],"author":[{"embeddable":true,"href":"https:\/\/icar.cnrs.fr\/membre\/vmagaud\/wp-json\/wp\/v2\/users\/1"}],"replies":[{"embeddable":true,"href":"https:\/\/icar.cnrs.fr\/membre\/vmagaud\/wp-json\/wp\/v2\/comments?post=8"}],"version-history":[{"count":40,"href":"https:\/\/icar.cnrs.fr\/membre\/vmagaud\/wp-json\/wp\/v2\/pages\/8\/revisions"}],"predecessor-version":[{"id":509,"href":"https:\/\/icar.cnrs.fr\/membre\/vmagaud\/wp-json\/wp\/v2\/pages\/8\/revisions\/509"}],"wp:attachment":[{"href":"https:\/\/icar.cnrs.fr\/membre\/vmagaud\/wp-json\/wp\/v2\/media?parent=8"}],"curies":[{"name":"wp","href":"https:\/\/api.w.org\/{rel}","templated":true}]}}