{"id":206,"date":"2017-08-16T17:33:40","date_gmt":"2017-08-16T15:33:40","guid":{"rendered":"https:\/\/icar.cnrs.fr\/membre\/vriviere\/?page_id=206"},"modified":"2025-07-09T18:30:47","modified_gmt":"2025-07-09T16:30:47","slug":"autres-activites","status":"publish","type":"page","link":"https:\/\/icar.cnrs.fr\/membre\/vriviere\/autres-activites\/","title":{"rendered":"Activit\u00e9s scientifiques"},"content":{"rendered":"<h1><strong>Activit\u00e9 \u00e9ditoriale et comit\u00e9 de lectures<\/strong><\/h1>\n<hr \/>\n<ul>\n<li>Membre du comit\u00e9 de lecture de la revue <a href=\"https:\/\/www.fdlm.org\/supplements\/recherches-et-applications\/\"><em>Recherches et Applications du Fran\u00e7ais dans le monde<\/em><\/a><\/li>\n<li>Membre du comit\u00e9 de r\u00e9daction de la revue <a href=\"http:\/\/www.revues.armand-colin.com\/lettres-langue\/francais-aujourdhui\"><em>Le Fran\u00e7ais Aujourd\u2019hui<\/em><\/a>.<\/li>\n<\/ul>\n<h1><strong>Organisation de manifestations scientifiques<\/strong><\/h1>\n<hr \/>\n<ul>\n<li>2022, Organisation de la journ\u00e9e d&rsquo;\u00e9tude Espace-temps, mobilit\u00e9 urbaine et alphab\u00e9tisation des adultes. de l&rsquo;exp\u00e9rience v\u00e9cue aux pratiques professionnelles. IF\u00e9-ENS de Lyon, 20 juin.<\/li>\n<li>2019, membre du comit\u00e9 d&rsquo;organisation du colloque PRELA <a href=\"https:\/\/prela2019.sciencesconf.org\/\">https:\/\/prela2019.sciencesconf.org\/<\/a><\/li>\n<li>2018, Organisation de la Journ\u00e9e d&rsquo;\u00e9tude ADIS \u00ab\u00a0Implications sociales et \u00e9ducatives des recherches en didactique : quelles formes de circulations entre recherche et intervention ?\u00a0\u00bb, ENS Lyon, 22 juin 2018<\/li>\n<li>2016, Membre du comit\u00e9 d\u2019organisation du colloque international de la SFR OPEEN&amp; ReForm \u00ab\u00a0Observer pour former\u00a0\u00bb, Nantes, juin 2016<\/li>\n<li>2016, Organisation d\u2019un symposium <em>Observer l\u2019activit\u00e9 multimodale en situations \u00e9ducatives\u00a0: circulations entre recherche et formation<\/em>, colloque international de la SFR OPEEN&amp; ReForm \u00ab\u00a0Observer pour former\u00a0\u00bb, Nantes.<\/li>\n<li>2010, Organisation du colloque <em>Sp\u00e9cificit\u00e9s et diversit\u00e9 des interactions didactiques\u00a0: disciplines, finalit\u00e9s, contextes<\/em>, Lyon, universit\u00e9 Lyon 2\/ICAR\/CNRS\/INRP, juin 2010<\/li>\n<\/ul>\n<h1><strong>Animation et administration de la recherche<\/strong><\/h1>\n<hr \/>\n<ul>\n<li>Membre du comit\u00e9 scientifique du Groupement de recherche VISA (VId\u00e9o de SItuations d&rsquo;Enseignement et d&rsquo;Apprentissage), <a href=\"https:\/\/visa.ens-lyon.fr\">https:\/\/visa.ens-lyon.fr<\/a><\/li>\n<li>2019-2023, \u00e9lue au Conseil de laboratoire de l\u2019UMR ICAR.<\/li>\n<li>Depuis avril 2018, animation d\u2019un s\u00e9minaire <em>MILAFI<\/em> (<em>MIgrations &amp; Langues\u00a0: Accueil, Formation, Insertion<\/em>) ouvert aux chercheurs et aux professionnels.Financement par le Labex ASLAN. Toutes les 7 ou 8 <a href=\"https:\/\/milafi.sciencesconf.org\/\">semaines.https:\/\/milafi.sciencesconf.org\/<\/a><\/li>\n<li>Membre du comit\u00e9 scientifique de la Structure F\u00e9d\u00e9rative de Recherche <a href=\"http:\/\/www.opeenreform.univ-nantes.fr\/\">OPEEN &amp; ReForm <\/a>(Observation des Pratiques \u00c9ducatives et Enseignantes. De la Recherche \u00e0 la Formation).<\/li>\n<li>Membre du comit\u00e9 scientifique du colloque international <em>ICODOC<\/em>, Colloque Jeunes chercheurs d\u2019ICAR, ENS Lyon.<\/li>\n<li>2015, Membre du comit\u00e9 scientifique du colloque international de l\u2019ACEDLE \u00ab\u00a0Interagir pour apprendre les langues aujourd\u2019hui\u00a0\u00bb, Lyon<\/li>\n<\/ul>\n","protected":false},"excerpt":{"rendered":"<p>Activit\u00e9 \u00e9ditoriale et comit\u00e9 de lectures Membre du comit\u00e9 de lecture de la revue Recherches et Applications du Fran\u00e7ais dans le monde Membre du comit\u00e9 de r\u00e9daction de la revue Le Fran\u00e7ais Aujourd\u2019hui. Organisation de manifestations scientifiques 2022, Organisation de &hellip; <a href=\"https:\/\/icar.cnrs.fr\/membre\/vriviere\/autres-activites\/\">Continuer la lecture <span class=\"meta-nav\">&rarr;<\/span><\/a><\/p>\n","protected":false},"author":66,"featured_media":0,"parent":0,"menu_order":0,"comment_status":"closed","ping_status":"closed","template":"","meta":{"footnotes":""},"class_list":["post-206","page","type-page","status-publish","hentry"],"_links":{"self":[{"href":"https:\/\/icar.cnrs.fr\/membre\/vriviere\/wp-json\/wp\/v2\/pages\/206","targetHints":{"allow":["GET"]}}],"collection":[{"href":"https:\/\/icar.cnrs.fr\/membre\/vriviere\/wp-json\/wp\/v2\/pages"}],"about":[{"href":"https:\/\/icar.cnrs.fr\/membre\/vriviere\/wp-json\/wp\/v2\/types\/page"}],"author":[{"embeddable":true,"href":"https:\/\/icar.cnrs.fr\/membre\/vriviere\/wp-json\/wp\/v2\/users\/66"}],"replies":[{"embeddable":true,"href":"https:\/\/icar.cnrs.fr\/membre\/vriviere\/wp-json\/wp\/v2\/comments?post=206"}],"version-history":[{"count":16,"href":"https:\/\/icar.cnrs.fr\/membre\/vriviere\/wp-json\/wp\/v2\/pages\/206\/revisions"}],"predecessor-version":[{"id":365,"href":"https:\/\/icar.cnrs.fr\/membre\/vriviere\/wp-json\/wp\/v2\/pages\/206\/revisions\/365"}],"wp:attachment":[{"href":"https:\/\/icar.cnrs.fr\/membre\/vriviere\/wp-json\/wp\/v2\/media?parent=206"}],"curies":[{"name":"wp","href":"https:\/\/api.w.org\/{rel}","templated":true}]}}